{"id":720,"date":"2026-01-10T16:02:18","date_gmt":"2026-01-10T16:02:18","guid":{"rendered":"https:\/\/mercigracias.ch\/?page_id=720"},"modified":"2026-06-14T21:32:05","modified_gmt":"2026-06-14T21:32:05","slug":"720-2","status":"publish","type":"page","link":"https:\/\/mercigracias.ch\/?page_id=720","title":{"rendered":"La plaque de chocolat"},"content":{"rendered":"\n<p class=\"wp-block-paragraph\">&lt;Enregistr\u00e9 le 22 Juin 2014&gt;<\/p>\n\n\n\n<p class=\"wp-block-paragraph\">Finalement, j&rsquo;\u00e9tais totalement r\u00e9sign\u00e9e quand je voyais ma s\u0153ur qui voulait son chocolat et mon fr\u00e8re son paquet de biscuits&#8230;<\/p>\n\n\n\n<p class=\"wp-block-paragraph\">J&rsquo;avais eu tellement l&rsquo;habitude de voir manger les enfants de la boulangerie, des glaces, des g\u00e2teaux, et qu&rsquo;ils les mangeaient \u00e0 c\u00f4t\u00e9 de toi, sans te demander si tu en voulais&#8230;<br>Finalement tu en avais forc\u00e9ment envie mais que&#8230; et bien tu n&rsquo;avais rien.<\/p>\n\n\n\n<p class=\"wp-block-paragraph\">Alors quand je recevais une plaque de chocolat d&rsquo;un client, en r\u00e9compense ou par gentillesse, alors \u00e7a c&rsquo;\u00e9tait s\u00fbr&#8230; J&rsquo;avais compris !<\/p>\n\n\n\n<p class=\"wp-block-paragraph\">Je la mettais dans ma culotte, et je me disais :<\/p>\n\n\n\n<p class=\"wp-block-paragraph\">&#8211; Je ne vous demande rien du tout, hein&#8230; <br>Mais celle l\u00e0, elle est \u00e0 moi ! Je l&rsquo;ai re\u00e7ue, et l\u00e0 vous pouvez toujours courir&#8230;<\/p>\n\n\n\n<p class=\"wp-block-paragraph\">J&rsquo;avais vu, une fois ma plaque de chocolat on me l&rsquo;a ramass\u00e9e et puis on l&rsquo;a remise pour la vente&#8230; Alors \u00e7a ne va pas se passer deux fois, hein !<br>Je me suis dit : <br>&#8211; Ah ben dit donc, cette fois ci, tu peux courir&#8230; !<\/p>\n\n\n\n<p class=\"wp-block-paragraph\">Mais par contre je ne demandais rien \u00e0 personne, parce que ce n&rsquo;\u00e9tait pas la peine. M\u00eame apr\u00e8s je ne demandais pas \u00e0 Maman.<\/p>\n\n\n\n<p class=\"wp-block-paragraph\">Ma s\u0153ur, elle a toujours demand\u00e9 : <br>&#8211; Ben dis donc&#8230; Tu me donnes de l&rsquo;argent pour aller ici, ou pour l&rsquo;abonnement !<\/p>\n\n\n\n<p class=\"wp-block-paragraph\">Moi, je suis all\u00e9e travailler et je me suis dit : <br>&#8211; D\u00e9brouille toi, toi-m\u00eame. <br>Parce que quand je demandais, on me disait non&#8230;<\/p>\n\n\n\n<p class=\"wp-block-paragraph\">Si ma s\u0153ur exigeait, elle avait&#8230; <\/p>\n\n\n\n<p class=\"wp-block-paragraph\">C&rsquo;\u00e9tait pareil que le \u00abJe veux\u00a0\u00bb&#8230; Elle exigeait que Maman assume, et Moi, j&rsquo;\u00e9tais r\u00e9sign\u00e9e. Je savais qu&rsquo;on ne me consid\u00e9rait pas vraiment dans le m\u00eame groupe&#8230;<\/p>\n\n\n\n<p class=\"wp-block-paragraph\">Mon droit \u00e0 l&rsquo;existence \u00e9tait faible. Pas le droit&#8230; Je savais que de toute fa\u00e7on je n&rsquo;aurais rien eu, et j&rsquo;avais compris que si je voulais avoir, c&rsquo;\u00e9tait par mon propre chemin&#8230;<\/p>\n\n\n\n<p class=\"wp-block-paragraph\">Chez toi, tes parents vous corrigeaient en disant\u00a0: <br>&#8211; On ne dit pas je veux, mais nous voulons, que c&rsquo;est le Roi qui dit \u00abJe veux&#8230;\u00a0\u00bb. Chez vous, on vous corrigeait sur la mani\u00e8re de parler, on vous faisait \u00ab\u00a0demander\u00a0\u00bb et pas exiger, on vous faisait comprendre qu&rsquo;il y avait une autorit\u00e9 d\u00e9cidante, et que ce que vous aviez, c&rsquo;\u00e9tait octroy\u00e9 sur demande et que ce n&rsquo;\u00e9tait pas s\u00fbr d&rsquo;avoir&#8230; <br>C&rsquo;\u00e9tait eux qui jugeaient si la requ\u00eate \u00e9tait fond\u00e9e ou pas et s&rsquo;ils \u00e9taient en mesure de r\u00e9pondre \u00e0 la demande, si vous le m\u00e9ritiez&#8230; et pour instaurer une d\u00e9pendance.<br>C&rsquo;\u00e9tait pour dire : <br>&#8211; Toi t&rsquo;es l&rsquo;enfant, et nous, nous sommes tes parents. Voil\u00e0 !<\/p>\n\n\n\n<p class=\"wp-block-paragraph\">L&rsquo;enfant apprend \u00e0 g\u00e9rer ses frustrations et ses envies&#8230;<br>Alors que l\u00e0, l&rsquo;enfant ne comprend rien, \u00e0 part qu&rsquo;il faut crier encore plus fort pour avoir&#8230; Pour que sa m\u00e8re s&rsquo;aper\u00e7oive de ses besoins, et je ne parle m\u00eame pas forc\u00e9ment d&rsquo;envies&#8230;<\/p>\n\n\n\n<p class=\"wp-block-paragraph\">Je me souviens d&rsquo;une plaque de chocolat, que j&rsquo;avais mise dans ma culotte, apr\u00e8s un bon moment, elle avait fondue&#8230; Alors j&rsquo;ai tout l\u00e9ch\u00e9 le papier d&rsquo;alu, jusqu&rsquo;au bout et j&rsquo;ai eu presque une crise de foie&#8230;(rire)<\/p>\n\n\n\n<p class=\"wp-block-paragraph\">Mais je n&rsquo;ai rien dit \u00e0 personne !<\/p>\n\n\n\n<p class=\"wp-block-paragraph\"><\/p>\n","protected":false},"excerpt":{"rendered":"<p>&lt;Enregistr\u00e9 le 22 Juin 2014&gt; Finalement, j&rsquo;\u00e9tais totalement r\u00e9sign\u00e9e quand je voyais ma s\u0153ur qui voulait son chocolat et mon fr\u00e8re son paquet de biscuits&#8230; J&rsquo;avais eu tellement l&rsquo;habitude de voir manger les enfants de la boulangerie, des glaces, des g\u00e2teaux, et qu&rsquo;ils les mangeaient \u00e0 c\u00f4t\u00e9 de toi, sans te demander si tu en [&hellip;]<\/p>\n","protected":false},"author":1,"featured_media":0,"parent":0,"menu_order":0,"comment_status":"open","ping_status":"closed","template":"pages-chapitre-04","meta":{"footnotes":""},"class_list":["post-720","page","type-page","status-publish","hentry"],"jetpack_sharing_enabled":true,"_links":{"self":[{"href":"https:\/\/mercigracias.ch\/index.php?rest_route=\/wp\/v2\/pages\/720","targetHints":{"allow":["GET"]}}],"collection":[{"href":"https:\/\/mercigracias.ch\/index.php?rest_route=\/wp\/v2\/pages"}],"about":[{"href":"https:\/\/mercigracias.ch\/index.php?rest_route=\/wp\/v2\/types\/page"}],"author":[{"embeddable":true,"href":"https:\/\/mercigracias.ch\/index.php?rest_route=\/wp\/v2\/users\/1"}],"replies":[{"embeddable":true,"href":"https:\/\/mercigracias.ch\/index.php?rest_route=%2Fwp%2Fv2%2Fcomments&post=720"}],"version-history":[{"count":7,"href":"https:\/\/mercigracias.ch\/index.php?rest_route=\/wp\/v2\/pages\/720\/revisions"}],"predecessor-version":[{"id":4610,"href":"https:\/\/mercigracias.ch\/index.php?rest_route=\/wp\/v2\/pages\/720\/revisions\/4610"}],"wp:attachment":[{"href":"https:\/\/mercigracias.ch\/index.php?rest_route=%2Fwp%2Fv2%2Fmedia&parent=720"}],"curies":[{"name":"wp","href":"https:\/\/api.w.org\/{rel}","templated":true}]}}

<p class="wp-block-paragraph">&lt;Enregistré le 22 Juin 2014&gt;</p>



<p class="wp-block-paragraph">Finalement, j&rsquo;étais totalement résignée quand je voyais ma sœur qui voulait son chocolat et mon frère son paquet de biscuits&#8230;</p>



<p class="wp-block-paragraph">J&rsquo;avais eu tellement l&rsquo;habitude de voir manger les enfants de la boulangerie, des glaces, des gâteaux, et qu&rsquo;ils les mangeaient à côté de toi, sans te demander si tu en voulais&#8230;<br>Finalement tu en avais forcément envie mais que&#8230; et bien tu n&rsquo;avais rien.</p>



<p class="wp-block-paragraph">Alors quand je recevais une plaque de chocolat d&rsquo;un client, en récompense ou par gentillesse, alors ça c&rsquo;était sûr&#8230; J&rsquo;avais compris !</p>



<p class="wp-block-paragraph">Je la mettais dans ma culotte, et je me disais :</p>



<p class="wp-block-paragraph">&#8211; Je ne vous demande rien du tout, hein&#8230; <br>Mais celle là, elle est à moi ! Je l&rsquo;ai reçue, et là vous pouvez toujours courir&#8230;</p>



<p class="wp-block-paragraph">J&rsquo;avais vu, une fois ma plaque de chocolat on me l&rsquo;a ramassée et puis on l&rsquo;a remise pour la vente&#8230; Alors ça ne va pas se passer deux fois, hein !<br>Je me suis dit : <br>&#8211; Ah ben dit donc, cette fois ci, tu peux courir&#8230; !</p>



<p class="wp-block-paragraph">Mais par contre je ne demandais rien à personne, parce que ce n&rsquo;était pas la peine. Même après je ne demandais pas à Maman.</p>



<p class="wp-block-paragraph">Ma sœur, elle a toujours demandé : <br>&#8211; Ben dis donc&#8230; Tu me donnes de l&rsquo;argent pour aller ici, ou pour l&rsquo;abonnement !</p>



<p class="wp-block-paragraph">Moi, je suis allée travailler et je me suis dit : <br>&#8211; Débrouille toi, toi-même. <br>Parce que quand je demandais, on me disait non&#8230;</p>



<p class="wp-block-paragraph">Si ma sœur exigeait, elle avait&#8230; </p>



<p class="wp-block-paragraph">C&rsquo;était pareil que le «Je veux »&#8230; Elle exigeait que Maman assume, et Moi, j&rsquo;étais résignée. Je savais qu&rsquo;on ne me considérait pas vraiment dans le même groupe&#8230;</p>



<p class="wp-block-paragraph">Mon droit à l&rsquo;existence était faible. Pas le droit&#8230; Je savais que de toute façon je n&rsquo;aurais rien eu, et j&rsquo;avais compris que si je voulais avoir, c&rsquo;était par mon propre chemin&#8230;</p>



<p class="wp-block-paragraph">Chez toi, tes parents vous corrigeaient en disant : <br>&#8211; On ne dit pas je veux, mais nous voulons, que c&rsquo;est le Roi qui dit «Je veux&#8230; ». Chez vous, on vous corrigeait sur la manière de parler, on vous faisait « demander » et pas exiger, on vous faisait comprendre qu&rsquo;il y avait une autorité décidante, et que ce que vous aviez, c&rsquo;était octroyé sur demande et que ce n&rsquo;était pas sûr d&rsquo;avoir&#8230; <br>C&rsquo;était eux qui jugeaient si la requête était fondée ou pas et s&rsquo;ils étaient en mesure de répondre à la demande, si vous le méritiez&#8230; et pour instaurer une dépendance.<br>C&rsquo;était pour dire : <br>&#8211; Toi t&rsquo;es l&rsquo;enfant, et nous, nous sommes tes parents. Voilà !</p>



<p class="wp-block-paragraph">L&rsquo;enfant apprend à gérer ses frustrations et ses envies&#8230;<br>Alors que là, l&rsquo;enfant ne comprend rien, à part qu&rsquo;il faut crier encore plus fort pour avoir&#8230; Pour que sa mère s&rsquo;aperçoive de ses besoins, et je ne parle même pas forcément d&rsquo;envies&#8230;</p>



<p class="wp-block-paragraph">Je me souviens d&rsquo;une plaque de chocolat, que j&rsquo;avais mise dans ma culotte, après un bon moment, elle avait fondue&#8230; Alors j&rsquo;ai tout léché le papier d&rsquo;alu, jusqu&rsquo;au bout et j&rsquo;ai eu presque une crise de foie&#8230;(rire)</p>



<p class="wp-block-paragraph">Mais je n&rsquo;ai rien dit à personne !</p>



<p class="wp-block-paragraph"></p>

<p>&lt;Enregistré le 22 Juin 2014&gt; Finalement, j&rsquo;étais totalement résignée quand je voyais ma sœur qui voulait son chocolat et mon frère son paquet de biscuits&#8230; J&rsquo;avais eu tellement l&rsquo;habitude de voir manger les enfants de la boulangerie, des glaces, des gâteaux, et qu&rsquo;ils les mangeaient à côté de toi, sans te demander si tu en [&hellip;]</p>
