{"id":732,"date":"2026-01-10T23:35:32","date_gmt":"2026-01-10T23:35:32","guid":{"rendered":"https:\/\/mercigracias.ch\/?page_id=732"},"modified":"2026-07-12T17:07:22","modified_gmt":"2026-07-12T17:07:22","slug":"le-grand-tilleul","status":"publish","type":"page","link":"https:\/\/mercigracias.ch\/?page_id=732","title":{"rendered":"Le grand tilleul"},"content":{"rendered":"\n<p class=\"wp-block-paragraph\">&lt;Enregistr\u00e9 le 22 Juin 2014&gt;<\/p>\n\n\n\n<p class=\"wp-block-paragraph\">Quand on \u00e9tait malade, on nous enfermait dans la chambre en quarantaine, \u00e0 manger des soupes d&rsquo;avoine, et boire de l&rsquo;eau&#8230;<\/p>\n\n\n\n<p class=\"wp-block-paragraph\">De plus, on nous badigeonnait de graisse de blaireau sur les oreilles et on nous mettait un bandeau sur la t\u00eate&#8230; Quelle odeur !<\/p>\n\n\n\n<p class=\"wp-block-paragraph\">Et comme il n&rsquo;y avait rien, on s&rsquo;ennuyait, \u00e9videment&#8230;<br>Personne ne passait, nos parents \u00e9taient tellement occup\u00e9s avec l&rsquo;h\u00f4tel et le restaurant, alors Moi, j&rsquo;ouvrais la fen\u00eatre et je regardais pendant des heures ce grand tilleul, au milieu de la cour&#8230;<\/p>\n\n\n\n<p class=\"wp-block-paragraph\">Je me souviens de l&rsquo;odeur de ce tilleul au moment de la floraison&#8230; C&rsquo;\u00e9tait magique, une f\u00e9erie de senteur qui me permettait de m&rsquo;\u00e9vader de bonheur.<\/p>\n\n\n\n<p class=\"wp-block-paragraph\">Aujourd&rsquo;hui, Je suis toujours amoureuse des tilleuls !<\/p>\n\n\n\n<p class=\"wp-block-paragraph\">Ils me ram\u00e8nent \u00e0 mon enfance, \u00e0 ces moments de symbiose et de recueillement, qui te m\u00e9tamorphosent.<\/p>\n\n\n\n<p class=\"wp-block-paragraph\">De nos jours le monde regarde la TV pour occuper les pens\u00e9es, ce qui leur fait perdre cette capacit\u00e9 d&rsquo;imaginer, d&rsquo;observer, de voyager, de m\u00e9diter et de se recueillir, triste futur&#8230;<\/p>\n\n\n\n<p class=\"wp-block-paragraph\">Car moins un enfant a de choses, plus il acqui\u00e8re la capacit\u00e9 \u00e0 imaginer et d&rsquo;observation&#8230; Au fond avec rien on doit faire, donc on observe et on imagine&#8230;<\/p>\n\n\n\n<p class=\"wp-block-paragraph\">Ou du moins celui qui a la capacit\u00e9 d&rsquo;imagination la cultive, et elle s&rsquo;enrichit !  J&rsquo;ai bien vu avec mes enfants&#8230;<\/p>\n\n\n\n<p class=\"wp-block-paragraph\">Ma s\u0153ur, elle n&rsquo;\u00e9tait pas r\u00e9sign\u00e9e, moi je n&rsquo;avais rien du tout, alors j&rsquo;imaginais&#8230; Il fallait cr\u00e9er avec les moyens du bord.<\/p>\n\n\n\n<p class=\"wp-block-paragraph\">Ma s\u0153ur, elle exigeait car elle n&rsquo;avait pas la capacit\u00e9 d&rsquo;imaginer. <br>Elle ne savait pas jouer. Quand elle me regardait faire, elle \u00e9tait pli\u00e9e en deux tellement \u00e7a la faisait rigoler. Quand elle me voyait avec un drap \u00e0 faire des d\u00e9guisements, je l&rsquo;amusais, elle trouvait \u00e7a extraordinaire&#8230; Je voyais qu&rsquo;elle me regardait toujours avec des yeux&#8230;<\/p>\n\n\n\n<p class=\"wp-block-paragraph\"><em>&#8211; C&rsquo;est ce que mon psy m&rsquo;avait dit de faire : Observer, prendre du recul&#8230; et que moi, j&rsquo;avais du mal&#8230; A cause de mon \u00e9motion qui m&#8217;embarquait, quand tu es pris de dedans, tu ne peux pas t&rsquo;en sortir&#8230; <\/em><br><em>Alors je r\u00e9agissais dans l&rsquo;\u00e9motion&#8230;et en plus, j&rsquo;en souffrais !<\/em> <br><em>Il me disait :<\/em> <em> Prenez de la distance, soyez spectateur de la situation et observez vous&#8230; observer ce que vous ressentez..<\/em>.<\/p>\n\n\n\n<p class=\"wp-block-paragraph\"><em>Ce qui est dr\u00f4le, c&rsquo;est que chez toi&#8230; c&rsquo;\u00e9tait inn\u00e9, ce c\u00f4t\u00e9 observateur&#8230;<\/em> <br>&#8211; Ouais<\/p>\n\n\n\n<p class=\"wp-block-paragraph\">&#8211; <em>Alors est ce que ce c\u00f4t\u00e9 observateur est due \u00e0 ton ann\u00e9e de pouponni\u00e8re et que tes parents n&rsquo;\u00e9taient pas l\u00e0&#8230; ?<br>Car tu as d\u00fb \u00eatre assez seule, finalement au milieu de tous ces b\u00e9b\u00e9s&#8230; ou est ce que c&rsquo;est les diff\u00e9rentes punitions et p\u00e9riodes de maladie o\u00f9 tes parents t&rsquo;enfermaient dans la chambre sans rien&#8230; Seule, sans jouets&#8230; sans personne&#8230;?<\/em><\/p>\n\n\n\n<p class=\"wp-block-paragraph\"><em>Est ce par le vide, que tu a appris \u00e0 prendre de la distance ? <\/em><br><em>De la distance face aux choses, aux \u00e9v\u00e9nements, et de regarder autour de toi&#8230; et ne pas \u00eatre acteur de quoi que ce soit ? <\/em><br><em>mais spectateur&#8230;!<\/em><\/p>\n\n\n\n<p class=\"wp-block-paragraph\">Finalement c&rsquo;est peut-\u00eatre comme dans les h\u00f4pitaux psychiatriques o\u00f9 ils mettent les malades, dans des pi\u00e8ces o\u00f9 il n&rsquo;y a rien&#8230;<\/p>\n\n\n\n<ul class=\"wp-block-list\">\n<li>Mais moi, je n&rsquo;\u00e9tais pas folle (Rire)<\/li>\n<\/ul>\n","protected":false},"excerpt":{"rendered":"<p>&lt;Enregistr\u00e9 le 22 Juin 2014&gt; Quand on \u00e9tait malade, on nous enfermait dans la chambre en quarantaine, \u00e0 manger des soupes d&rsquo;avoine, et boire de l&rsquo;eau&#8230; De plus, on nous badigeonnait de graisse de blaireau sur les oreilles et on nous mettait un bandeau sur la t\u00eate&#8230; Quelle odeur ! Et comme il n&rsquo;y avait [&hellip;]<\/p>\n","protected":false},"author":1,"featured_media":0,"parent":0,"menu_order":0,"comment_status":"open","ping_status":"closed","template":"pages-chapitre-04","meta":{"footnotes":""},"class_list":["post-732","page","type-page","status-publish","hentry"],"jetpack_sharing_enabled":true,"_links":{"self":[{"href":"https:\/\/mercigracias.ch\/index.php?rest_route=\/wp\/v2\/pages\/732","targetHints":{"allow":["GET"]}}],"collection":[{"href":"https:\/\/mercigracias.ch\/index.php?rest_route=\/wp\/v2\/pages"}],"about":[{"href":"https:\/\/mercigracias.ch\/index.php?rest_route=\/wp\/v2\/types\/page"}],"author":[{"embeddable":true,"href":"https:\/\/mercigracias.ch\/index.php?rest_route=\/wp\/v2\/users\/1"}],"replies":[{"embeddable":true,"href":"https:\/\/mercigracias.ch\/index.php?rest_route=%2Fwp%2Fv2%2Fcomments&post=732"}],"version-history":[{"count":7,"href":"https:\/\/mercigracias.ch\/index.php?rest_route=\/wp\/v2\/pages\/732\/revisions"}],"predecessor-version":[{"id":5542,"href":"https:\/\/mercigracias.ch\/index.php?rest_route=\/wp\/v2\/pages\/732\/revisions\/5542"}],"wp:attachment":[{"href":"https:\/\/mercigracias.ch\/index.php?rest_route=%2Fwp%2Fv2%2Fmedia&parent=732"}],"curies":[{"name":"wp","href":"https:\/\/api.w.org\/{rel}","templated":true}]}}

<p class="wp-block-paragraph">&lt;Enregistré le 22 Juin 2014&gt;</p>



<p class="wp-block-paragraph">Quand on était malade, on nous enfermait dans la chambre en quarantaine, à manger des soupes d&rsquo;avoine, et boire de l&rsquo;eau&#8230;</p>



<p class="wp-block-paragraph">De plus, on nous badigeonnait de graisse de blaireau sur les oreilles et on nous mettait un bandeau sur la tête&#8230; Quelle odeur !</p>



<p class="wp-block-paragraph">Et comme il n&rsquo;y avait rien, on s&rsquo;ennuyait, évidement&#8230;<br>Personne ne passait, nos parents étaient tellement occupés avec l&rsquo;hôtel et le restaurant, alors Moi, j&rsquo;ouvrais la fenêtre et je regardais pendant des heures ce grand tilleul, au milieu de la cour&#8230;</p>



<p class="wp-block-paragraph">Je me souviens de l&rsquo;odeur de ce tilleul au moment de la floraison&#8230; C&rsquo;était magique, une féerie de senteur qui me permettait de m&rsquo;évader de bonheur.</p>



<p class="wp-block-paragraph">Aujourd&rsquo;hui, Je suis toujours amoureuse des tilleuls !</p>



<p class="wp-block-paragraph">Ils me ramènent à mon enfance, à ces moments de symbiose et de recueillement, qui te métamorphosent.</p>



<p class="wp-block-paragraph">De nos jours le monde regarde la TV pour occuper les pensées, ce qui leur fait perdre cette capacité d&rsquo;imaginer, d&rsquo;observer, de voyager, de méditer et de se recueillir, triste futur&#8230;</p>



<p class="wp-block-paragraph">Car moins un enfant a de choses, plus il acquière la capacité à imaginer et d&rsquo;observation&#8230; Au fond avec rien on doit faire, donc on observe et on imagine&#8230;</p>



<p class="wp-block-paragraph">Ou du moins celui qui a la capacité d&rsquo;imagination la cultive, et elle s&rsquo;enrichit !  J&rsquo;ai bien vu avec mes enfants&#8230;</p>



<p class="wp-block-paragraph">Ma sœur, elle n&rsquo;était pas résignée, moi je n&rsquo;avais rien du tout, alors j&rsquo;imaginais&#8230; Il fallait créer avec les moyens du bord.</p>



<p class="wp-block-paragraph">Ma sœur, elle exigeait car elle n&rsquo;avait pas la capacité d&rsquo;imaginer. <br>Elle ne savait pas jouer. Quand elle me regardait faire, elle était pliée en deux tellement ça la faisait rigoler. Quand elle me voyait avec un drap à faire des déguisements, je l&rsquo;amusais, elle trouvait ça extraordinaire&#8230; Je voyais qu&rsquo;elle me regardait toujours avec des yeux&#8230;</p>



<p class="wp-block-paragraph"><em>&#8211; C&rsquo;est ce que mon psy m&rsquo;avait dit de faire : Observer, prendre du recul&#8230; et que moi, j&rsquo;avais du mal&#8230; A cause de mon émotion qui m&#8217;embarquait, quand tu es pris de dedans, tu ne peux pas t&rsquo;en sortir&#8230; </em><br><em>Alors je réagissais dans l&rsquo;émotion&#8230;et en plus, j&rsquo;en souffrais !</em> <br><em>Il me disait :</em> <em> Prenez de la distance, soyez spectateur de la situation et observez vous&#8230; observer ce que vous ressentez..</em>.</p>



<p class="wp-block-paragraph"><em>Ce qui est drôle, c&rsquo;est que chez toi&#8230; c&rsquo;était inné, ce côté observateur&#8230;</em> <br>&#8211; Ouais</p>



<p class="wp-block-paragraph">&#8211; <em>Alors est ce que ce côté observateur est due à ton année de pouponnière et que tes parents n&rsquo;étaient pas là&#8230; ?<br>Car tu as dû être assez seule, finalement au milieu de tous ces bébés&#8230; ou est ce que c&rsquo;est les différentes punitions et périodes de maladie où tes parents t&rsquo;enfermaient dans la chambre sans rien&#8230; Seule, sans jouets&#8230; sans personne&#8230;?</em></p>



<p class="wp-block-paragraph"><em>Est ce par le vide, que tu a appris à prendre de la distance ? </em><br><em>De la distance face aux choses, aux événements, et de regarder autour de toi&#8230; et ne pas être acteur de quoi que ce soit ? </em><br><em>mais spectateur&#8230;!</em></p>



<p class="wp-block-paragraph">Finalement c&rsquo;est peut-être comme dans les hôpitaux psychiatriques où ils mettent les malades, dans des pièces où il n&rsquo;y a rien&#8230;</p>



<ul class="wp-block-list">
<li>Mais moi, je n&rsquo;étais pas folle (Rire)</li>
</ul>

<p>&lt;Enregistré le 22 Juin 2014&gt; Quand on était malade, on nous enfermait dans la chambre en quarantaine, à manger des soupes d&rsquo;avoine, et boire de l&rsquo;eau&#8230; De plus, on nous badigeonnait de graisse de blaireau sur les oreilles et on nous mettait un bandeau sur la tête&#8230; Quelle odeur ! Et comme il n&rsquo;y avait [&hellip;]</p>
