{"id":741,"date":"2026-01-11T00:01:58","date_gmt":"2026-01-11T00:01:58","guid":{"rendered":"https:\/\/mercigracias.ch\/?page_id=741"},"modified":"2026-05-06T05:02:12","modified_gmt":"2026-05-06T05:02:12","slug":"chapitre-05","status":"publish","type":"page","link":"https:\/\/mercigracias.ch\/?page_id=741","title":{"rendered":"Chapitre 05"},"content":{"rendered":"\n<h2 class=\"wp-block-heading\">L&rsquo;\u00e9cole&#8230;<\/h2>\n\n\n\n<p class=\"wp-block-paragraph\">Toutes les histoires de mon enfance \u00e0 l&rsquo;\u00e9cole du village, avant le drame final.<\/p>\n\n\n\n<figure class=\"wp-block-table\"><table class=\"has-fixed-layout\"><thead><tr><th>Date de publication<\/th><th>Titre<\/th><\/tr><\/thead><tbody><tr><td>13.01.2026<\/td><td><a href=\"https:\/\/mercigracias.ch\/?page_id=755\" data-type=\"page\" data-id=\"755\">Envie d\u2019apprendre<\/a><\/td><\/tr><tr><td>13.01.2026<\/td><td><a href=\"https:\/\/mercigracias.ch\/?page_id=760\" data-type=\"page\" data-id=\"760\">J\u2019apprends \u00e0 lire<\/a><\/td><\/tr><tr><td>13.01.2026<\/td><td><a href=\"https:\/\/mercigracias.ch\/?page_id=770\" data-type=\"page\" data-id=\"770\">J\u2019\u00e9tais en dehors du monde<\/a><\/td><\/tr><tr><td>14.01.2026<\/td><td><a href=\"https:\/\/mercigracias.ch\/?page_id=785\" data-type=\"page\" data-id=\"785\">Le Jumbox<\/a><\/td><\/tr><tr><td>13.01.2026<\/td><td><a href=\"https:\/\/mercigracias.ch\/?page_id=775\" data-type=\"page\" data-id=\"775\">Les croissants<\/a><\/td><\/tr><tr><td>14.01.2026<\/td><td><a href=\"https:\/\/mercigracias.ch\/?page_id=793\" data-type=\"page\" data-id=\"793\">On chante, on chante\u2026<\/a><\/td><\/tr><tr><td>13.01.2026<\/td><td><a href=\"https:\/\/mercigracias.ch\/?page_id=780\" data-type=\"page\" data-id=\"780\">Les cages \u00e0 lapins<\/a><\/td><\/tr><tr><td>29.01.2026<\/td><td><a href=\"https:\/\/mercigracias.ch\/?page_id=1077\" data-type=\"page\" data-id=\"1077\">Ma verrue<\/a><\/td><\/tr><tr><td>14.01.2026<\/td><td><a href=\"https:\/\/mercigracias.ch\/?page_id=807\" data-type=\"page\" data-id=\"807\">Coucou, donnez moi trois sous<\/a><\/td><\/tr><tr><td>14.01.2026<\/td><td><a href=\"https:\/\/mercigracias.ch\/?page_id=815\" data-type=\"page\" data-id=\"815\">Le carnet\u2026<\/a><\/td><\/tr><tr><td>14.01.2026<\/td><td><a href=\"https:\/\/mercigracias.ch\/?page_id=825\" data-type=\"page\" data-id=\"825\">Je visite les morts<\/a><\/td><\/tr><tr><td>14.01.2026<\/td><td><a href=\"https:\/\/mercigracias.ch\/?page_id=820\" data-type=\"page\" data-id=\"820\">10 ans, ann\u00e9e de merde<\/a><\/td><\/tr><tr><td>15.01.2026<\/td><td><a href=\"https:\/\/mercigracias.ch\/?page_id=841\" data-type=\"page\" data-id=\"841\">Comment \u00e7a va ?<\/a><\/td><\/tr><tr><td>18.01.2026<\/td><td><a href=\"https:\/\/mercigracias.ch\/?page_id=849\" data-type=\"page\" data-id=\"849\">Ballades au rufion<\/a><\/td><\/tr><tr><td>18.01.2026<\/td><td><a href=\"https:\/\/mercigracias.ch\/?page_id=858\" data-type=\"page\" data-id=\"858\">L\u2019envie des petits pains<\/a><\/td><\/tr><tr><td>18.01.2026<\/td><td><a href=\"https:\/\/mercigracias.ch\/?page_id=868\" data-type=\"page\" data-id=\"868\">La fess\u00e9e<\/a><\/td><\/tr><tr><td>18.01.2026<\/td><td><a href=\"https:\/\/mercigracias.ch\/?page_id=888\" data-type=\"page\" data-id=\"888\">Droit \u00e0 l\u2019existence<\/a><\/td><\/tr><tr><td>18.01.2026<\/td><td><a href=\"https:\/\/mercigracias.ch\/?page_id=876\" data-type=\"page\" data-id=\"876\">Les anniversaires<\/a><\/td><\/tr><tr><td>20.01.2026<\/td><td><a href=\"https:\/\/mercigracias.ch\/?page_id=940\" data-type=\"page\" data-id=\"940\">On l\u2019appelait \u00ab&nbsp;La fille&nbsp;\u00bb\u2026<\/a><\/td><\/tr><tr><td>20.01.2026<\/td><td><a href=\"https:\/\/mercigracias.ch\/?page_id=945\" data-type=\"page\" data-id=\"945\">Les Boilles pour les cochons<\/a><\/td><\/tr><tr><td>19.01.2026<\/td><td><a href=\"https:\/\/mercigracias.ch\/?page_id=893\" data-type=\"page\" data-id=\"893\">Je serai coiffeuse !<\/a><\/td><\/tr><tr><td>19.01.2026<\/td><td><a href=\"https:\/\/mercigracias.ch\/?page_id=898\" data-type=\"page\" data-id=\"898\">Abn\u00e9gation du Moi<\/a><\/td><\/tr><tr><td>19.01.2026<\/td><td><a href=\"https:\/\/mercigracias.ch\/?page_id=906\" data-type=\"page\" data-id=\"906\">Mais \u00e0 quoi \u00e7a sert ?<\/a><\/td><\/tr><tr><td>19.01.2026<\/td><td><a href=\"https:\/\/mercigracias.ch\/?page_id=914\" data-type=\"page\" data-id=\"914\">Mon chignon\u2026<\/a><\/td><\/tr><tr><td>20.01.2026<\/td><td><a href=\"https:\/\/mercigracias.ch\/?page_id=952\" data-type=\"page\" data-id=\"952\">Mes grands parents<\/a><\/td><\/tr><tr><td>28.01.2026<\/td><td><a href=\"https:\/\/mercigracias.ch\/?page_id=1064\" data-type=\"page\" data-id=\"1064\">Ma bouteille\u2026<\/a><\/td><\/tr><tr><td>28.01.2026<\/td><td><a href=\"https:\/\/mercigracias.ch\/?page_id=1067\" data-type=\"page\" data-id=\"1067\">Chez Titi<\/a><\/td><\/tr><tr><td>20.01.2026<\/td><td><a href=\"https:\/\/mercigracias.ch\/?page_id=922\" data-type=\"page\" data-id=\"922\">Je m\u2019\u00e9mancipe !<\/a><\/td><\/tr><tr><td>20.01.2026<\/td><td><a href=\"https:\/\/mercigracias.ch\/?page_id=928\" data-type=\"page\" data-id=\"928\">Ma marraine de confirmation<\/a><\/td><\/tr><tr><td>20.01.2026<\/td><td><a href=\"https:\/\/mercigracias.ch\/?page_id=934\" data-type=\"page\" data-id=\"934\">Bleu, bleu\u2026Non, Rouge !<\/a><\/td><\/tr><tr><td>24.01.2026<\/td><td><a href=\"https:\/\/mercigracias.ch\/?page_id=973\" data-type=\"page\" data-id=\"973\">Alors qui me voit&nbsp;?<\/a><\/td><\/tr><tr><td>24.01.2026<\/td><td><a href=\"https:\/\/mercigracias.ch\/?page_id=983\" data-type=\"page\" data-id=\"983\">Le fibrome\u2026<\/a><\/td><\/tr><tr><td>24.01.2026<\/td><td><a href=\"https:\/\/mercigracias.ch\/?page_id=978\" data-type=\"page\" data-id=\"978\">L\u2019h\u00f4pital\u2026<\/a><\/td><\/tr><tr><td>24.01.2026<\/td><td><a href=\"https:\/\/mercigracias.ch\/?page_id=995\" data-type=\"page\" data-id=\"995\">L\u2019office des mineurs<\/a><\/td><\/tr><tr><td>24.01.2026<\/td><td><a href=\"https:\/\/mercigracias.ch\/?page_id=1000\" data-type=\"page\" data-id=\"1000\">Le 8 Octobre\u2026<\/a><\/td><\/tr><tr><td>25.01.2026<\/td><td><a href=\"https:\/\/mercigracias.ch\/?page_id=1009\" data-type=\"page\" data-id=\"1009\">Le t\u00e9l\u00e9phone noir<\/a><\/td><\/tr><tr><td>25.01.2026<\/td><td><a href=\"https:\/\/mercigracias.ch\/?page_id=1016\" data-type=\"page\" data-id=\"1016\">Chez ma marraine\u2026<\/a><\/td><\/tr><tr><td>29.01.2026<\/td><td><a href=\"https:\/\/mercigracias.ch\/?page_id=1094\" data-type=\"page\" data-id=\"1094\">La grande d\u00e9pression<\/a><\/td><\/tr><tr><td>25.01.2026<\/td><td><a href=\"https:\/\/mercigracias.ch\/?page_id=1023\" data-type=\"page\" data-id=\"1023\">Non, rien de rien<\/a><\/td><\/tr><tr><td>25.01.2026<\/td><td><a href=\"https:\/\/mercigracias.ch\/?page_id=1028\" data-type=\"page\" data-id=\"1028\">Partager, c\u2019est la vie !<\/a><\/td><\/tr><\/tbody><\/table><\/figure>\n","protected":false},"excerpt":{"rendered":"<p>L&rsquo;\u00e9cole&#8230; Toutes les histoires de mon enfance \u00e0 l&rsquo;\u00e9cole du village, avant le drame final. Date de publication Titre 13.01.2026 Envie d\u2019apprendre 13.01.2026 J\u2019apprends \u00e0 lire 13.01.2026 J\u2019\u00e9tais en dehors du monde 14.01.2026 Le Jumbox 13.01.2026 Les croissants 14.01.2026 On chante, on chante\u2026 13.01.2026 Les cages \u00e0 lapins 29.01.2026 Ma verrue 14.01.2026 Coucou, donnez moi [&hellip;]<\/p>\n","protected":false},"author":1,"featured_media":0,"parent":0,"menu_order":0,"comment_status":"closed","ping_status":"closed","template":"pages-chapitre-05","meta":{"footnotes":""},"class_list":["post-741","page","type-page","status-publish","hentry"],"jetpack_sharing_enabled":true,"_links":{"self":[{"href":"https:\/\/mercigracias.ch\/index.php?rest_route=\/wp\/v2\/pages\/741","targetHints":{"allow":["GET"]}}],"collection":[{"href":"https:\/\/mercigracias.ch\/index.php?rest_route=\/wp\/v2\/pages"}],"about":[{"href":"https:\/\/mercigracias.ch\/index.php?rest_route=\/wp\/v2\/types\/page"}],"author":[{"embeddable":true,"href":"https:\/\/mercigracias.ch\/index.php?rest_route=\/wp\/v2\/users\/1"}],"replies":[{"embeddable":true,"href":"https:\/\/mercigracias.ch\/index.php?rest_route=%2Fwp%2Fv2%2Fcomments&post=741"}],"version-history":[{"count":42,"href":"https:\/\/mercigracias.ch\/index.php?rest_route=\/wp\/v2\/pages\/741\/revisions"}],"predecessor-version":[{"id":3289,"href":"https:\/\/mercigracias.ch\/index.php?rest_route=\/wp\/v2\/pages\/741\/revisions\/3289"}],"wp:attachment":[{"href":"https:\/\/mercigracias.ch\/index.php?rest_route=%2Fwp%2Fv2%2Fmedia&parent=741"}],"curies":[{"name":"wp","href":"https:\/\/api.w.org\/{rel}","templated":true}]}}

<h2 class="wp-block-heading">L&rsquo;école&#8230;</h2>



<p class="wp-block-paragraph">Toutes les histoires de mon enfance à l&rsquo;école du village, avant le drame final.</p>



<figure class="wp-block-table"><table class="has-fixed-layout"><thead><tr><th>Date de publication</th><th>Titre</th></tr></thead><tbody><tr><td>13.01.2026</td><td><a href="https://mercigracias.ch/?page_id=755" data-type="page" data-id="755">Envie d’apprendre</a></td></tr><tr><td>13.01.2026</td><td><a href="https://mercigracias.ch/?page_id=760" data-type="page" data-id="760">J’apprends à lire</a></td></tr><tr><td>13.01.2026</td><td><a href="https://mercigracias.ch/?page_id=770" data-type="page" data-id="770">J’étais en dehors du monde</a></td></tr><tr><td>14.01.2026</td><td><a href="https://mercigracias.ch/?page_id=785" data-type="page" data-id="785">Le Jumbox</a></td></tr><tr><td>13.01.2026</td><td><a href="https://mercigracias.ch/?page_id=775" data-type="page" data-id="775">Les croissants</a></td></tr><tr><td>14.01.2026</td><td><a href="https://mercigracias.ch/?page_id=793" data-type="page" data-id="793">On chante, on chante…</a></td></tr><tr><td>13.01.2026</td><td><a href="https://mercigracias.ch/?page_id=780" data-type="page" data-id="780">Les cages à lapins</a></td></tr><tr><td>29.01.2026</td><td><a href="https://mercigracias.ch/?page_id=1077" data-type="page" data-id="1077">Ma verrue</a></td></tr><tr><td>14.01.2026</td><td><a href="https://mercigracias.ch/?page_id=807" data-type="page" data-id="807">Coucou, donnez moi trois sous</a></td></tr><tr><td>14.01.2026</td><td><a href="https://mercigracias.ch/?page_id=815" data-type="page" data-id="815">Le carnet…</a></td></tr><tr><td>14.01.2026</td><td><a href="https://mercigracias.ch/?page_id=825" data-type="page" data-id="825">Je visite les morts</a></td></tr><tr><td>14.01.2026</td><td><a href="https://mercigracias.ch/?page_id=820" data-type="page" data-id="820">10 ans, année de merde</a></td></tr><tr><td>15.01.2026</td><td><a href="https://mercigracias.ch/?page_id=841" data-type="page" data-id="841">Comment ça va ?</a></td></tr><tr><td>18.01.2026</td><td><a href="https://mercigracias.ch/?page_id=849" data-type="page" data-id="849">Ballades au rufion</a></td></tr><tr><td>18.01.2026</td><td><a href="https://mercigracias.ch/?page_id=858" data-type="page" data-id="858">L’envie des petits pains</a></td></tr><tr><td>18.01.2026</td><td><a href="https://mercigracias.ch/?page_id=868" data-type="page" data-id="868">La fessée</a></td></tr><tr><td>18.01.2026</td><td><a href="https://mercigracias.ch/?page_id=888" data-type="page" data-id="888">Droit à l’existence</a></td></tr><tr><td>18.01.2026</td><td><a href="https://mercigracias.ch/?page_id=876" data-type="page" data-id="876">Les anniversaires</a></td></tr><tr><td>20.01.2026</td><td><a href="https://mercigracias.ch/?page_id=940" data-type="page" data-id="940">On l’appelait «&nbsp;La fille&nbsp;»…</a></td></tr><tr><td>20.01.2026</td><td><a href="https://mercigracias.ch/?page_id=945" data-type="page" data-id="945">Les Boilles pour les cochons</a></td></tr><tr><td>19.01.2026</td><td><a href="https://mercigracias.ch/?page_id=893" data-type="page" data-id="893">Je serai coiffeuse !</a></td></tr><tr><td>19.01.2026</td><td><a href="https://mercigracias.ch/?page_id=898" data-type="page" data-id="898">Abnégation du Moi</a></td></tr><tr><td>19.01.2026</td><td><a href="https://mercigracias.ch/?page_id=906" data-type="page" data-id="906">Mais à quoi ça sert ?</a></td></tr><tr><td>19.01.2026</td><td><a href="https://mercigracias.ch/?page_id=914" data-type="page" data-id="914">Mon chignon…</a></td></tr><tr><td>20.01.2026</td><td><a href="https://mercigracias.ch/?page_id=952" data-type="page" data-id="952">Mes grands parents</a></td></tr><tr><td>28.01.2026</td><td><a href="https://mercigracias.ch/?page_id=1064" data-type="page" data-id="1064">Ma bouteille…</a></td></tr><tr><td>28.01.2026</td><td><a href="https://mercigracias.ch/?page_id=1067" data-type="page" data-id="1067">Chez Titi</a></td></tr><tr><td>20.01.2026</td><td><a href="https://mercigracias.ch/?page_id=922" data-type="page" data-id="922">Je m’émancipe !</a></td></tr><tr><td>20.01.2026</td><td><a href="https://mercigracias.ch/?page_id=928" data-type="page" data-id="928">Ma marraine de confirmation</a></td></tr><tr><td>20.01.2026</td><td><a href="https://mercigracias.ch/?page_id=934" data-type="page" data-id="934">Bleu, bleu…Non, Rouge !</a></td></tr><tr><td>24.01.2026</td><td><a href="https://mercigracias.ch/?page_id=973" data-type="page" data-id="973">Alors qui me voit&nbsp;?</a></td></tr><tr><td>24.01.2026</td><td><a href="https://mercigracias.ch/?page_id=983" data-type="page" data-id="983">Le fibrome…</a></td></tr><tr><td>24.01.2026</td><td><a href="https://mercigracias.ch/?page_id=978" data-type="page" data-id="978">L’hôpital…</a></td></tr><tr><td>24.01.2026</td><td><a href="https://mercigracias.ch/?page_id=995" data-type="page" data-id="995">L’office des mineurs</a></td></tr><tr><td>24.01.2026</td><td><a href="https://mercigracias.ch/?page_id=1000" data-type="page" data-id="1000">Le 8 Octobre…</a></td></tr><tr><td>25.01.2026</td><td><a href="https://mercigracias.ch/?page_id=1009" data-type="page" data-id="1009">Le téléphone noir</a></td></tr><tr><td>25.01.2026</td><td><a href="https://mercigracias.ch/?page_id=1016" data-type="page" data-id="1016">Chez ma marraine…</a></td></tr><tr><td>29.01.2026</td><td><a href="https://mercigracias.ch/?page_id=1094" data-type="page" data-id="1094">La grande dépression</a></td></tr><tr><td>25.01.2026</td><td><a href="https://mercigracias.ch/?page_id=1023" data-type="page" data-id="1023">Non, rien de rien</a></td></tr><tr><td>25.01.2026</td><td><a href="https://mercigracias.ch/?page_id=1028" data-type="page" data-id="1028">Partager, c’est la vie !</a></td></tr></tbody></table></figure>

<p>L&rsquo;école&#8230; Toutes les histoires de mon enfance à l&rsquo;école du village, avant le drame final. Date de publication Titre 13.01.2026 Envie d’apprendre 13.01.2026 J’apprends à lire 13.01.2026 J’étais en dehors du monde 14.01.2026 Le Jumbox 13.01.2026 Les croissants 14.01.2026 On chante, on chante… 13.01.2026 Les cages à lapins 29.01.2026 Ma verrue 14.01.2026 Coucou, donnez moi [&hellip;]</p>
