{"id":755,"date":"2026-01-13T13:28:59","date_gmt":"2026-01-13T13:28:59","guid":{"rendered":"https:\/\/mercigracias.ch\/?page_id=755"},"modified":"2026-06-15T07:23:07","modified_gmt":"2026-06-15T07:23:07","slug":"envie-dapprendre","status":"publish","type":"page","link":"https:\/\/mercigracias.ch\/?page_id=755","title":{"rendered":"Envie d&rsquo;apprendre"},"content":{"rendered":"\n<p class=\"wp-block-paragraph\">&lt;Enregistr\u00e9 le 11 Septembre 2021&gt;<\/p>\n\n\n\n<p class=\"wp-block-paragraph\">Je me souviens quand je suis dans la salle \u00e0 manger au buffet, que ma s\u0153ur et mon fr\u00e8re ont recommenc\u00e9 l&rsquo;\u00e9cole et qu&rsquo;ils font leurs devoirs. Je me dis&#8230;<br>&#8211; Mais c&rsquo;est pas possible, quand est ce que tu vas apprendre quelque chose ? <br>L\u00e0, tu n&rsquo;apprends rien !<\/p>\n\n\n\n<p class=\"wp-block-paragraph\">Parce que, je me rend compte, que je nettoie et qu&rsquo;on est utilis\u00e9&#8230;<br>Enfin je ne devrais pas dire des mots comme \u00e7a, mais plut\u00f4t qu&rsquo;on ne sait que nettoyer&#8230;<\/p>\n\n\n\n<p class=\"wp-block-paragraph\">Et puis l\u00e0, je me dis :<br>&#8211; Mais ce n&rsquo;est pas possible, je suis rest\u00e9e d\u00e9j\u00e0 tout ce temps et tu ne sais m\u00eame pas tenir un crayon par toi-m\u00eame !?<br>Et puis l\u00e0 encore, tu va devoir encore attendre combien de temps avant d&rsquo;aller \u00e0 l&rsquo;\u00e9cole et d&rsquo;apprendre quelque chose ?<\/p>\n\n\n\n<p class=\"wp-block-paragraph\">Donc il y avait cette conscience&#8230;<\/p>\n\n\n\n<p class=\"wp-block-paragraph\">Parce que c&rsquo;est vrai, envoyer un enfant \u00e0 l&rsquo;\u00e9cole \u00e0 7 ans et demi&#8230; C&rsquo;est tard, c&rsquo;est vraiment tard !<\/p>\n\n\n\n<p class=\"wp-block-paragraph\">Alors l&rsquo;enfant, il s&rsquo;occupe \u00e0 quoi ? <br>Il observe, et parfois sans trop comprendre&#8230; Je participais dans l&rsquo;h\u00f4tel, dans ce que je pouvais, dans les travaux, mais je n&rsquo;avais rien \u00e0 faire&#8230;<\/p>\n\n\n\n<p class=\"wp-block-paragraph\">&#8211; <em>C&rsquo;est un retard \u00e9norme, alors tu ne sais lire seulement qu&rsquo;\u00e0 partir de 8 ans, alors&#8230;?<\/em> <br>&#8211; Ouais&#8230; Exactement !<\/p>\n\n\n\n<p class=\"wp-block-paragraph\">Par contre on avait l&rsquo;habitude du \u00ab\u00a0Faire\u00a0\u00bb&#8230;  \u00c7a, chez nous, c&rsquo;\u00e9tait \u00e7a !<\/p>\n\n\n\n<p class=\"wp-block-paragraph\">Mais je pense que l&rsquo;enfant il a envie d&rsquo;apprendre, et si tu ne lui donnes pas de jeux, si tu ne lui donnes rien, il fait quoi&#8230; ? <\/p>\n\n\n\n<p class=\"wp-block-paragraph\">Il va d\u00e9velopper dans le sens pratique ? <br>Il va d\u00e9velopper quelque chose ailleurs, \u00e7a c&rsquo;est s\u00fbr&#8230;<\/p>\n\n\n\n<p class=\"wp-block-paragraph\"><\/p>\n","protected":false},"excerpt":{"rendered":"<p>&lt;Enregistr\u00e9 le 11 Septembre 2021&gt; Je me souviens quand je suis dans la salle \u00e0 manger au buffet, que ma s\u0153ur et mon fr\u00e8re ont recommenc\u00e9 l&rsquo;\u00e9cole et qu&rsquo;ils font leurs devoirs. Je me dis&#8230;&#8211; Mais c&rsquo;est pas possible, quand est ce que tu vas apprendre quelque chose ? L\u00e0, tu n&rsquo;apprends rien ! Parce [&hellip;]<\/p>\n","protected":false},"author":1,"featured_media":0,"parent":0,"menu_order":0,"comment_status":"open","ping_status":"closed","template":"pages-chapitre-05","meta":{"footnotes":""},"class_list":["post-755","page","type-page","status-publish","hentry"],"jetpack_sharing_enabled":true,"_links":{"self":[{"href":"https:\/\/mercigracias.ch\/index.php?rest_route=\/wp\/v2\/pages\/755","targetHints":{"allow":["GET"]}}],"collection":[{"href":"https:\/\/mercigracias.ch\/index.php?rest_route=\/wp\/v2\/pages"}],"about":[{"href":"https:\/\/mercigracias.ch\/index.php?rest_route=\/wp\/v2\/types\/page"}],"author":[{"embeddable":true,"href":"https:\/\/mercigracias.ch\/index.php?rest_route=\/wp\/v2\/users\/1"}],"replies":[{"embeddable":true,"href":"https:\/\/mercigracias.ch\/index.php?rest_route=%2Fwp%2Fv2%2Fcomments&post=755"}],"version-history":[{"count":5,"href":"https:\/\/mercigracias.ch\/index.php?rest_route=\/wp\/v2\/pages\/755\/revisions"}],"predecessor-version":[{"id":4614,"href":"https:\/\/mercigracias.ch\/index.php?rest_route=\/wp\/v2\/pages\/755\/revisions\/4614"}],"wp:attachment":[{"href":"https:\/\/mercigracias.ch\/index.php?rest_route=%2Fwp%2Fv2%2Fmedia&parent=755"}],"curies":[{"name":"wp","href":"https:\/\/api.w.org\/{rel}","templated":true}]}}

<p class="wp-block-paragraph">&lt;Enregistré le 11 Septembre 2021&gt;</p>



<p class="wp-block-paragraph">Je me souviens quand je suis dans la salle à manger au buffet, que ma sœur et mon frère ont recommencé l&rsquo;école et qu&rsquo;ils font leurs devoirs. Je me dis&#8230;<br>&#8211; Mais c&rsquo;est pas possible, quand est ce que tu vas apprendre quelque chose ? <br>Là, tu n&rsquo;apprends rien !</p>



<p class="wp-block-paragraph">Parce que, je me rend compte, que je nettoie et qu&rsquo;on est utilisé&#8230;<br>Enfin je ne devrais pas dire des mots comme ça, mais plutôt qu&rsquo;on ne sait que nettoyer&#8230;</p>



<p class="wp-block-paragraph">Et puis là, je me dis :<br>&#8211; Mais ce n&rsquo;est pas possible, je suis restée déjà tout ce temps et tu ne sais même pas tenir un crayon par toi-même !?<br>Et puis là encore, tu va devoir encore attendre combien de temps avant d&rsquo;aller à l&rsquo;école et d&rsquo;apprendre quelque chose ?</p>



<p class="wp-block-paragraph">Donc il y avait cette conscience&#8230;</p>



<p class="wp-block-paragraph">Parce que c&rsquo;est vrai, envoyer un enfant à l&rsquo;école à 7 ans et demi&#8230; C&rsquo;est tard, c&rsquo;est vraiment tard !</p>



<p class="wp-block-paragraph">Alors l&rsquo;enfant, il s&rsquo;occupe à quoi ? <br>Il observe, et parfois sans trop comprendre&#8230; Je participais dans l&rsquo;hôtel, dans ce que je pouvais, dans les travaux, mais je n&rsquo;avais rien à faire&#8230;</p>



<p class="wp-block-paragraph">&#8211; <em>C&rsquo;est un retard énorme, alors tu ne sais lire seulement qu&rsquo;à partir de 8 ans, alors&#8230;?</em> <br>&#8211; Ouais&#8230; Exactement !</p>



<p class="wp-block-paragraph">Par contre on avait l&rsquo;habitude du « Faire »&#8230;  Ça, chez nous, c&rsquo;était ça !</p>



<p class="wp-block-paragraph">Mais je pense que l&rsquo;enfant il a envie d&rsquo;apprendre, et si tu ne lui donnes pas de jeux, si tu ne lui donnes rien, il fait quoi&#8230; ? </p>



<p class="wp-block-paragraph">Il va développer dans le sens pratique ? <br>Il va développer quelque chose ailleurs, ça c&rsquo;est sûr&#8230;</p>



<p class="wp-block-paragraph"></p>

<p>&lt;Enregistré le 11 Septembre 2021&gt; Je me souviens quand je suis dans la salle à manger au buffet, que ma sœur et mon frère ont recommencé l&rsquo;école et qu&rsquo;ils font leurs devoirs. Je me dis&#8230;&#8211; Mais c&rsquo;est pas possible, quand est ce que tu vas apprendre quelque chose ? Là, tu n&rsquo;apprends rien ! Parce [&hellip;]</p>
