{"id":770,"date":"2026-01-13T15:02:45","date_gmt":"2026-01-13T15:02:45","guid":{"rendered":"https:\/\/mercigracias.ch\/?page_id=770"},"modified":"2026-06-15T07:59:51","modified_gmt":"2026-06-15T07:59:51","slug":"jetais-en-dehors-du-monde","status":"publish","type":"page","link":"https:\/\/mercigracias.ch\/?page_id=770","title":{"rendered":"J&rsquo;\u00e9tais en dehors du monde"},"content":{"rendered":"\n<p class=\"wp-block-paragraph\">&lt;Enregistr\u00e9 le 06 Octobre 2016&gt;<\/p>\n\n\n\n<p class=\"wp-block-paragraph\">Ecoute, j&rsquo;\u00e9tais totalement en dehors du monde&#8230; <br>Et c&rsquo;\u00e9tait une grande souffrance&#8230; Mais oui, tu vois comme hier, par exemple&#8230; je regarde, je vois diff\u00e9rentes choses que je ne devrais pas voir&#8230;<\/p>\n\n\n\n<p class=\"wp-block-paragraph\">Des fois, je suis plus attach\u00e9e par rapport \u00e0 hier, dans l&rsquo;\u00e2me, que par rapport \u00e0 ce que je dois faire&#8230;<\/p>\n\n\n\n<p class=\"wp-block-paragraph\">La derni\u00e8re&#8230; quand on veut m&rsquo;apprendre, comme celle de France qui me faisait la lecture avec moi, quand j&rsquo;\u00e9tais en deuxi\u00e8me ann\u00e9e, qu&rsquo;elle le faisait avec le c\u0153ur&#8230; Avec elle, j&rsquo;\u00e9tais dans une explosion de joie !<\/p>\n\n\n\n<p class=\"wp-block-paragraph\">Parce que, je sentais son c\u0153ur&#8230; Je pouvais enfin vivre (Emotion) Je pouvais m\u00eame enfin me concentrer \u00e0 l&rsquo;\u00e9cole&#8230;<br>Mais comment te concentrer si tu sens d\u00e9j\u00e0 l&rsquo;\u00e9motion, si tu sens d\u00e9j\u00e0 que la base, elle n&rsquo;est pas l\u00e0&#8230;?<\/p>\n\n\n\n<p class=\"wp-block-paragraph\">Tu ne peux pas, hein !?<\/p>\n\n\n\n<p class=\"wp-block-paragraph\">Mais l\u00e0, quand c&rsquo;\u00e9tait dans le partage, qu&rsquo;elle \u00e9tait \u00e0 c\u00f4t\u00e9 de moi, c&rsquo;\u00e9tait quelque chose ! Rien quand cette sommeli\u00e8re venait, qu&rsquo;elle me voyait et qu&rsquo;elle me disait :<br>&#8211; Oh, mais donne les moi, tes livres, je vais te les couvrir&#8230;!<\/p>\n\n\n\n<p class=\"wp-block-paragraph\">C&rsquo;\u00e9tait quelque chose, elle prenait du temps pour moi&#8230; <\/p>\n\n\n\n<ul class=\"wp-block-list\">\n<li>Elle me voyait&#8230; J&rsquo;existais !<\/li>\n<\/ul>\n\n\n\n<p class=\"wp-block-paragraph\">C&rsquo;\u00e9tait une sommeli\u00e8re, imagine&#8230;Elle ne gagnait rien l\u00e0 dessus et c&rsquo;\u00e9tait les sommeli\u00e8res qui m&rsquo;aidaient \u00e0 faire mes devoirs&#8230;<\/p>\n\n\n\n<p class=\"wp-block-paragraph\">Apr\u00e8s il fallait discuter avec Maman, parce que je lui disais : <br>&#8211; Mais maman, tout le monde met des \u00e9tiquettes l\u00e0 dessus, <br>sur les livres&#8230; Je dois aller acheter des \u00e9tiquettes !<br>Je dois aussi aller chercher des \u00e9tiquettes&#8230;<\/p>\n\n\n\n<p class=\"wp-block-paragraph\">C&rsquo;\u00e9tait encore \u00e0 discuter par ce qu&rsquo;il fallait mettre des \u00e9tiquettes dessus&#8230;<\/p>\n\n\n\n<p class=\"wp-block-paragraph\">&#8211; <em>Mais comment elle avait fait dans son enfance ?<\/em><br><em>Il n&rsquo;y en avait pas eu pour elle ?<\/em><\/p>\n\n\n\n<p class=\"wp-block-paragraph\">Je n&rsquo;en sais rien, je ne sais pas comment ils vivaient \u00e0 cette \u00e9poque, Maman tu vois&#8230; Ils devaient sans doute coller des machins par dessus, bien s\u00fbr \u00e7a ne devais pas \u00eatre des autocollants&#8230;<\/p>\n\n\n\n<p class=\"wp-block-paragraph\">Avec Maman, il fallait toujours discuter&#8230; Mais oui, il me faut \u00e7a, c&rsquo;est un minimum&#8230;<\/p>\n\n\n\n<p class=\"wp-block-paragraph\">Parce que dans le minimum, elle te disait encore que ce n&rsquo;\u00e9tait pas la peine&#8230;<\/p>\n","protected":false},"excerpt":{"rendered":"<p>&lt;Enregistr\u00e9 le 06 Octobre 2016&gt; Ecoute, j&rsquo;\u00e9tais totalement en dehors du monde&#8230; Et c&rsquo;\u00e9tait une grande souffrance&#8230; Mais oui, tu vois comme hier, par exemple&#8230; je regarde, je vois diff\u00e9rentes choses que je ne devrais pas voir&#8230; Des fois, je suis plus attach\u00e9e par rapport \u00e0 hier, dans l&rsquo;\u00e2me, que par rapport \u00e0 ce que [&hellip;]<\/p>\n","protected":false},"author":1,"featured_media":0,"parent":0,"menu_order":0,"comment_status":"open","ping_status":"closed","template":"pages-chapitre-05","meta":{"footnotes":""},"class_list":["post-770","page","type-page","status-publish","hentry"],"jetpack_sharing_enabled":true,"_links":{"self":[{"href":"https:\/\/mercigracias.ch\/index.php?rest_route=\/wp\/v2\/pages\/770","targetHints":{"allow":["GET"]}}],"collection":[{"href":"https:\/\/mercigracias.ch\/index.php?rest_route=\/wp\/v2\/pages"}],"about":[{"href":"https:\/\/mercigracias.ch\/index.php?rest_route=\/wp\/v2\/types\/page"}],"author":[{"embeddable":true,"href":"https:\/\/mercigracias.ch\/index.php?rest_route=\/wp\/v2\/users\/1"}],"replies":[{"embeddable":true,"href":"https:\/\/mercigracias.ch\/index.php?rest_route=%2Fwp%2Fv2%2Fcomments&post=770"}],"version-history":[{"count":5,"href":"https:\/\/mercigracias.ch\/index.php?rest_route=\/wp\/v2\/pages\/770\/revisions"}],"predecessor-version":[{"id":4618,"href":"https:\/\/mercigracias.ch\/index.php?rest_route=\/wp\/v2\/pages\/770\/revisions\/4618"}],"wp:attachment":[{"href":"https:\/\/mercigracias.ch\/index.php?rest_route=%2Fwp%2Fv2%2Fmedia&parent=770"}],"curies":[{"name":"wp","href":"https:\/\/api.w.org\/{rel}","templated":true}]}}

J&rsquo;étais en dehors du monde

<p class="wp-block-paragraph">&lt;Enregistré le 06 Octobre 2016&gt;</p>



<p class="wp-block-paragraph">Ecoute, j&rsquo;étais totalement en dehors du monde&#8230; <br>Et c&rsquo;était une grande souffrance&#8230; Mais oui, tu vois comme hier, par exemple&#8230; je regarde, je vois différentes choses que je ne devrais pas voir&#8230;</p>



<p class="wp-block-paragraph">Des fois, je suis plus attachée par rapport à hier, dans l&rsquo;âme, que par rapport à ce que je dois faire&#8230;</p>



<p class="wp-block-paragraph">La dernière&#8230; quand on veut m&rsquo;apprendre, comme celle de France qui me faisait la lecture avec moi, quand j&rsquo;étais en deuxième année, qu&rsquo;elle le faisait avec le cœur&#8230; Avec elle, j&rsquo;étais dans une explosion de joie !</p>



<p class="wp-block-paragraph">Parce que, je sentais son cœur&#8230; Je pouvais enfin vivre (Emotion) Je pouvais même enfin me concentrer à l&rsquo;école&#8230;<br>Mais comment te concentrer si tu sens déjà l&rsquo;émotion, si tu sens déjà que la base, elle n&rsquo;est pas là&#8230;?</p>



<p class="wp-block-paragraph">Tu ne peux pas, hein !?</p>



<p class="wp-block-paragraph">Mais là, quand c&rsquo;était dans le partage, qu&rsquo;elle était à côté de moi, c&rsquo;était quelque chose ! Rien quand cette sommelière venait, qu&rsquo;elle me voyait et qu&rsquo;elle me disait :<br>&#8211; Oh, mais donne les moi, tes livres, je vais te les couvrir&#8230;!</p>



<p class="wp-block-paragraph">C&rsquo;était quelque chose, elle prenait du temps pour moi&#8230; </p>



<ul class="wp-block-list">
<li>Elle me voyait&#8230; J&rsquo;existais !</li>
</ul>



<p class="wp-block-paragraph">C&rsquo;était une sommelière, imagine&#8230;Elle ne gagnait rien là dessus et c&rsquo;était les sommelières qui m&rsquo;aidaient à faire mes devoirs&#8230;</p>



<p class="wp-block-paragraph">Après il fallait discuter avec Maman, parce que je lui disais : <br>&#8211; Mais maman, tout le monde met des étiquettes là dessus, <br>sur les livres&#8230; Je dois aller acheter des étiquettes !<br>Je dois aussi aller chercher des étiquettes&#8230;</p>



<p class="wp-block-paragraph">C&rsquo;était encore à discuter par ce qu&rsquo;il fallait mettre des étiquettes dessus&#8230;</p>



<p class="wp-block-paragraph">&#8211; <em>Mais comment elle avait fait dans son enfance ?</em><br><em>Il n&rsquo;y en avait pas eu pour elle ?</em></p>



<p class="wp-block-paragraph">Je n&rsquo;en sais rien, je ne sais pas comment ils vivaient à cette époque, Maman tu vois&#8230; Ils devaient sans doute coller des machins par dessus, bien sûr ça ne devais pas être des autocollants&#8230;</p>



<p class="wp-block-paragraph">Avec Maman, il fallait toujours discuter&#8230; Mais oui, il me faut ça, c&rsquo;est un minimum&#8230;</p>



<p class="wp-block-paragraph">Parce que dans le minimum, elle te disait encore que ce n&rsquo;était pas la peine&#8230;</p>

<p>&lt;Enregistré le 06 Octobre 2016&gt; Ecoute, j&rsquo;étais totalement en dehors du monde&#8230; Et c&rsquo;était une grande souffrance&#8230; Mais oui, tu vois comme hier, par exemple&#8230; je regarde, je vois différentes choses que je ne devrais pas voir&#8230; Des fois, je suis plus attachée par rapport à hier, dans l&rsquo;âme, que par rapport à ce que [&hellip;]</p>
