{"id":793,"date":"2026-01-14T11:19:01","date_gmt":"2026-01-14T11:19:01","guid":{"rendered":"https:\/\/mercigracias.ch\/?page_id=793"},"modified":"2026-06-15T08:27:51","modified_gmt":"2026-06-15T08:27:51","slug":"on-chante-on-chante","status":"publish","type":"page","link":"https:\/\/mercigracias.ch\/?page_id=793","title":{"rendered":"On chante, on chante&#8230;"},"content":{"rendered":"\n<p class=\"wp-block-paragraph\">&lt;Enregistr\u00e9 le 15 Septembre 2016&gt;<\/p>\n\n\n\n<div class=\"wp-block-columns is-not-stacked-on-mobile is-layout-flex wp-container-core-columns-is-layout-794e3cfa wp-block-columns-is-layout-flex\">\n<div class=\"wp-block-column is-layout-flow wp-block-column-is-layout-flow\" style=\"flex-basis:66%\">\n<p class=\"wp-block-paragraph\">Le premier mai quand on allait chanter, on allait chanter en costume folklorique.<\/p>\n\n\n\n<p class=\"wp-block-paragraph\"> <br>Les autres allaient chanter n&rsquo;importe comment.<\/p>\n\n\n\n<p class=\"wp-block-paragraph\"><br>Mais nous, on allait chanter en costume folklorique&#8230;<\/p>\n<\/div>\n\n\n\n<div class=\"wp-block-column is-layout-flow wp-block-column-is-layout-flow\" style=\"flex-basis:33.33%\">\n<figure class=\"wp-block-image size-large is-resized\"><img loading=\"lazy\" decoding=\"async\" width=\"312\" height=\"1024\" src=\"https:\/\/mercigracias.ch\/wp-content\/uploads\/2026\/01\/Isa-Costume-312x1024.jpg\" alt=\"\" class=\"wp-image-792\" style=\"aspect-ratio:0.3046904315196998;width:145px;height:auto\" srcset=\"https:\/\/mercigracias.ch\/wp-content\/uploads\/2026\/01\/Isa-Costume-312x1024.jpg 312w, https:\/\/mercigracias.ch\/wp-content\/uploads\/2026\/01\/Isa-Costume-91x300.jpg 91w, https:\/\/mercigracias.ch\/wp-content\/uploads\/2026\/01\/Isa-Costume-468x1536.jpg 468w, https:\/\/mercigracias.ch\/wp-content\/uploads\/2026\/01\/Isa-Costume.jpg 662w\" sizes=\"auto, (max-width: 312px) 100vw, 312px\" \/><\/figure>\n<\/div>\n<\/div>\n\n\n\n<p class=\"wp-block-paragraph\">Et les 1er mai, c&rsquo;\u00e9taient pour les premiers jours d&rsquo;\u00e9t\u00e9, je crois&#8230; ou parce que c&rsquo;\u00e9tait pour le mois de Marie qui commen\u00e7ait&#8230;?<\/p>\n\n\n\n<p class=\"wp-block-paragraph\">Je ne me souviens plus la signification qu&rsquo;il y avait ce jour l\u00e0&#8230;<br>Faudrait que je redemande&#8230;<\/p>\n\n\n\n<p class=\"wp-block-paragraph\">Enfin, les enfants allaient chanter&#8230; Je pense qu&rsquo;il y avait une \u00e9poque o\u00f9 les gens donnaient des bonbons, des trucs comme \u00e7a&#8230;<\/p>\n\n\n\n<p class=\"wp-block-paragraph\">Mais l\u00e0, ils te donnaient, des fois 10 centimes, des fois 20 centimes&#8230; ou un petit peu d&rsquo;argent et une petite chose avec&#8230;<\/p>\n\n\n\n<p class=\"wp-block-paragraph\">On faisait les portes \u00e0 portes, les portes qu&rsquo;on voulait, mais pas partout&#8230; On ne sonnait pas, on chantait juste derri\u00e8re la porte, la porte ferm\u00e9e. Des fois, ils venaient nous ouvrir, et des fois non&#8230;<\/p>\n\n\n\n<p class=\"wp-block-paragraph\">C&rsquo;\u00e9tait un peu comme Halloween maintenant&#8230; mais nous par contre on chantait&#8230; On chantait en groupe, et parfois toute seule&#8230;<\/p>\n\n\n\n<p class=\"wp-block-paragraph\">On pouvait chanter comme on voulait&#8230;<\/p>\n\n\n\n<p class=\"wp-block-paragraph\">Ma s\u0153ur, elle allait chanter avec ses copines, Josette et l&rsquo;ain\u00e9e des filles de la boulangerie, et moi j&rsquo;allais chanter en g\u00e9n\u00e9ral avec sa petite s\u0153ur. En g\u00e9n\u00e9ral, on y allait toutes les deux&#8230;<\/p>\n\n\n\n<p class=\"wp-block-paragraph\">Parfois j&rsquo;y suis all\u00e9e seule, mais pas beaucoup de fois&#8230; On se donnait rendez vous, et on y allait&#8230; C&rsquo;\u00e9tait comme \u00e7a.<\/p>\n\n\n\n<p class=\"wp-block-paragraph\">Je ne sais plus pourquoi, mais tu chantais les chansons d&rsquo;\u00e9cole, et puis tu chantais les chansons que tu voulais&#8230; M\u00eame des chansons d&rsquo;\u00e9glise, des chansons du Jukebox&#8230; des chansons de partout, mais bien s\u00fbr si c&rsquo;\u00e9tait des chansons trop d&rsquo;\u00e0 c\u00f4t\u00e9, car les gens rep\u00e9raient tr\u00e8s vite, qui c&rsquo;\u00e9tait&#8230;!<\/p>\n\n\n\n<p class=\"wp-block-paragraph\">Hein&#8230; des mamans qui disaient : <br>&#8211; Ah&#8230; mais c&rsquo;est la petite du bistrot, qui chante&#8230;<\/p>\n\n\n\n<p class=\"wp-block-paragraph\">Parce que ce n&rsquo;\u00e9tait pas des chansons d&rsquo;\u00e9cole&#8230; et que c&rsquo;\u00e9tait des chansons du Jukebox !<\/p>\n\n\n\n<p class=\"wp-block-paragraph\">C&rsquo;est comme \u00e7a qu&rsquo;elles me reconnaissaient&#8230;<\/p>\n\n\n\n<p class=\"wp-block-paragraph\">Donc je les apprenais \u00e0 ma copine&#8230; Mais de toute fa\u00e7on, on n&rsquo;avait pas les m\u00eames chansons, puisqu&rsquo;on n&rsquo;\u00e9tait pas dans la m\u00eame classe&#8230; <br>Elle \u00e9tait une ann\u00e9e plus jeune que moi, oui&#8230;<\/p>\n\n\n\n<figure class=\"wp-block-audio\"><audio controls src=\"https:\/\/mercigracias.ch\/wp-content\/uploads\/2026\/01\/20161226-2328_Jukebox-Chant_A.m4a\"><\/audio><\/figure>\n\n\n\n<p class=\"wp-block-paragraph\">Mais autrement, j&rsquo;avais Edith, une cousine \u00e9loign\u00e9e&#8230; Mais elle habitait plus loin&#8230; Donc celle qui \u00e9tait la plus proche, c&rsquo;\u00e9tait ma voisine, c&rsquo;\u00e9tait avec elle que j&rsquo;y allais le plus. C&rsquo;\u00e9tait m\u00eame tr\u00e8s bien qu&rsquo;il y ait la s\u00e9paration avec l&rsquo;\u00e9cole&#8230;<\/p>\n\n\n\n<p class=\"wp-block-paragraph\">Alors les gens nous donnaient parfois un sou, et \u00e0 la fin de la journ\u00e9e on \u00e9tait toute contente&#8230; On comptait nos sous et on allait s&rsquo;acheter un bonbon, ou on allait s&rsquo;acheter une glace&#8230;<\/p>\n\n\n\n<p class=\"wp-block-paragraph\">Moi, je me souviens que c&rsquo;\u00e9tait soit la glace, je crois que c&rsquo;\u00e9tait chaque ann\u00e9e&#8230; Mais il y avait aussi les deux cerises, parce qu&rsquo;au milieu il y avait une bague&#8230; La bague que j&rsquo;avais r\u00eav\u00e9e depuis longtemps&#8230; Et ben tiens, je me disais : <br>&#8211; Le 1er mai, j&rsquo;irai me l&rsquo;acheter&#8230;<\/p>\n\n\n\n<p class=\"wp-block-paragraph\">Des trucs comme \u00e7a&#8230; et on se retrouvait sur la cour, \u00e0 plusieurs enfants&#8230; En g\u00e9n\u00e9ral c&rsquo;\u00e9tait avec ma s\u0153ur et les deux s\u0153urs de la boulangerie, c&rsquo;\u00e9taient nos copines. On \u00e9tait toujours avec elles&#8230;<\/p>\n\n\n\n<p class=\"wp-block-paragraph\">Moi, mon enfance c&rsquo;\u00e9tait avec les enfants de la boulangerie&#8230;<\/p>\n\n\n\n<p class=\"wp-block-paragraph\">Et au buffet, comme on recevait des rouleaux de 20 centimes \u00e0 la cuisine et quand un enfant venait chanter, on lui donnait 20 centimes&#8230; aussi. Alors des fois, j&rsquo;aimais bien aussi \u00eatre derri\u00e8re la porte d&rsquo;entr\u00e9e pour celui qui venait chanter devant chez nous, pour lui donner 20 centimes&#8230;<\/p>\n\n\n\n<p class=\"wp-block-paragraph\">C&rsquo;\u00e9tait avant mes 11 ans&#8230; Apr\u00e8s on n&rsquo;y allait plus&#8230; Il arrive un \u00e2ge o\u00f9 tu n&rsquo;y allais plus&#8230; Mais de toute fa\u00e7on apr\u00e8s mes 11 ans&#8230; <\/p>\n\n\n\n<p class=\"wp-block-paragraph\">Rien n&rsquo;\u00e9tait vraiment pareil&#8230;<\/p>\n\n\n\n<p class=\"wp-block-paragraph\"><\/p>\n","protected":false},"excerpt":{"rendered":"<p>&lt;Enregistr\u00e9 le 15 Septembre 2016&gt; Le premier mai quand on allait chanter, on allait chanter en costume folklorique. Les autres allaient chanter n&rsquo;importe comment. Mais nous, on allait chanter en costume folklorique&#8230; Et les 1er mai, c&rsquo;\u00e9taient pour les premiers jours d&rsquo;\u00e9t\u00e9, je crois&#8230; ou parce que c&rsquo;\u00e9tait pour le mois de Marie qui commen\u00e7ait&#8230;? [&hellip;]<\/p>\n","protected":false},"author":1,"featured_media":0,"parent":0,"menu_order":0,"comment_status":"open","ping_status":"closed","template":"pages-chapitre-05","meta":{"footnotes":""},"class_list":["post-793","page","type-page","status-publish","hentry"],"jetpack_sharing_enabled":true,"_links":{"self":[{"href":"https:\/\/mercigracias.ch\/index.php?rest_route=\/wp\/v2\/pages\/793","targetHints":{"allow":["GET"]}}],"collection":[{"href":"https:\/\/mercigracias.ch\/index.php?rest_route=\/wp\/v2\/pages"}],"about":[{"href":"https:\/\/mercigracias.ch\/index.php?rest_route=\/wp\/v2\/types\/page"}],"author":[{"embeddable":true,"href":"https:\/\/mercigracias.ch\/index.php?rest_route=\/wp\/v2\/users\/1"}],"replies":[{"embeddable":true,"href":"https:\/\/mercigracias.ch\/index.php?rest_route=%2Fwp%2Fv2%2Fcomments&post=793"}],"version-history":[{"count":11,"href":"https:\/\/mercigracias.ch\/index.php?rest_route=\/wp\/v2\/pages\/793\/revisions"}],"predecessor-version":[{"id":4624,"href":"https:\/\/mercigracias.ch\/index.php?rest_route=\/wp\/v2\/pages\/793\/revisions\/4624"}],"wp:attachment":[{"href":"https:\/\/mercigracias.ch\/index.php?rest_route=%2Fwp%2Fv2%2Fmedia&parent=793"}],"curies":[{"name":"wp","href":"https:\/\/api.w.org\/{rel}","templated":true}]}}

<p class="wp-block-paragraph">&lt;Enregistré le 15 Septembre 2016&gt;</p>



<div class="wp-block-columns is-not-stacked-on-mobile is-layout-flex wp-container-core-columns-is-layout-794e3cfa wp-block-columns-is-layout-flex">
<div class="wp-block-column is-layout-flow wp-block-column-is-layout-flow" style="flex-basis:66%">
<p class="wp-block-paragraph">Le premier mai quand on allait chanter, on allait chanter en costume folklorique.</p>



<p class="wp-block-paragraph"> <br>Les autres allaient chanter n&rsquo;importe comment.</p>



<p class="wp-block-paragraph"><br>Mais nous, on allait chanter en costume folklorique&#8230;</p>
</div>



<div class="wp-block-column is-layout-flow wp-block-column-is-layout-flow" style="flex-basis:33.33%">
<figure class="wp-block-image size-large is-resized"><img loading="lazy" decoding="async" width="312" height="1024" src="https://mercigracias.ch/wp-content/uploads/2026/01/Isa-Costume-312x1024.jpg" alt="" class="wp-image-792" style="aspect-ratio:0.3046904315196998;width:145px;height:auto" srcset="https://mercigracias.ch/wp-content/uploads/2026/01/Isa-Costume-312x1024.jpg 312w, https://mercigracias.ch/wp-content/uploads/2026/01/Isa-Costume-91x300.jpg 91w, https://mercigracias.ch/wp-content/uploads/2026/01/Isa-Costume-468x1536.jpg 468w, https://mercigracias.ch/wp-content/uploads/2026/01/Isa-Costume.jpg 662w" sizes="auto, (max-width: 312px) 100vw, 312px" /></figure>
</div>
</div>



<p class="wp-block-paragraph">Et les 1er mai, c&rsquo;étaient pour les premiers jours d&rsquo;été, je crois&#8230; ou parce que c&rsquo;était pour le mois de Marie qui commençait&#8230;?</p>



<p class="wp-block-paragraph">Je ne me souviens plus la signification qu&rsquo;il y avait ce jour là&#8230;<br>Faudrait que je redemande&#8230;</p>



<p class="wp-block-paragraph">Enfin, les enfants allaient chanter&#8230; Je pense qu&rsquo;il y avait une époque où les gens donnaient des bonbons, des trucs comme ça&#8230;</p>



<p class="wp-block-paragraph">Mais là, ils te donnaient, des fois 10 centimes, des fois 20 centimes&#8230; ou un petit peu d&rsquo;argent et une petite chose avec&#8230;</p>



<p class="wp-block-paragraph">On faisait les portes à portes, les portes qu&rsquo;on voulait, mais pas partout&#8230; On ne sonnait pas, on chantait juste derrière la porte, la porte fermée. Des fois, ils venaient nous ouvrir, et des fois non&#8230;</p>



<p class="wp-block-paragraph">C&rsquo;était un peu comme Halloween maintenant&#8230; mais nous par contre on chantait&#8230; On chantait en groupe, et parfois toute seule&#8230;</p>



<p class="wp-block-paragraph">On pouvait chanter comme on voulait&#8230;</p>



<p class="wp-block-paragraph">Ma sœur, elle allait chanter avec ses copines, Josette et l&rsquo;ainée des filles de la boulangerie, et moi j&rsquo;allais chanter en général avec sa petite sœur. En général, on y allait toutes les deux&#8230;</p>



<p class="wp-block-paragraph">Parfois j&rsquo;y suis allée seule, mais pas beaucoup de fois&#8230; On se donnait rendez vous, et on y allait&#8230; C&rsquo;était comme ça.</p>



<p class="wp-block-paragraph">Je ne sais plus pourquoi, mais tu chantais les chansons d&rsquo;école, et puis tu chantais les chansons que tu voulais&#8230; Même des chansons d&rsquo;église, des chansons du Jukebox&#8230; des chansons de partout, mais bien sûr si c&rsquo;était des chansons trop d&rsquo;à côté, car les gens repéraient très vite, qui c&rsquo;était&#8230;!</p>



<p class="wp-block-paragraph">Hein&#8230; des mamans qui disaient : <br>&#8211; Ah&#8230; mais c&rsquo;est la petite du bistrot, qui chante&#8230;</p>



<p class="wp-block-paragraph">Parce que ce n&rsquo;était pas des chansons d&rsquo;école&#8230; et que c&rsquo;était des chansons du Jukebox !</p>



<p class="wp-block-paragraph">C&rsquo;est comme ça qu&rsquo;elles me reconnaissaient&#8230;</p>



<p class="wp-block-paragraph">Donc je les apprenais à ma copine&#8230; Mais de toute façon, on n&rsquo;avait pas les mêmes chansons, puisqu&rsquo;on n&rsquo;était pas dans la même classe&#8230; <br>Elle était une année plus jeune que moi, oui&#8230;</p>



<figure class="wp-block-audio"><audio controls src="https://mercigracias.ch/wp-content/uploads/2026/01/20161226-2328_Jukebox-Chant_A.m4a"></audio></figure>



<p class="wp-block-paragraph">Mais autrement, j&rsquo;avais Edith, une cousine éloignée&#8230; Mais elle habitait plus loin&#8230; Donc celle qui était la plus proche, c&rsquo;était ma voisine, c&rsquo;était avec elle que j&rsquo;y allais le plus. C&rsquo;était même très bien qu&rsquo;il y ait la séparation avec l&rsquo;école&#8230;</p>



<p class="wp-block-paragraph">Alors les gens nous donnaient parfois un sou, et à la fin de la journée on était toute contente&#8230; On comptait nos sous et on allait s&rsquo;acheter un bonbon, ou on allait s&rsquo;acheter une glace&#8230;</p>



<p class="wp-block-paragraph">Moi, je me souviens que c&rsquo;était soit la glace, je crois que c&rsquo;était chaque année&#8230; Mais il y avait aussi les deux cerises, parce qu&rsquo;au milieu il y avait une bague&#8230; La bague que j&rsquo;avais rêvée depuis longtemps&#8230; Et ben tiens, je me disais : <br>&#8211; Le 1er mai, j&rsquo;irai me l&rsquo;acheter&#8230;</p>



<p class="wp-block-paragraph">Des trucs comme ça&#8230; et on se retrouvait sur la cour, à plusieurs enfants&#8230; En général c&rsquo;était avec ma sœur et les deux sœurs de la boulangerie, c&rsquo;étaient nos copines. On était toujours avec elles&#8230;</p>



<p class="wp-block-paragraph">Moi, mon enfance c&rsquo;était avec les enfants de la boulangerie&#8230;</p>



<p class="wp-block-paragraph">Et au buffet, comme on recevait des rouleaux de 20 centimes à la cuisine et quand un enfant venait chanter, on lui donnait 20 centimes&#8230; aussi. Alors des fois, j&rsquo;aimais bien aussi être derrière la porte d&rsquo;entrée pour celui qui venait chanter devant chez nous, pour lui donner 20 centimes&#8230;</p>



<p class="wp-block-paragraph">C&rsquo;était avant mes 11 ans&#8230; Après on n&rsquo;y allait plus&#8230; Il arrive un âge où tu n&rsquo;y allais plus&#8230; Mais de toute façon après mes 11 ans&#8230; </p>



<p class="wp-block-paragraph">Rien n&rsquo;était vraiment pareil&#8230;</p>



<p class="wp-block-paragraph"></p>

<p>&lt;Enregistré le 15 Septembre 2016&gt; Le premier mai quand on allait chanter, on allait chanter en costume folklorique. Les autres allaient chanter n&rsquo;importe comment. Mais nous, on allait chanter en costume folklorique&#8230; Et les 1er mai, c&rsquo;étaient pour les premiers jours d&rsquo;été, je crois&#8230; ou parce que c&rsquo;était pour le mois de Marie qui commençait&#8230;? [&hellip;]</p>
