{"id":820,"date":"2026-01-14T18:44:17","date_gmt":"2026-01-14T18:44:17","guid":{"rendered":"https:\/\/mercigracias.ch\/?page_id=820"},"modified":"2026-06-17T12:16:14","modified_gmt":"2026-06-17T12:16:14","slug":"10-ans-annee-de-merde","status":"publish","type":"page","link":"https:\/\/mercigracias.ch\/?page_id=820","title":{"rendered":"10 ans, ann\u00e9e de merde"},"content":{"rendered":"\n<p class=\"wp-block-paragraph\">&lt;Enregistr\u00e9 le 28 Septembre 2014&gt;<\/p>\n\n\n\n<p class=\"wp-block-paragraph\">Alors en troisi\u00e8me ann\u00e9e, il y a tout eu&#8230;<\/p>\n\n\n\n<p class=\"wp-block-paragraph\">Autant au niveau personnel, entre 9 an et demi et 10 ans et demi, je pense l\u00e0 autour, j&rsquo;ai eu le truc personnel&#8230;<br>Encore enfant, o\u00f9 j&rsquo;ai \u00e9t\u00e9 tr\u00e8s touch\u00e9e, dans ma profondeur personnelle&#8230;<\/p>\n\n\n\n<p class=\"wp-block-paragraph\">L&rsquo;indicible&#8230; Dont je n&rsquo;ai jamais pu parler et qui m&rsquo;a beaucoup affect\u00e9e dans ma vie d&rsquo;adulte.<\/p>\n\n\n\n<p class=\"wp-block-paragraph\">Et au niveau de l&rsquo;\u00e9cole, le rejet d&rsquo;une prof, qui me donne des punitions injustifi\u00e9es \u00e0 plusieurs reprises, des punitions qui ne sont pas correctes&#8230; Avec l&rsquo;histoire du cahier que je n&rsquo;ai pas rendu alors que finalement ce n&rsquo;\u00e9tait pas vrai&#8230;!<br>J&rsquo;ai bien r\u00e9ussi \u00e0 ne pas retourner en classe, en faisant croire \u00e0 Maman que j&rsquo;\u00e9tais malade, tout \u00e7a pour qu&rsquo;elle me redonne mon cahier deux semaines plus tard, comme si de rien n&rsquo;\u00e9tait&#8230;!?<\/p>\n\n\n\n<p class=\"wp-block-paragraph\">Alors que j&rsquo;avais tout \u00e0 fait raison&#8230; Et celle-l\u00e0 qui m&rsquo;enfonce, alors que je vivais d\u00e9j\u00e0 des choses impensables&#8230; !<\/p>\n\n\n\n<p class=\"wp-block-paragraph\">Bien s\u00fbr, j&rsquo;avais bien compris qu&rsquo;elle avait eu ma s\u0153ur avant moi et qu&rsquo;elle ne l&rsquo;avait pas support\u00e9e, et qu&rsquo;elle me faisait payer les pots cass\u00e9s&#8230; C&rsquo;est la seule prof que j&rsquo;ai eu apr\u00e8s ma s\u0153ur&#8230; Pendant deux ans et c&rsquo;est la seule Prof qui m&rsquo;a enfonc\u00e9e&#8230;<\/p>\n\n\n\n<p class=\"wp-block-paragraph\">Tu veux croire, elle a d\u00e9test\u00e9 ma s\u0153ur et j&rsquo;ai du payer les pots cass\u00e9s derri\u00e8re !<\/p>\n\n\n\n<p class=\"wp-block-paragraph\">Et il y a eu ce c\u00f4t\u00e9 noir, et l&rsquo;autre positif&#8230; puisque comme j&rsquo;\u00e9tais enfonc\u00e9e et que j&rsquo;avais eu de mauvais r\u00e9sultats, Maman avait refus\u00e9 de me signer mon carnet alors j&rsquo;ai d\u00fb prendre la d\u00e9cision de signer moi-m\u00eame mon carnet de notes.<\/p>\n\n\n\n<p class=\"wp-block-paragraph\">Mais il y avait aussi ce c\u00f4t\u00e9 o\u00f9 quand j&rsquo;avais un souci et bien Maman, elle n&rsquo;\u00e9tait pas l\u00e0&#8230; et refusait de signer mon carnet.<\/p>\n\n\n\n<p class=\"wp-block-paragraph\">Et que si je retournais \u00e0 l&rsquo;\u00e9cole chez celle-l\u00e0&#8230; Euh&#8230; Je ne savais pas ce qui allait se passer, si elle allait me tuer&#8230; Je ne savais pas ce qu&rsquo;elle allait faire avec moi, puisqu&rsquo;elle ne pouvait pas me piffrer !<\/p>\n\n\n\n<p class=\"wp-block-paragraph\">Donc tout s&rsquo;est pass\u00e9 entre 9 et 10 ans, voil\u00e0&#8230; Il y a eu beaucoup, hein ?<\/p>\n\n\n\n<p class=\"wp-block-paragraph\">&#8211; Mais \u00e7a m&rsquo;a d\u00e9truite en fin de compte ! <br>&#8211; <em>Quoi ?<\/em><\/p>\n\n\n\n<p class=\"wp-block-paragraph\">&#8211; Ben le fait qu&rsquo;au niveau personnel&#8230; de ne plus me sentir dans mon corps, et de ne plus me sentir exister par rapport \u00e0 l&rsquo;\u00e9cole o\u00f9 on m&rsquo;\u00e9crasait&#8230; \u00c7a a cass\u00e9 ma confiance, et puis au niveau de Maman, o\u00f9 elle me montre qu&rsquo;elle n&rsquo;est pas pr\u00e9sente, qu&rsquo;elle ne me donnera aucun appui&#8230;<\/p>\n\n\n\n<ul class=\"wp-block-list\">\n<li>Que je suis seule pour affronter l&rsquo;impossible !<\/li>\n<\/ul>\n\n\n\n<p class=\"wp-block-paragraph\">Qu&rsquo;en fin de compte, je ne pouvais pas lui avouer ce que je vivais personnellement&#8230;<\/p>\n\n\n\n<p class=\"wp-block-paragraph\">Et par rapport \u00e0 ce que je vivais \u00e0 l&rsquo;\u00e9cole, quand j&rsquo;avais des punitions, je devais encore lui mentir parce que je n&rsquo;allais pas lui dire, puisque je savais qu&rsquo;elle ne m&rsquo;appuierait pas&#8230; Puisque m\u00eame en lui expliquant que cette maitresse elle m&rsquo;en voulait, elle d\u00e9cide qu&rsquo;elle ne veut pas signer mon carnet&#8230;<\/p>\n\n\n\n<p class=\"wp-block-paragraph\">C&rsquo;\u00e9tait une grande d\u00e9tresse&#8230;(Emotion)<\/p>\n\n\n\n<p class=\"wp-block-paragraph\">Alors je me suis dit : <br>&#8211; Et maintenant ? Comment est ce que tu vas faire&#8230;\u00e0 10 ans ?<\/p>\n\n\n\n<p class=\"wp-block-paragraph\">Alors c&rsquo;est une nuit l\u00e0, apr\u00e8s mille interrogations que je d\u00e9cide que voil\u00e0, j&rsquo;habite \u00e0 l&rsquo;h\u00f4tel et que je vais signer mes cahiers moi-m\u00eame&#8230;<\/p>\n\n\n\n<p class=\"wp-block-paragraph\">&#8211; <em>Apr\u00e8s t&rsquo;as rencontr\u00e9 le juge&#8230;? (Je n&rsquo;avais pas compris de quoi elle parlait ce jour l\u00e0&#8230;)<\/em><\/p>\n\n\n\n<p class=\"wp-block-paragraph\">&#8211; Ah oui&#8230; mais \u00e7a c&rsquo;\u00e9tait apr\u00e8s avoir quitt\u00e9 le buffet, apr\u00e8s ce fameux 8 octobre&#8230; C&rsquo;\u00e9tait beaucoup plus tard.<br>C&rsquo;\u00e9tait \u00e0 13 ans, \u00e7a&#8230; \u00e7a n&rsquo;a rien \u00e0 voir.<\/p>\n\n\n\n<p class=\"wp-block-paragraph\">&#8211; <em>\u00c7a a d\u00fb te faire un bien fou, quand m\u00eame (de rencontrer ce juge bourr\u00e9)<\/em><\/p>\n\n\n\n<p class=\"wp-block-paragraph\">&#8211; Oui, \u00e0 13 ans, \u00e7a m&rsquo;a fait un bien fou, parce que par rapport \u00e0 ce que je vivais au niveau du buffet&#8230; que je venais d&rsquo;\u00eatre foutue dehors que je n&rsquo;avais plus de maison, que tout le monde me rejetait encore et encore&#8230; Lui, au moins il reconnaissait qu&rsquo;en fin de compte j&rsquo;existais&#8230;<\/p>\n\n\n\n<p class=\"wp-block-paragraph\">Car c&rsquo;\u00e9tait le premier qui m&rsquo;avait dit :<br>&#8211; Oui, t&rsquo;es aussi dans l&rsquo;histoire, tu fais partie de cette histoire&#8230; Celle de tes parents, c&rsquo;est la tienne aussi !<\/p>\n\n\n\n<p class=\"wp-block-paragraph\">Parce que jusque l\u00e0, on m&rsquo;avait trimball\u00e9e comme une chose, comme une armoire, comme une chaussette, comme n&rsquo;importe quoi&#8230;<\/p>\n\n\n\n<p class=\"wp-block-paragraph\">On avait d\u00e9cid\u00e9 que j&rsquo;allais l\u00e0, que j&rsquo;allais l\u00e0&#8230; que je n&rsquo;\u00e9tais personne.<\/p>\n\n\n\n<p class=\"wp-block-paragraph\">Et lui, il me met sa main sur l&rsquo;\u00e9paule, et il me dit :<br>&#8211; Non, mais c&rsquo;est bien toi qui vit la chose&#8230;!<\/p>\n\n\n\n<p class=\"wp-block-paragraph\">Une reconnaissance de l&rsquo;individu&#8230; \u00e0 l&rsquo;individu. Une lumi\u00e8re dans l&rsquo;obscurit\u00e9 qui s&rsquo;allume ! C&rsquo;\u00e9tait la premi\u00e8re fois que j&rsquo;avais une reconnaissance au niveau de l&rsquo;individu.<\/p>\n\n\n\n<ul class=\"wp-block-list\">\n<li>J&rsquo;existais, quelqu&rsquo;un me voyait en tant qu&rsquo;individu&#8230;<\/li>\n<\/ul>\n\n\n\n<p class=\"wp-block-paragraph\">Parce que dans l&rsquo;histoire, je n&rsquo;existe m\u00eame pas, comme je suis trimball\u00e9e par la suite&#8230;<\/p>\n\n\n\n<p class=\"wp-block-paragraph\">&#8211; <em>Et en plus tu tombes sur des professeurs qui veulent t&rsquo;\u00e9craser&#8230;<\/em><\/p>\n\n\n\n<p class=\"wp-block-paragraph\">&#8211; Oui, puisque en l&rsquo;espace d&rsquo;une demi-heure, Maman me dit : <br>&#8211; Ben voil\u00e0&#8230; Ben \u00e9coute, la police viendra te chercher&#8230; et ton p\u00e8re, il t&rsquo;a inscrite \u00e0 l&rsquo;orphelinat&#8230;<\/p>\n\n\n\n<p class=\"wp-block-paragraph\">Voil\u00e0&#8230; Nooonnnn&#8230; C&rsquo;\u00e9tait \u00e0 hurler !<\/p>\n","protected":false},"excerpt":{"rendered":"<p>&lt;Enregistr\u00e9 le 28 Septembre 2014&gt; Alors en troisi\u00e8me ann\u00e9e, il y a tout eu&#8230; Autant au niveau personnel, entre 9 an et demi et 10 ans et demi, je pense l\u00e0 autour, j&rsquo;ai eu le truc personnel&#8230;Encore enfant, o\u00f9 j&rsquo;ai \u00e9t\u00e9 tr\u00e8s touch\u00e9e, dans ma profondeur personnelle&#8230; L&rsquo;indicible&#8230; Dont je n&rsquo;ai jamais pu parler et [&hellip;]<\/p>\n","protected":false},"author":1,"featured_media":0,"parent":0,"menu_order":0,"comment_status":"open","ping_status":"closed","template":"pages-chapitre-05","meta":{"footnotes":""},"class_list":["post-820","page","type-page","status-publish","hentry"],"jetpack_sharing_enabled":true,"_links":{"self":[{"href":"https:\/\/mercigracias.ch\/index.php?rest_route=\/wp\/v2\/pages\/820","targetHints":{"allow":["GET"]}}],"collection":[{"href":"https:\/\/mercigracias.ch\/index.php?rest_route=\/wp\/v2\/pages"}],"about":[{"href":"https:\/\/mercigracias.ch\/index.php?rest_route=\/wp\/v2\/types\/page"}],"author":[{"embeddable":true,"href":"https:\/\/mercigracias.ch\/index.php?rest_route=\/wp\/v2\/users\/1"}],"replies":[{"embeddable":true,"href":"https:\/\/mercigracias.ch\/index.php?rest_route=%2Fwp%2Fv2%2Fcomments&post=820"}],"version-history":[{"count":9,"href":"https:\/\/mercigracias.ch\/index.php?rest_route=\/wp\/v2\/pages\/820\/revisions"}],"predecessor-version":[{"id":4637,"href":"https:\/\/mercigracias.ch\/index.php?rest_route=\/wp\/v2\/pages\/820\/revisions\/4637"}],"wp:attachment":[{"href":"https:\/\/mercigracias.ch\/index.php?rest_route=%2Fwp%2Fv2%2Fmedia&parent=820"}],"curies":[{"name":"wp","href":"https:\/\/api.w.org\/{rel}","templated":true}]}}

10 ans, année de merde

<p class="wp-block-paragraph">&lt;Enregistré le 28 Septembre 2014&gt;</p>



<p class="wp-block-paragraph">Alors en troisième année, il y a tout eu&#8230;</p>



<p class="wp-block-paragraph">Autant au niveau personnel, entre 9 an et demi et 10 ans et demi, je pense là autour, j&rsquo;ai eu le truc personnel&#8230;<br>Encore enfant, où j&rsquo;ai été très touchée, dans ma profondeur personnelle&#8230;</p>



<p class="wp-block-paragraph">L&rsquo;indicible&#8230; Dont je n&rsquo;ai jamais pu parler et qui m&rsquo;a beaucoup affectée dans ma vie d&rsquo;adulte.</p>



<p class="wp-block-paragraph">Et au niveau de l&rsquo;école, le rejet d&rsquo;une prof, qui me donne des punitions injustifiées à plusieurs reprises, des punitions qui ne sont pas correctes&#8230; Avec l&rsquo;histoire du cahier que je n&rsquo;ai pas rendu alors que finalement ce n&rsquo;était pas vrai&#8230;!<br>J&rsquo;ai bien réussi à ne pas retourner en classe, en faisant croire à Maman que j&rsquo;étais malade, tout ça pour qu&rsquo;elle me redonne mon cahier deux semaines plus tard, comme si de rien n&rsquo;était&#8230;!?</p>



<p class="wp-block-paragraph">Alors que j&rsquo;avais tout à fait raison&#8230; Et celle-là qui m&rsquo;enfonce, alors que je vivais déjà des choses impensables&#8230; !</p>



<p class="wp-block-paragraph">Bien sûr, j&rsquo;avais bien compris qu&rsquo;elle avait eu ma sœur avant moi et qu&rsquo;elle ne l&rsquo;avait pas supportée, et qu&rsquo;elle me faisait payer les pots cassés&#8230; C&rsquo;est la seule prof que j&rsquo;ai eu après ma sœur&#8230; Pendant deux ans et c&rsquo;est la seule Prof qui m&rsquo;a enfoncée&#8230;</p>



<p class="wp-block-paragraph">Tu veux croire, elle a détesté ma sœur et j&rsquo;ai du payer les pots cassés derrière !</p>



<p class="wp-block-paragraph">Et il y a eu ce côté noir, et l&rsquo;autre positif&#8230; puisque comme j&rsquo;étais enfoncée et que j&rsquo;avais eu de mauvais résultats, Maman avait refusé de me signer mon carnet alors j&rsquo;ai dû prendre la décision de signer moi-même mon carnet de notes.</p>



<p class="wp-block-paragraph">Mais il y avait aussi ce côté où quand j&rsquo;avais un souci et bien Maman, elle n&rsquo;était pas là&#8230; et refusait de signer mon carnet.</p>



<p class="wp-block-paragraph">Et que si je retournais à l&rsquo;école chez celle-là&#8230; Euh&#8230; Je ne savais pas ce qui allait se passer, si elle allait me tuer&#8230; Je ne savais pas ce qu&rsquo;elle allait faire avec moi, puisqu&rsquo;elle ne pouvait pas me piffrer !</p>



<p class="wp-block-paragraph">Donc tout s&rsquo;est passé entre 9 et 10 ans, voilà&#8230; Il y a eu beaucoup, hein ?</p>



<p class="wp-block-paragraph">&#8211; Mais ça m&rsquo;a détruite en fin de compte ! <br>&#8211; <em>Quoi ?</em></p>



<p class="wp-block-paragraph">&#8211; Ben le fait qu&rsquo;au niveau personnel&#8230; de ne plus me sentir dans mon corps, et de ne plus me sentir exister par rapport à l&rsquo;école où on m&rsquo;écrasait&#8230; Ça a cassé ma confiance, et puis au niveau de Maman, où elle me montre qu&rsquo;elle n&rsquo;est pas présente, qu&rsquo;elle ne me donnera aucun appui&#8230;</p>



<ul class="wp-block-list">
<li>Que je suis seule pour affronter l&rsquo;impossible !</li>
</ul>



<p class="wp-block-paragraph">Qu&rsquo;en fin de compte, je ne pouvais pas lui avouer ce que je vivais personnellement&#8230;</p>



<p class="wp-block-paragraph">Et par rapport à ce que je vivais à l&rsquo;école, quand j&rsquo;avais des punitions, je devais encore lui mentir parce que je n&rsquo;allais pas lui dire, puisque je savais qu&rsquo;elle ne m&rsquo;appuierait pas&#8230; Puisque même en lui expliquant que cette maitresse elle m&rsquo;en voulait, elle décide qu&rsquo;elle ne veut pas signer mon carnet&#8230;</p>



<p class="wp-block-paragraph">C&rsquo;était une grande détresse&#8230;(Emotion)</p>



<p class="wp-block-paragraph">Alors je me suis dit : <br>&#8211; Et maintenant ? Comment est ce que tu vas faire&#8230;à 10 ans ?</p>



<p class="wp-block-paragraph">Alors c&rsquo;est une nuit là, après mille interrogations que je décide que voilà, j&rsquo;habite à l&rsquo;hôtel et que je vais signer mes cahiers moi-même&#8230;</p>



<p class="wp-block-paragraph">&#8211; <em>Après t&rsquo;as rencontré le juge&#8230;? (Je n&rsquo;avais pas compris de quoi elle parlait ce jour là&#8230;)</em></p>



<p class="wp-block-paragraph">&#8211; Ah oui&#8230; mais ça c&rsquo;était après avoir quitté le buffet, après ce fameux 8 octobre&#8230; C&rsquo;était beaucoup plus tard.<br>C&rsquo;était à 13 ans, ça&#8230; ça n&rsquo;a rien à voir.</p>



<p class="wp-block-paragraph">&#8211; <em>Ça a dû te faire un bien fou, quand même (de rencontrer ce juge bourré)</em></p>



<p class="wp-block-paragraph">&#8211; Oui, à 13 ans, ça m&rsquo;a fait un bien fou, parce que par rapport à ce que je vivais au niveau du buffet&#8230; que je venais d&rsquo;être foutue dehors que je n&rsquo;avais plus de maison, que tout le monde me rejetait encore et encore&#8230; Lui, au moins il reconnaissait qu&rsquo;en fin de compte j&rsquo;existais&#8230;</p>



<p class="wp-block-paragraph">Car c&rsquo;était le premier qui m&rsquo;avait dit :<br>&#8211; Oui, t&rsquo;es aussi dans l&rsquo;histoire, tu fais partie de cette histoire&#8230; Celle de tes parents, c&rsquo;est la tienne aussi !</p>



<p class="wp-block-paragraph">Parce que jusque là, on m&rsquo;avait trimballée comme une chose, comme une armoire, comme une chaussette, comme n&rsquo;importe quoi&#8230;</p>



<p class="wp-block-paragraph">On avait décidé que j&rsquo;allais là, que j&rsquo;allais là&#8230; que je n&rsquo;étais personne.</p>



<p class="wp-block-paragraph">Et lui, il me met sa main sur l&rsquo;épaule, et il me dit :<br>&#8211; Non, mais c&rsquo;est bien toi qui vit la chose&#8230;!</p>



<p class="wp-block-paragraph">Une reconnaissance de l&rsquo;individu&#8230; à l&rsquo;individu. Une lumière dans l&rsquo;obscurité qui s&rsquo;allume ! C&rsquo;était la première fois que j&rsquo;avais une reconnaissance au niveau de l&rsquo;individu.</p>



<ul class="wp-block-list">
<li>J&rsquo;existais, quelqu&rsquo;un me voyait en tant qu&rsquo;individu&#8230;</li>
</ul>



<p class="wp-block-paragraph">Parce que dans l&rsquo;histoire, je n&rsquo;existe même pas, comme je suis trimballée par la suite&#8230;</p>



<p class="wp-block-paragraph">&#8211; <em>Et en plus tu tombes sur des professeurs qui veulent t&rsquo;écraser&#8230;</em></p>



<p class="wp-block-paragraph">&#8211; Oui, puisque en l&rsquo;espace d&rsquo;une demi-heure, Maman me dit : <br>&#8211; Ben voilà&#8230; Ben écoute, la police viendra te chercher&#8230; et ton père, il t&rsquo;a inscrite à l&rsquo;orphelinat&#8230;</p>



<p class="wp-block-paragraph">Voilà&#8230; Nooonnnn&#8230; C&rsquo;était à hurler !</p>

<p>&lt;Enregistré le 28 Septembre 2014&gt; Alors en troisième année, il y a tout eu&#8230; Autant au niveau personnel, entre 9 an et demi et 10 ans et demi, je pense là autour, j&rsquo;ai eu le truc personnel&#8230;Encore enfant, où j&rsquo;ai été très touchée, dans ma profondeur personnelle&#8230; L&rsquo;indicible&#8230; Dont je n&rsquo;ai jamais pu parler et [&hellip;]</p>
