{"id":868,"date":"2026-01-18T13:06:39","date_gmt":"2026-01-18T13:06:39","guid":{"rendered":"https:\/\/mercigracias.ch\/?page_id=868"},"modified":"2026-06-18T07:12:37","modified_gmt":"2026-06-18T07:12:37","slug":"la-fessee","status":"publish","type":"page","link":"https:\/\/mercigracias.ch\/?page_id=868","title":{"rendered":"La fess\u00e9e"},"content":{"rendered":"\n<p class=\"wp-block-paragraph\">&lt;Enregistr\u00e9 le 02 Septembre 2014&gt;<\/p>\n\n\n\n<p class=\"wp-block-paragraph\">On ne retourne pas au magasin&#8230; En fin de compte, elle n&rsquo;allait pas chercher parce que \u00e7a l&#8217;emb\u00eatais de retourner, d&rsquo;aller jusque au magasin, m&rsquo;en chercher une, une de glace&#8230; Alors qu&rsquo;elle en mangeait une devant moi, et c&rsquo;est pour \u00e7a que son p\u00e8re lui avait donn\u00e9 une fess\u00e9e, il lui avait donn\u00e9 une claque&#8230;<\/p>\n\n\n\n<p class=\"wp-block-paragraph\">Il avait dit : <br>&#8211; Mais pourquoi&#8230;?<\/p>\n\n\n\n<p class=\"wp-block-paragraph\">Il l&rsquo;avait vraiment prise de c\u00f4t\u00e9 et lui avait dit : <br>&#8211; Viens, je vais te montrer&#8230;<\/p>\n\n\n\n<p class=\"wp-block-paragraph\">C&rsquo;\u00e9tait tout des choses que je voyais que je sentais aussi, si elle allait en chercher une ou si \u00e7a allait l&#8217;emb\u00eater&#8230; Je sentais quand elle faisait quelque chose, si elle allait m&rsquo;inviter ou si elle n&rsquo;allait pas m&rsquo;inviter&#8230;<\/p>\n\n\n\n<p class=\"wp-block-paragraph\">Chez elle, c&rsquo;\u00e9tait pas qu&rsquo;elle ne voulait pas le faire, c&rsquo;\u00e9tait juste un peu de paresse&#8230;<\/p>\n\n\n\n<p class=\"wp-block-paragraph\">Elle me disait : <br>&#8211; Oh, ben d&rsquo;accord mais tu vas chercher alors&#8230;!<\/p>\n\n\n\n<p class=\"wp-block-paragraph\">C&rsquo;\u00e9tait p\u00e9nible, je la regardais comme \u00e7a et je lui avais dit : <br>&#8211; Mais&#8230;<\/p>\n\n\n\n<p class=\"wp-block-paragraph\">Et parfois quand son p\u00e8re nous disait : <br>&#8211; J&rsquo;ai besoin de mains au laboratoire&#8230; et elle disait : <br>&#8211; Ohh&#8230; Noooonn&#8230;<br>ou ..<br>&#8211; Oh !&#8230; Je crois qu&rsquo;il y a papa qui monte&#8230;<\/p>\n\n\n\n<p class=\"wp-block-paragraph\">et puis moi :<br>&#8211; Oh&#8230; mais c&rsquo;est super, on va aller l&rsquo;aider&#8230;!<br>&#8211; Aahhh Noonnnn&#8230;<br>&#8211; Oh oui, \u00e7a sent bon en bas&#8230; C&rsquo;est agr\u00e9able, \u00e7a sent bon les biscuits, \u00e7a sent bon le pain&#8230;<\/p>\n\n\n\n<p class=\"wp-block-paragraph\">Et puis, tu vois nous on \u00e9tait bien \u00e9lev\u00e9, on ne prenait pas&#8230;<\/p>\n\n\n\n<p class=\"wp-block-paragraph\">Alors, soit il venait mettre sur la banquette \u00e0 c\u00f4t\u00e9, et il me disait : <br>&#8211; Ah ben ceux-l\u00e0, ils sont un petit peu abim\u00e9s&#8230; Vous pouvez les manger&#8230; et aussi tout ceux que tu feras tomber&#8230; Et apr\u00e8s, il rigolait et il me disait en souriant : <br>&#8211; T&rsquo;as pas fait expr\u00e8s&#8230;<\/p>\n\n\n\n<p class=\"wp-block-paragraph\">Il le faisait tr\u00e8s gentiment&#8230; Un papa merveilleux.<\/p>\n\n\n\n<p class=\"wp-block-paragraph\"><\/p>\n","protected":false},"excerpt":{"rendered":"<p>&lt;Enregistr\u00e9 le 02 Septembre 2014&gt; On ne retourne pas au magasin&#8230; En fin de compte, elle n&rsquo;allait pas chercher parce que \u00e7a l&#8217;emb\u00eatais de retourner, d&rsquo;aller jusque au magasin, m&rsquo;en chercher une, une de glace&#8230; Alors qu&rsquo;elle en mangeait une devant moi, et c&rsquo;est pour \u00e7a que son p\u00e8re lui avait donn\u00e9 une fess\u00e9e, il [&hellip;]<\/p>\n","protected":false},"author":1,"featured_media":0,"parent":0,"menu_order":0,"comment_status":"open","ping_status":"closed","template":"pages-chapitre-05","meta":{"footnotes":""},"class_list":["post-868","page","type-page","status-publish","hentry"],"jetpack_sharing_enabled":true,"_links":{"self":[{"href":"https:\/\/mercigracias.ch\/index.php?rest_route=\/wp\/v2\/pages\/868","targetHints":{"allow":["GET"]}}],"collection":[{"href":"https:\/\/mercigracias.ch\/index.php?rest_route=\/wp\/v2\/pages"}],"about":[{"href":"https:\/\/mercigracias.ch\/index.php?rest_route=\/wp\/v2\/types\/page"}],"author":[{"embeddable":true,"href":"https:\/\/mercigracias.ch\/index.php?rest_route=\/wp\/v2\/users\/1"}],"replies":[{"embeddable":true,"href":"https:\/\/mercigracias.ch\/index.php?rest_route=%2Fwp%2Fv2%2Fcomments&post=868"}],"version-history":[{"count":7,"href":"https:\/\/mercigracias.ch\/index.php?rest_route=\/wp\/v2\/pages\/868\/revisions"}],"predecessor-version":[{"id":4644,"href":"https:\/\/mercigracias.ch\/index.php?rest_route=\/wp\/v2\/pages\/868\/revisions\/4644"}],"wp:attachment":[{"href":"https:\/\/mercigracias.ch\/index.php?rest_route=%2Fwp%2Fv2%2Fmedia&parent=868"}],"curies":[{"name":"wp","href":"https:\/\/api.w.org\/{rel}","templated":true}]}}

La fessée

<p class="wp-block-paragraph">&lt;Enregistré le 02 Septembre 2014&gt;</p>



<p class="wp-block-paragraph">On ne retourne pas au magasin&#8230; En fin de compte, elle n&rsquo;allait pas chercher parce que ça l&#8217;embêtais de retourner, d&rsquo;aller jusque au magasin, m&rsquo;en chercher une, une de glace&#8230; Alors qu&rsquo;elle en mangeait une devant moi, et c&rsquo;est pour ça que son père lui avait donné une fessée, il lui avait donné une claque&#8230;</p>



<p class="wp-block-paragraph">Il avait dit : <br>&#8211; Mais pourquoi&#8230;?</p>



<p class="wp-block-paragraph">Il l&rsquo;avait vraiment prise de côté et lui avait dit : <br>&#8211; Viens, je vais te montrer&#8230;</p>



<p class="wp-block-paragraph">C&rsquo;était tout des choses que je voyais que je sentais aussi, si elle allait en chercher une ou si ça allait l&#8217;embêter&#8230; Je sentais quand elle faisait quelque chose, si elle allait m&rsquo;inviter ou si elle n&rsquo;allait pas m&rsquo;inviter&#8230;</p>



<p class="wp-block-paragraph">Chez elle, c&rsquo;était pas qu&rsquo;elle ne voulait pas le faire, c&rsquo;était juste un peu de paresse&#8230;</p>



<p class="wp-block-paragraph">Elle me disait : <br>&#8211; Oh, ben d&rsquo;accord mais tu vas chercher alors&#8230;!</p>



<p class="wp-block-paragraph">C&rsquo;était pénible, je la regardais comme ça et je lui avais dit : <br>&#8211; Mais&#8230;</p>



<p class="wp-block-paragraph">Et parfois quand son père nous disait : <br>&#8211; J&rsquo;ai besoin de mains au laboratoire&#8230; et elle disait : <br>&#8211; Ohh&#8230; Noooonn&#8230;<br>ou ..<br>&#8211; Oh !&#8230; Je crois qu&rsquo;il y a papa qui monte&#8230;</p>



<p class="wp-block-paragraph">et puis moi :<br>&#8211; Oh&#8230; mais c&rsquo;est super, on va aller l&rsquo;aider&#8230;!<br>&#8211; Aahhh Noonnnn&#8230;<br>&#8211; Oh oui, ça sent bon en bas&#8230; C&rsquo;est agréable, ça sent bon les biscuits, ça sent bon le pain&#8230;</p>



<p class="wp-block-paragraph">Et puis, tu vois nous on était bien élevé, on ne prenait pas&#8230;</p>



<p class="wp-block-paragraph">Alors, soit il venait mettre sur la banquette à côté, et il me disait : <br>&#8211; Ah ben ceux-là, ils sont un petit peu abimés&#8230; Vous pouvez les manger&#8230; et aussi tout ceux que tu feras tomber&#8230; Et après, il rigolait et il me disait en souriant : <br>&#8211; T&rsquo;as pas fait exprès&#8230;</p>



<p class="wp-block-paragraph">Il le faisait très gentiment&#8230; Un papa merveilleux.</p>



<p class="wp-block-paragraph"></p>

<p>&lt;Enregistré le 02 Septembre 2014&gt; On ne retourne pas au magasin&#8230; En fin de compte, elle n&rsquo;allait pas chercher parce que ça l&#8217;embêtais de retourner, d&rsquo;aller jusque au magasin, m&rsquo;en chercher une, une de glace&#8230; Alors qu&rsquo;elle en mangeait une devant moi, et c&rsquo;est pour ça que son père lui avait donné une fessée, il [&hellip;]</p>
