{"id":876,"date":"2026-01-18T13:36:14","date_gmt":"2026-01-18T13:36:14","guid":{"rendered":"https:\/\/mercigracias.ch\/?page_id=876"},"modified":"2026-06-18T07:31:54","modified_gmt":"2026-06-18T07:31:54","slug":"les-anniversaires","status":"publish","type":"page","link":"https:\/\/mercigracias.ch\/?page_id=876","title":{"rendered":"Les anniversaires"},"content":{"rendered":"\n<p class=\"wp-block-paragraph\">&lt;Enregistr\u00e9 le 15 Septembre 2014&gt;<\/p>\n\n\n\n<p class=\"wp-block-paragraph\">Tu vois&#8230; Moi, j&rsquo;avais \u00e9t\u00e9 tr\u00e8s \u00e9tonn\u00e9e quand j&rsquo;ai commenc\u00e9 l&rsquo;\u00e9cole, il y avait les anniversaires&#8230; Bien s\u00fbr, on ne me donnait rien pour y aller.<br>A l&rsquo;\u00e9cole, il y avait le clan des filles et quand c&rsquo;\u00e9taient leurs anniversaires, les enfants qui \u00e9taient invit\u00e9s venaient avec des jouets, des habits de poup\u00e9es ou des jeux&#8230; Alors elles ne m&rsquo;ont plus invit\u00e9e, puisque on ne me donnait rien du tout pour y aller. <br>Et elles, elles recevaient des cadeaux&#8230;<\/p>\n\n\n\n<p class=\"wp-block-paragraph\">Alors en rentrant je dis \u00e7a, \u00e0 ma s\u0153ur&#8230; et elle me dit :<br>&#8211; Mais pourquoi tu n&rsquo;as pas demand\u00e9 \u00e0 maman d&rsquo;apporter une plaque de chocolat avec ?<\/p>\n\n\n\n<p class=\"wp-block-paragraph\">J&rsquo;ai dit : <br>&#8211; Mais parce que c&rsquo;\u00e9tait plus nul que nul&#8230; C&rsquo;\u00e9tait ringard, c&rsquo;\u00e9tait plus nul que nul&#8230;<\/p>\n\n\n\n<p class=\"wp-block-paragraph\">Parce que pour eux, une plaque de chocolat, \u00e7a ne voulait rien dire&#8230; <br>Si pour nous qui n&rsquo;en avions pas, c&rsquo;\u00e9tait quelque chose, mais pour mes copines&#8230; Elles en recevaient tous les jours ! <br>Tu vois, c&rsquo;\u00e9tait d\u00e9j\u00e0 une \u00e9poque o\u00f9 ils \u00e9taient g\u00e2t\u00e9s, par rapport \u00e0 chez nous, alors que finalement, pour nous le chocolat c&rsquo;\u00e9tait quelque chose, mais eux, non non !<br><br>A ces anniversaires il y avait toutes ces familles, c&rsquo;\u00e9tait tout un folklore et nous qui \u00e9tions habill\u00e9s \u00ab\u00a0Campagne\u00a0\u00bb un peu comme les petites filles \u00ab\u00a0Ingalls\u00a0\u00bb&#8230; alors la premi\u00e8re fois tu \u00e9tais invit\u00e9e mais la deuxi\u00e8me ann\u00e9e t&rsquo;\u00e9tais plus invit\u00e9e&#8230;<\/p>\n\n\n\n<p class=\"wp-block-paragraph\">Alors quand je suis rentr\u00e9e \u00e0 la maison, et que j&rsquo;ai demand\u00e9 \u00e0 Maman :<br>&#8211; Mais moi aussi j&rsquo;ai un anniversaire ?<\/p>\n\n\n\n<p class=\"wp-block-paragraph\">Et elle m&rsquo;a dit : <br>&#8211; Ben, Oui&#8230;<\/p>\n\n\n\n<p class=\"wp-block-paragraph\">Mais je lui ai dit : <br>&#8211; Mais c&rsquo;est quand le mien ? Mais pourquoi tu ne m&rsquo;as jamais dit, quand c&rsquo;\u00e9tait le mien ? Tu pourrais me dire quand c&rsquo;est, mon anniversaire&#8230;<\/p>\n\n\n\n<p class=\"wp-block-paragraph\">Alors j&rsquo;ai retenu ma date et les jours avant, et le jour de mon anniversaire je le disais au client, et \u00e0 la sommeli\u00e8re&#8230;<\/p>\n\n\n\n<p class=\"wp-block-paragraph\"><em>&#8211; C&rsquo;est dr\u00f4le que c&rsquo;est s\u00fbrement depuis ce jour l\u00e0, depuis que tu connais ton anniversaire que tu fixes ton MOI et que c&rsquo;est seulement apr\u00e8s avoir fix\u00e9 l&rsquo;anniversaire des autres que tu vas pourvoir fixer ton MOI&#8230;<br>Et c&rsquo;est sans doute pour \u00e7a que tu connais les anniversaires de tous les gens que tu rencontres ?<br>Parce que ton anniversaire a \u00e9t\u00e9 d\u00e9couvert gr\u00e2ce \u00e0 ceux des autres&#8230; Le tien s&rsquo;est associ\u00e9 \u00e0 ceux des autres&#8230;<\/em><\/p>\n\n\n\n<p class=\"wp-block-paragraph\"><em>A chaque fois que tu souhaites l&rsquo;anniversaire de quelqu&rsquo;un,<br>en fait tu te le souhaites \u00e0 toi m\u00eame aussi&#8230;Tu te donnes le droit !<\/em><\/p>\n\n\n\n<p class=\"wp-block-paragraph\"><em>C&rsquo;est impressionnant !<\/em><\/p>\n\n\n\n<p class=\"wp-block-paragraph\">&#8211; Tu vois, on est le 15 septembre, je sais que le 17 c&rsquo;est l&rsquo;anniversaire d&rsquo;Yvonne&#8230; J&rsquo;ai pens\u00e9 \u00e0 Anne, \u00e0 ma patronne d&rsquo;apprentissage qui \u00e9tait du 12&#8230;<\/p>\n\n\n\n<p class=\"wp-block-paragraph\">&#8211; <em>Ils font tous partie de toi, et tu ne les oublies pas&#8230;<\/em><\/p>\n\n\n\n<p class=\"wp-block-paragraph\">&#8211; J&rsquo;ai pens\u00e9 \u00e0 tous ceux qui ont leur anniversaire ce mois ci&#8230;<\/p>\n\n\n\n<p class=\"wp-block-paragraph\">Alors mon fr\u00e8re et ma s\u0153ur en \u00e9tait jaloux, parce qu&rsquo;ils disaient :<br>&#8211; Oui mais nous, \u00e0 notre anniversaire&#8230; nous&#8230;? On ne re\u00e7oit rien !<\/p>\n\n\n\n<p class=\"wp-block-paragraph\">Parce que moi, bien s\u00fbr, je le disais aux clients :<br>&#8211; Tu sais&#8230; Aujourd&rsquo;hui, c&rsquo;est mon anniversaire&#8230;<\/p>\n\n\n\n<p class=\"wp-block-paragraph\">Et les clients  : <br>&#8211; Oh, mais tu veux aller chercher un chocolat ? <br>Tu veux prendre un Kr\u00e4ggi ?<\/p>\n\n\n\n<p class=\"wp-block-paragraph\">Je me souviens qu&rsquo;il y avait Agn\u00e8s, ma cousine, qui m&rsquo;avait dit : <br>&#8211; Mais attend, on va aller acheter&#8230; On va aller trouver quelque chose et elle m&rsquo;avait achet\u00e9 un nounours rouge !<\/p>\n\n\n\n<p class=\"wp-block-paragraph\">Je me souviens bien, de ce petit nounours rouge&#8230; Il avait des pattes blanches, des oreilles blanches&#8230; Il \u00e9tait assez grand, quand m\u00eame&#8230; <br>Et puis elle m&rsquo;avait dit :<br>&#8211; Et bien, ce nounours c&rsquo;est pour ton anniversaire&#8230; <\/p>\n\n\n\n<p class=\"wp-block-paragraph\">J&rsquo;\u00e9tais tellement contente. A l&rsquo;\u00e9poque, elle \u00e9tait amoureuse d&rsquo;un certain Pierre, mais ce Pierre il ne voulait rien entendre&#8230; Alors je lui ai dit : <br>&#8211; Et bien je l&rsquo;appellerai Pierre. Comme \u00e7a on pourra le partager&#8230;<br>Je l&rsquo;appellerai Pierre comme \u00e7a, \u00e7a nous fera penser \u00e0 notre Pierre&#8230;<\/p>\n\n\n\n<p class=\"wp-block-paragraph\">Alors elle m&rsquo;a dit : <br>&#8211; Qu&rsquo;elle farce, t&rsquo;es folle&#8230;!? <br>Je vais y penser continuellement&#8230; chaque fois que je viendrai et que je verrai ton nounours&#8230;(Rire) C&rsquo;\u00e9tait marrant !<\/p>\n\n\n\n<p class=\"wp-block-paragraph\">C&rsquo;\u00e9tait la premi\u00e8re fois que je savais que j&rsquo;avais mon anniversaire, et puis voil\u00e0 qu&rsquo;Agn\u00e8s avait pens\u00e9 \u00e0 m&rsquo;offrir un cadeau&#8230;<br>Je me souviens que tout le monde m&rsquo;avait offert quelque chose, une bonne partie des clients&#8230;<\/p>\n\n\n\n<ul class=\"wp-block-list\">\n<li>\u00c7a avait \u00e9t\u00e9 un grand jour.<\/li>\n<\/ul>\n\n\n\n<p class=\"wp-block-paragraph\">Alors j&rsquo;\u00e9tais toute contente parce que je m&rsquo;\u00e9tais retrouv\u00e9e avec une dizaine de petites choses, tu vois&#8230; des petites cerises rouges, avec la bague dedans&#8230; et plusieurs autres petites choses, et ces gens, ils \u00e9taient aussi tous contents de m&rsquo;offrir une bricole !<\/p>\n\n\n\n<p class=\"wp-block-paragraph\">Et ma s\u0153ur disait : <br>&#8211; Oui, mais c&rsquo;est d\u00e9gueulasse, alors moi je ne re\u00e7ois rien&#8230;!?<\/p>\n\n\n\n<p class=\"wp-block-paragraph\">Et moi je lui disais : <br>&#8211; Mais moi, je n&rsquo;ai rien re\u00e7u de Maman&#8230; ni du P\u00e8re, hein&#8230; Ben voil\u00e0.<br>&#8211; Mais t&rsquo;as fait comment, qu&rsquo;elle me dit&#8230;<\/p>\n\n\n\n<p class=\"wp-block-paragraph\">&#8211; Ben je leur ai dit, que c&rsquo;\u00e9tait mon anniversaire&#8230; <br>&#8211; Ah ben c&rsquo;est facile, c&rsquo;est facile&#8230;<\/p>\n\n\n\n<p class=\"wp-block-paragraph\">&#8211; Et bien&#8230; fait la m\u00eame chose que je lui ai r\u00e9pondu&#8230; Tu l&rsquo;annonces !<\/p>\n\n\n\n<p class=\"wp-block-paragraph\">Je m&rsquo;\u00e9tais fix\u00e9e mon MOI, moi m\u00eame&#8230;<\/p>\n\n\n\n<ul class=\"wp-block-list\">\n<li>Enfin j&rsquo;existais !<\/li>\n<\/ul>\n\n\n\n<p class=\"wp-block-paragraph\">Merci Gracias<\/p>\n","protected":false},"excerpt":{"rendered":"<p>&lt;Enregistr\u00e9 le 15 Septembre 2014&gt; Tu vois&#8230; Moi, j&rsquo;avais \u00e9t\u00e9 tr\u00e8s \u00e9tonn\u00e9e quand j&rsquo;ai commenc\u00e9 l&rsquo;\u00e9cole, il y avait les anniversaires&#8230; Bien s\u00fbr, on ne me donnait rien pour y aller.A l&rsquo;\u00e9cole, il y avait le clan des filles et quand c&rsquo;\u00e9taient leurs anniversaires, les enfants qui \u00e9taient invit\u00e9s venaient avec des jouets, des habits [&hellip;]<\/p>\n","protected":false},"author":1,"featured_media":0,"parent":0,"menu_order":0,"comment_status":"open","ping_status":"closed","template":"pages-chapitre-05","meta":{"footnotes":""},"class_list":["post-876","page","type-page","status-publish","hentry"],"jetpack_sharing_enabled":true,"_links":{"self":[{"href":"https:\/\/mercigracias.ch\/index.php?rest_route=\/wp\/v2\/pages\/876","targetHints":{"allow":["GET"]}}],"collection":[{"href":"https:\/\/mercigracias.ch\/index.php?rest_route=\/wp\/v2\/pages"}],"about":[{"href":"https:\/\/mercigracias.ch\/index.php?rest_route=\/wp\/v2\/types\/page"}],"author":[{"embeddable":true,"href":"https:\/\/mercigracias.ch\/index.php?rest_route=\/wp\/v2\/users\/1"}],"replies":[{"embeddable":true,"href":"https:\/\/mercigracias.ch\/index.php?rest_route=%2Fwp%2Fv2%2Fcomments&post=876"}],"version-history":[{"count":9,"href":"https:\/\/mercigracias.ch\/index.php?rest_route=\/wp\/v2\/pages\/876\/revisions"}],"predecessor-version":[{"id":4648,"href":"https:\/\/mercigracias.ch\/index.php?rest_route=\/wp\/v2\/pages\/876\/revisions\/4648"}],"wp:attachment":[{"href":"https:\/\/mercigracias.ch\/index.php?rest_route=%2Fwp%2Fv2%2Fmedia&parent=876"}],"curies":[{"name":"wp","href":"https:\/\/api.w.org\/{rel}","templated":true}]}}

<p class="wp-block-paragraph">&lt;Enregistré le 15 Septembre 2014&gt;</p>



<p class="wp-block-paragraph">Tu vois&#8230; Moi, j&rsquo;avais été très étonnée quand j&rsquo;ai commencé l&rsquo;école, il y avait les anniversaires&#8230; Bien sûr, on ne me donnait rien pour y aller.<br>A l&rsquo;école, il y avait le clan des filles et quand c&rsquo;étaient leurs anniversaires, les enfants qui étaient invités venaient avec des jouets, des habits de poupées ou des jeux&#8230; Alors elles ne m&rsquo;ont plus invitée, puisque on ne me donnait rien du tout pour y aller. <br>Et elles, elles recevaient des cadeaux&#8230;</p>



<p class="wp-block-paragraph">Alors en rentrant je dis ça, à ma sœur&#8230; et elle me dit :<br>&#8211; Mais pourquoi tu n&rsquo;as pas demandé à maman d&rsquo;apporter une plaque de chocolat avec ?</p>



<p class="wp-block-paragraph">J&rsquo;ai dit : <br>&#8211; Mais parce que c&rsquo;était plus nul que nul&#8230; C&rsquo;était ringard, c&rsquo;était plus nul que nul&#8230;</p>



<p class="wp-block-paragraph">Parce que pour eux, une plaque de chocolat, ça ne voulait rien dire&#8230; <br>Si pour nous qui n&rsquo;en avions pas, c&rsquo;était quelque chose, mais pour mes copines&#8230; Elles en recevaient tous les jours ! <br>Tu vois, c&rsquo;était déjà une époque où ils étaient gâtés, par rapport à chez nous, alors que finalement, pour nous le chocolat c&rsquo;était quelque chose, mais eux, non non !<br><br>A ces anniversaires il y avait toutes ces familles, c&rsquo;était tout un folklore et nous qui étions habillés « Campagne » un peu comme les petites filles « Ingalls »&#8230; alors la première fois tu étais invitée mais la deuxième année t&rsquo;étais plus invitée&#8230;</p>



<p class="wp-block-paragraph">Alors quand je suis rentrée à la maison, et que j&rsquo;ai demandé à Maman :<br>&#8211; Mais moi aussi j&rsquo;ai un anniversaire ?</p>



<p class="wp-block-paragraph">Et elle m&rsquo;a dit : <br>&#8211; Ben, Oui&#8230;</p>



<p class="wp-block-paragraph">Mais je lui ai dit : <br>&#8211; Mais c&rsquo;est quand le mien ? Mais pourquoi tu ne m&rsquo;as jamais dit, quand c&rsquo;était le mien ? Tu pourrais me dire quand c&rsquo;est, mon anniversaire&#8230;</p>



<p class="wp-block-paragraph">Alors j&rsquo;ai retenu ma date et les jours avant, et le jour de mon anniversaire je le disais au client, et à la sommelière&#8230;</p>



<p class="wp-block-paragraph"><em>&#8211; C&rsquo;est drôle que c&rsquo;est sûrement depuis ce jour là, depuis que tu connais ton anniversaire que tu fixes ton MOI et que c&rsquo;est seulement après avoir fixé l&rsquo;anniversaire des autres que tu vas pourvoir fixer ton MOI&#8230;<br>Et c&rsquo;est sans doute pour ça que tu connais les anniversaires de tous les gens que tu rencontres ?<br>Parce que ton anniversaire a été découvert grâce à ceux des autres&#8230; Le tien s&rsquo;est associé à ceux des autres&#8230;</em></p>



<p class="wp-block-paragraph"><em>A chaque fois que tu souhaites l&rsquo;anniversaire de quelqu&rsquo;un,<br>en fait tu te le souhaites à toi même aussi&#8230;Tu te donnes le droit !</em></p>



<p class="wp-block-paragraph"><em>C&rsquo;est impressionnant !</em></p>



<p class="wp-block-paragraph">&#8211; Tu vois, on est le 15 septembre, je sais que le 17 c&rsquo;est l&rsquo;anniversaire d&rsquo;Yvonne&#8230; J&rsquo;ai pensé à Anne, à ma patronne d&rsquo;apprentissage qui était du 12&#8230;</p>



<p class="wp-block-paragraph">&#8211; <em>Ils font tous partie de toi, et tu ne les oublies pas&#8230;</em></p>



<p class="wp-block-paragraph">&#8211; J&rsquo;ai pensé à tous ceux qui ont leur anniversaire ce mois ci&#8230;</p>



<p class="wp-block-paragraph">Alors mon frère et ma sœur en était jaloux, parce qu&rsquo;ils disaient :<br>&#8211; Oui mais nous, à notre anniversaire&#8230; nous&#8230;? On ne reçoit rien !</p>



<p class="wp-block-paragraph">Parce que moi, bien sûr, je le disais aux clients :<br>&#8211; Tu sais&#8230; Aujourd&rsquo;hui, c&rsquo;est mon anniversaire&#8230;</p>



<p class="wp-block-paragraph">Et les clients  : <br>&#8211; Oh, mais tu veux aller chercher un chocolat ? <br>Tu veux prendre un Kräggi ?</p>



<p class="wp-block-paragraph">Je me souviens qu&rsquo;il y avait Agnès, ma cousine, qui m&rsquo;avait dit : <br>&#8211; Mais attend, on va aller acheter&#8230; On va aller trouver quelque chose et elle m&rsquo;avait acheté un nounours rouge !</p>



<p class="wp-block-paragraph">Je me souviens bien, de ce petit nounours rouge&#8230; Il avait des pattes blanches, des oreilles blanches&#8230; Il était assez grand, quand même&#8230; <br>Et puis elle m&rsquo;avait dit :<br>&#8211; Et bien, ce nounours c&rsquo;est pour ton anniversaire&#8230; </p>



<p class="wp-block-paragraph">J&rsquo;étais tellement contente. A l&rsquo;époque, elle était amoureuse d&rsquo;un certain Pierre, mais ce Pierre il ne voulait rien entendre&#8230; Alors je lui ai dit : <br>&#8211; Et bien je l&rsquo;appellerai Pierre. Comme ça on pourra le partager&#8230;<br>Je l&rsquo;appellerai Pierre comme ça, ça nous fera penser à notre Pierre&#8230;</p>



<p class="wp-block-paragraph">Alors elle m&rsquo;a dit : <br>&#8211; Qu&rsquo;elle farce, t&rsquo;es folle&#8230;!? <br>Je vais y penser continuellement&#8230; chaque fois que je viendrai et que je verrai ton nounours&#8230;(Rire) C&rsquo;était marrant !</p>



<p class="wp-block-paragraph">C&rsquo;était la première fois que je savais que j&rsquo;avais mon anniversaire, et puis voilà qu&rsquo;Agnès avait pensé à m&rsquo;offrir un cadeau&#8230;<br>Je me souviens que tout le monde m&rsquo;avait offert quelque chose, une bonne partie des clients&#8230;</p>



<ul class="wp-block-list">
<li>Ça avait été un grand jour.</li>
</ul>



<p class="wp-block-paragraph">Alors j&rsquo;étais toute contente parce que je m&rsquo;étais retrouvée avec une dizaine de petites choses, tu vois&#8230; des petites cerises rouges, avec la bague dedans&#8230; et plusieurs autres petites choses, et ces gens, ils étaient aussi tous contents de m&rsquo;offrir une bricole !</p>



<p class="wp-block-paragraph">Et ma sœur disait : <br>&#8211; Oui, mais c&rsquo;est dégueulasse, alors moi je ne reçois rien&#8230;!?</p>



<p class="wp-block-paragraph">Et moi je lui disais : <br>&#8211; Mais moi, je n&rsquo;ai rien reçu de Maman&#8230; ni du Père, hein&#8230; Ben voilà.<br>&#8211; Mais t&rsquo;as fait comment, qu&rsquo;elle me dit&#8230;</p>



<p class="wp-block-paragraph">&#8211; Ben je leur ai dit, que c&rsquo;était mon anniversaire&#8230; <br>&#8211; Ah ben c&rsquo;est facile, c&rsquo;est facile&#8230;</p>



<p class="wp-block-paragraph">&#8211; Et bien&#8230; fait la même chose que je lui ai répondu&#8230; Tu l&rsquo;annonces !</p>



<p class="wp-block-paragraph">Je m&rsquo;étais fixée mon MOI, moi même&#8230;</p>



<ul class="wp-block-list">
<li>Enfin j&rsquo;existais !</li>
</ul>



<p class="wp-block-paragraph">Merci Gracias</p>

<p>&lt;Enregistré le 15 Septembre 2014&gt; Tu vois&#8230; Moi, j&rsquo;avais été très étonnée quand j&rsquo;ai commencé l&rsquo;école, il y avait les anniversaires&#8230; Bien sûr, on ne me donnait rien pour y aller.A l&rsquo;école, il y avait le clan des filles et quand c&rsquo;étaient leurs anniversaires, les enfants qui étaient invités venaient avec des jouets, des habits [&hellip;]</p>
