{"id":888,"date":"2026-01-18T14:47:26","date_gmt":"2026-01-18T14:47:26","guid":{"rendered":"https:\/\/mercigracias.ch\/?page_id=888"},"modified":"2026-06-18T07:17:34","modified_gmt":"2026-06-18T07:17:34","slug":"droit-a-lexistence","status":"publish","type":"page","link":"https:\/\/mercigracias.ch\/?page_id=888","title":{"rendered":"Droit \u00e0 l&rsquo;existence"},"content":{"rendered":"\n<p class=\"wp-block-paragraph\">&lt;Enregistr\u00e9 le 15 Septembre 2016&gt;<\/p>\n\n\n\n<p class=\"wp-block-paragraph\">&#8211; <em>Ce que tu avais aim\u00e9 chez ta petite voisine, c&rsquo;\u00e9tait son droit \u00e0 l&rsquo;existence&#8230;<\/em><\/p>\n\n\n\n<p class=\"wp-block-paragraph\">&#8211; Oui, juste son droit \u00e0 l&rsquo;existence&#8230; C&rsquo;\u00e9tait clair pour moi, que c&rsquo;\u00e9tait \u00e7a&#8230;! C&rsquo;\u00e9tait clair que c&rsquo;\u00e9tait li\u00e9 \u00e0 quelque chose qu&rsquo;il y avait par rapport \u00e0 leurs parents. Ils avaient un regard sur leurs enfants&#8230;<\/p>\n\n\n\n<p class=\"wp-block-paragraph\">Avec Maman, je n&rsquo;ai pas eu besoin d&rsquo;avoir du temps pour comprendre \u00e7a !<\/p>\n\n\n\n<p class=\"wp-block-paragraph\">Oui, le droit \u00e0 l&rsquo;existence est li\u00e9 au regard que les parents ont sur leurs enfants&#8230; Oui, j&rsquo;ai toujours pens\u00e9 que c&rsquo;\u00e9tait par rapport au regard de leur p\u00e8re&#8230; Ce p\u00e8re, il avait quelque chose de tr\u00e8s particulier. <\/p>\n\n\n\n<ul class=\"wp-block-list\">\n<li>Il avait un amour total&#8230; Ce n&rsquo;\u00e9tait pas la m\u00e8re.<\/li>\n<\/ul>\n\n\n\n<p class=\"wp-block-paragraph\">La m\u00e8re ? Elle \u00e9tait tr\u00e8s gentille, la m\u00e8re&#8230; Mais tu ne la voyais pas. Tu ne l&rsquo;entendais pas&#8230; Chaque fois qu&rsquo;il y avait un souci, tu n&rsquo;entendais jamais les enfants qui auraient dit :<br>&#8211; Maman, Maman&#8230;<\/p>\n\n\n\n<p class=\"wp-block-paragraph\">Moi, j&rsquo;avais Maman&#8230; et chez eux c&rsquo;\u00e9tait : <br>&#8211; Papa, papa&#8230;<\/p>\n\n\n\n<p class=\"wp-block-paragraph\">Ils avaient toute l&rsquo;attention de leur p\u00e8re, une attention totale. <br>C&rsquo;est ce regard qui donne ce droit \u00e0 l&rsquo;existence&#8230; <br>Elle, elle \u00e9tait tranquille, elle avait sa petite place.<\/p>\n\n\n\n<p class=\"wp-block-paragraph\">Et le p\u00e8re, il disait toujours :<br>&#8211; Ne faites pas de bruits, ne d\u00e9rangez pas maman, laissez maman tranquille&#8230;<\/p>\n\n\n\n<p class=\"wp-block-paragraph\">On voyait \u00e7a avec nos yeux d&rsquo;enfants&#8230;<\/p>\n\n\n\n<p class=\"wp-block-paragraph\">Et bien s\u00fbr cette maman, elle \u00e9tait toujours enceinte&#8230;(Rire)<br>Bien s\u00fbr cette maman, elle vendait au magasin, alors foutez lui la paix&#8230; Maman, elle doit se reposer, (Rire) elle fait le suivant&#8230; Il adorait les grandes familles&#8230;<\/p>\n\n\n\n<p class=\"wp-block-paragraph\">Au fond, il avait l&rsquo;oeil sur tout le monde. Il avait l&rsquo;oeil sur ses enfants et sur sa femme&#8230;<\/p>\n\n\n\n<p class=\"wp-block-paragraph\">C&rsquo;est pour \u00e7a que plus tard, j&rsquo;ai pris le pr\u00e9nom de ma copine, quand je suis arriv\u00e9e \u00e0 Bern, et que par la suite, je l&rsquo;ai fait ajouter \u00e0 mes papiers d&rsquo;identit\u00e9&#8230;<\/p>\n\n\n\n<p class=\"wp-block-paragraph\">Elle avait le droit \u00e0 l&rsquo;existence !<\/p>\n\n\n\n<p class=\"wp-block-paragraph\">Merci Gracias <\/p>\n\n\n\n<p class=\"wp-block-paragraph\"><\/p>\n","protected":false},"excerpt":{"rendered":"<p>&lt;Enregistr\u00e9 le 15 Septembre 2016&gt; &#8211; Ce que tu avais aim\u00e9 chez ta petite voisine, c&rsquo;\u00e9tait son droit \u00e0 l&rsquo;existence&#8230; &#8211; Oui, juste son droit \u00e0 l&rsquo;existence&#8230; C&rsquo;\u00e9tait clair pour moi, que c&rsquo;\u00e9tait \u00e7a&#8230;! C&rsquo;\u00e9tait clair que c&rsquo;\u00e9tait li\u00e9 \u00e0 quelque chose qu&rsquo;il y avait par rapport \u00e0 leurs parents. Ils avaient un regard sur [&hellip;]<\/p>\n","protected":false},"author":1,"featured_media":0,"parent":0,"menu_order":0,"comment_status":"open","ping_status":"closed","template":"pages-chapitre-05","meta":{"footnotes":""},"class_list":["post-888","page","type-page","status-publish","hentry"],"jetpack_sharing_enabled":true,"_links":{"self":[{"href":"https:\/\/mercigracias.ch\/index.php?rest_route=\/wp\/v2\/pages\/888","targetHints":{"allow":["GET"]}}],"collection":[{"href":"https:\/\/mercigracias.ch\/index.php?rest_route=\/wp\/v2\/pages"}],"about":[{"href":"https:\/\/mercigracias.ch\/index.php?rest_route=\/wp\/v2\/types\/page"}],"author":[{"embeddable":true,"href":"https:\/\/mercigracias.ch\/index.php?rest_route=\/wp\/v2\/users\/1"}],"replies":[{"embeddable":true,"href":"https:\/\/mercigracias.ch\/index.php?rest_route=%2Fwp%2Fv2%2Fcomments&post=888"}],"version-history":[{"count":6,"href":"https:\/\/mercigracias.ch\/index.php?rest_route=\/wp\/v2\/pages\/888\/revisions"}],"predecessor-version":[{"id":4646,"href":"https:\/\/mercigracias.ch\/index.php?rest_route=\/wp\/v2\/pages\/888\/revisions\/4646"}],"wp:attachment":[{"href":"https:\/\/mercigracias.ch\/index.php?rest_route=%2Fwp%2Fv2%2Fmedia&parent=888"}],"curies":[{"name":"wp","href":"https:\/\/api.w.org\/{rel}","templated":true}]}}

Droit à l&rsquo;existence

<p class="wp-block-paragraph">&lt;Enregistré le 15 Septembre 2016&gt;</p>



<p class="wp-block-paragraph">&#8211; <em>Ce que tu avais aimé chez ta petite voisine, c&rsquo;était son droit à l&rsquo;existence&#8230;</em></p>



<p class="wp-block-paragraph">&#8211; Oui, juste son droit à l&rsquo;existence&#8230; C&rsquo;était clair pour moi, que c&rsquo;était ça&#8230;! C&rsquo;était clair que c&rsquo;était lié à quelque chose qu&rsquo;il y avait par rapport à leurs parents. Ils avaient un regard sur leurs enfants&#8230;</p>



<p class="wp-block-paragraph">Avec Maman, je n&rsquo;ai pas eu besoin d&rsquo;avoir du temps pour comprendre ça !</p>



<p class="wp-block-paragraph">Oui, le droit à l&rsquo;existence est lié au regard que les parents ont sur leurs enfants&#8230; Oui, j&rsquo;ai toujours pensé que c&rsquo;était par rapport au regard de leur père&#8230; Ce père, il avait quelque chose de très particulier. </p>



<ul class="wp-block-list">
<li>Il avait un amour total&#8230; Ce n&rsquo;était pas la mère.</li>
</ul>



<p class="wp-block-paragraph">La mère ? Elle était très gentille, la mère&#8230; Mais tu ne la voyais pas. Tu ne l&rsquo;entendais pas&#8230; Chaque fois qu&rsquo;il y avait un souci, tu n&rsquo;entendais jamais les enfants qui auraient dit :<br>&#8211; Maman, Maman&#8230;</p>



<p class="wp-block-paragraph">Moi, j&rsquo;avais Maman&#8230; et chez eux c&rsquo;était : <br>&#8211; Papa, papa&#8230;</p>



<p class="wp-block-paragraph">Ils avaient toute l&rsquo;attention de leur père, une attention totale. <br>C&rsquo;est ce regard qui donne ce droit à l&rsquo;existence&#8230; <br>Elle, elle était tranquille, elle avait sa petite place.</p>



<p class="wp-block-paragraph">Et le père, il disait toujours :<br>&#8211; Ne faites pas de bruits, ne dérangez pas maman, laissez maman tranquille&#8230;</p>



<p class="wp-block-paragraph">On voyait ça avec nos yeux d&rsquo;enfants&#8230;</p>



<p class="wp-block-paragraph">Et bien sûr cette maman, elle était toujours enceinte&#8230;(Rire)<br>Bien sûr cette maman, elle vendait au magasin, alors foutez lui la paix&#8230; Maman, elle doit se reposer, (Rire) elle fait le suivant&#8230; Il adorait les grandes familles&#8230;</p>



<p class="wp-block-paragraph">Au fond, il avait l&rsquo;oeil sur tout le monde. Il avait l&rsquo;oeil sur ses enfants et sur sa femme&#8230;</p>



<p class="wp-block-paragraph">C&rsquo;est pour ça que plus tard, j&rsquo;ai pris le prénom de ma copine, quand je suis arrivée à Bern, et que par la suite, je l&rsquo;ai fait ajouter à mes papiers d&rsquo;identité&#8230;</p>



<p class="wp-block-paragraph">Elle avait le droit à l&rsquo;existence !</p>



<p class="wp-block-paragraph">Merci Gracias </p>



<p class="wp-block-paragraph"></p>

<p>&lt;Enregistré le 15 Septembre 2016&gt; &#8211; Ce que tu avais aimé chez ta petite voisine, c&rsquo;était son droit à l&rsquo;existence&#8230; &#8211; Oui, juste son droit à l&rsquo;existence&#8230; C&rsquo;était clair pour moi, que c&rsquo;était ça&#8230;! C&rsquo;était clair que c&rsquo;était lié à quelque chose qu&rsquo;il y avait par rapport à leurs parents. Ils avaient un regard sur [&hellip;]</p>
