{"id":893,"date":"2026-01-19T11:11:16","date_gmt":"2026-01-19T11:11:16","guid":{"rendered":"https:\/\/mercigracias.ch\/?page_id=893"},"modified":"2026-06-18T08:08:27","modified_gmt":"2026-06-18T08:08:27","slug":"je-serai-coiffeuse","status":"publish","type":"page","link":"https:\/\/mercigracias.ch\/?page_id=893","title":{"rendered":"Je serai coiffeuse !"},"content":{"rendered":"\n<p class=\"wp-block-paragraph\">&lt;Enregistr\u00e9 le 04 D\u00e9cembre 2016&gt;<\/p>\n\n\n\n<p class=\"wp-block-paragraph\">Je voulais \u00eatre nurse&#8230; et Maman m&rsquo;avait dit : <br>&#8211; Non, ce n&rsquo;est pas possible, il faut aller \u00e0 Sierre apr\u00e8s tes 18 ans,<br>et \u00e7a coute 10&rsquo;000 Francs&#8230;<\/p>\n\n\n\n<p class=\"wp-block-paragraph\">J&rsquo;\u00e9tais \u00e0 l&rsquo;\u00e9coute, tu vois&#8230; J&rsquo;avais 9-10 ans mais j&rsquo;\u00e9tais \u00e0 l&rsquo;\u00e9coute&#8230; J&rsquo;entendais et je cherchais aussi \u00e0 comprendre&#8230; C&rsquo;\u00e9tait une \u00e9cole priv\u00e9e. J&rsquo;entendais que c&rsquo;\u00e9tait tr\u00e8s cher, j&rsquo;entendais qu&rsquo;il y avait ci, qu&rsquo;il y avait \u00e7a&#8230;<\/p>\n\n\n\n<p class=\"wp-block-paragraph\">Car j&rsquo;aimais les poupons&#8230; Il y avait eu C\u00e9cile, qui \u00e9tait venue travailler chez nous, et elle nous avait parl\u00e9 de qu&rsquo;est ce que c&rsquo;\u00e9tait Nurse, et de tout ce qu&rsquo;elles faisaient&#8230;<\/p>\n\n\n\n<p class=\"wp-block-paragraph\">Je trouvais que c&rsquo;\u00e9tait quelque chose qui pouvait vraiment me convenir, moi qui aimais les poupons, les poup\u00e9es&#8230; Tu vois avec Nurse, j&rsquo;\u00e9tais \u00e0 la maison, j&rsquo;adorais les poupons&#8230;<\/p>\n\n\n\n<p class=\"wp-block-paragraph\">Mais Maman m&rsquo;avait dit : <br>&#8211; \u00c7a ne va pas aller&#8230; Ce n&rsquo;est pas possible !<\/p>\n\n\n\n<p class=\"wp-block-paragraph\">En plus, je ne pouvais pas attendre mes 18 ans&#8230; C&rsquo;\u00e9tait dans les moments o\u00f9 je voulais aussi couper mes cheveux&#8230; <br>Oh mon chignon, j&rsquo;en avait marre&#8230; Le chignon pour dormir c&rsquo;\u00e9tait tellement g\u00eanant, j&rsquo;avais les cheveux qui descendait plus bas que mes fesses, alors mon chignon !<\/p>\n\n\n\n<p class=\"wp-block-paragraph\">Je voulais \u00eatre comme tout le monde, alors \u00e0 mon chignon, juste sur le haut, j&rsquo;avais pris les ciseaux&#8230; et Tchhouuuc ! J&rsquo;avais coup\u00e9 une grande m\u00e8che, juste \u00e0 la racine&#8230; et Maman, quand elle m&rsquo;a coiff\u00e9e et qu&rsquo;elle a ouvert les cheveux, la grande m\u00e8che&#8230;<\/p>\n\n\n\n<p class=\"wp-block-paragraph\">&#8211; Tu vois maman, ils tombent ! IL faut me couper les cheveux, autrement ils vont tous tomber&#8230;(Rire)<br>&#8211; Non mais tu te fous de moi !? Me fais pas chier, deux claques&#8230;<\/p>\n\n\n\n<p class=\"wp-block-paragraph\">Oui, qu&rsquo;elle m&rsquo;a dit&#8230; Mais \u00e7a va pas ou bien !? (Rire)<\/p>\n\n\n\n<p class=\"wp-block-paragraph\">Elle \u00e9tait furax ! Tu vois, moi j&rsquo;avais pris ses ciseaux et Tchac&#8230; \u00e0 la racine. (Rire) Vous allez d\u00e9j\u00e0 voir&#8230; Moi, je coupe mes cheveux !<\/p>\n\n\n\n<p class=\"wp-block-paragraph\">J&rsquo;avais commenc\u00e9 par faire des petites franges&#8230; Alors elle essayait de me les coller derri\u00e8re ceux que j&rsquo;avais coup\u00e9s&#8230;<\/p>\n\n\n\n<p class=\"wp-block-paragraph\">Je voulais les cheveux libres, quoi !<\/p>\n\n\n\n<p class=\"wp-block-paragraph\">Apr\u00e8s \u00e7a, j&rsquo;avais accompagn\u00e9 ma copine, la petite voisine, pour aller se faire couper les cheveux, et je leur avais demand\u00e9 si je pouvais aller avec elle&#8230; et on m&rsquo;avait dit : <br>&#8211; Oui, viens&#8230;<\/p>\n\n\n\n<p class=\"wp-block-paragraph\">Ces coiffeurs, c&rsquo;\u00e9tait une famille tr\u00e8s unie, une tr\u00e8s belle famille. Ils \u00e9taient tous coiffeurs&#8230; Son fils \u00e9tait coiffeur pour les hommes, la fille \u00e9tait coiffeuse pour les femmes, la m\u00e8re elle faisait les shampoings et elle prenait les rendez-vous&#8230;<\/p>\n\n\n\n<p class=\"wp-block-paragraph\">Ils venaient tous les dimanches chez nous, prendre leur ap\u00e9ritif apr\u00e8s la messe&#8230; C&rsquo;\u00e9tait vraiment des gentils gens&#8230;<\/p>\n\n\n\n<p class=\"wp-block-paragraph\">Donc je suis all\u00e9e avec elle, chez cette famille de coiffeurs qui \u00e9tait tellement harmonieuse, dans leur salon de coiffure.<\/p>\n\n\n\n<p class=\"wp-block-paragraph\">Je me souviens&#8230; Cette mousse dans les cheveux, quand ils mettaient la mousse \u00e7a sentait bon&#8230; ! <br>C&rsquo;\u00e9tait beau, toutes ces couleurs, ces photos de mod\u00e8les&#8230;<\/p>\n\n\n\n<p class=\"wp-block-paragraph\">J&rsquo;avais trouv\u00e9 \u00e7a, magnifique&#8230;!<\/p>\n\n\n\n<p class=\"wp-block-paragraph\">Et puis apr\u00e8s, ils mettaient de la laque, et \u00e0 l&rsquo;\u00e9poque c&rsquo;\u00e9tait avec un gicleur&#8230; Il y avait un pompon, une poire&#8230; Je trouvais tout \u00e7a f\u00e9\u00e9rique. C&rsquo;\u00e9tait absolument magique&#8230;<\/p>\n\n\n\n<p class=\"wp-block-paragraph\">Et puis cette transformation, tu arrives avec des cheveux longs, et puis tout d&rsquo;un coup, on te transforme&#8230; et les miroirs !<\/p>\n\n\n\n<p class=\"wp-block-paragraph\">il y avait la beaut\u00e9, la magie&#8230; Alors l\u00e0, en sortant, je me suis dit :<br>&#8211; Ben voil\u00e0&#8230; C&rsquo;est d\u00e9cid\u00e9, je veux \u00eatre coiffeuse !<\/p>\n\n\n\n<p class=\"wp-block-paragraph\">Et peu de temps apr\u00e8s je devais faire un rapport \u00e0 l&rsquo;\u00e9cole. <br>On devait faire une composition, une conf\u00e9rence&#8230; On pouvait faire un petit relev\u00e9&#8230; Je me souviens encore, j&rsquo;avais fait un petit dossier, comme \u00e7a, que j&rsquo;avais pointill\u00e9. J&rsquo;avais mis de la couleur, et j&rsquo;avais fait une tresse avec de la laine, et j&rsquo;avais fait un n\u0153ud. J&rsquo;avais fait plusieurs pages ! J&rsquo;avais cherch\u00e9 des coiffures dans le journal \u00ab\u00a0L&rsquo;Illustr\u00e9\u00a0\u00bb que j&rsquo;avais d\u00e9coup\u00e9es en forme de c\u0153ur, en forme de machin&#8230;<\/p>\n\n\n\n<p class=\"wp-block-paragraph\">J&rsquo;avais fait tout un dossier que j&rsquo;avais pr\u00e9sent\u00e9 \u00e0 l&rsquo;\u00e9cole, parce que j&rsquo;avais d\u00e9cid\u00e9 que j&rsquo;allais faire coiffeuse&#8230;<\/p>\n\n\n\n<p class=\"wp-block-paragraph\">Ben voil\u00e0, j&rsquo;ai trouv\u00e9 ma profession&#8230; J&rsquo;avais r\u00e9fl\u00e9chi, et j&rsquo;avais trouv\u00e9. Je crois que j&rsquo;\u00e9tais en deuxi\u00e8me ann\u00e9e, quand la maitresse \u00e9tait venue nous poser la question : <br>&#8211; Mais qu&rsquo;est ce que vous voulez faire, qu&rsquo;est ce que tu veux faire quand tu seras grande ?<br>R\u00e9fl\u00e9chissez \u00e0 ce que vous voulez faire&#8230;<\/p>\n\n\n\n<p class=\"wp-block-paragraph\">Je me souviendrais toujours de mon copain, je l&rsquo;appelais Conrad&#8230; <br>Je lui disais :<br>&#8211; Moi, la maitresse je ne l&rsquo;aide pas. <br>&#8211; Oui oui&#8230; mais moi je veux aller directement au soleil, qu&rsquo;il a dit&#8230; tout en haut&#8230;<\/p>\n\n\n\n<p class=\"wp-block-paragraph\">Il avait des parents tr\u00e8s pieux, qui le faisaient tout le temps prier&#8230;<br>Il \u00e9tait serveur, serviteur \u00e0 l&rsquo;\u00e9glise&#8230; Je ne l&rsquo;oublierai jamais celui-l\u00e0, c&rsquo;est le seul dont je me souviens de ce qu&rsquo;il voulait faire apr\u00e8s l&rsquo;\u00e9cole&#8230; Il voulait devenir Pape ! (Rire)<\/p>\n\n\n\n<p class=\"wp-block-paragraph\">Et puis plus tard, j&rsquo;ai commenc\u00e9 \u00e0 couper les cheveux de mes copines dans les toilettes des filles de l&rsquo;\u00e9cole. J&rsquo;y trouvais tellement de plaisir avec mon c\u00f4t\u00e9 artistique, souhaitant apporter tant de joie et de bonheur aux autres que \u00e7a allait de soi&#8230;<\/p>\n\n\n\n<p class=\"wp-block-paragraph\">Je serai coiffeuse !<\/p>\n\n\n\n<p class=\"wp-block-paragraph\">Merci Gracias<\/p>\n","protected":false},"excerpt":{"rendered":"<p>&lt;Enregistr\u00e9 le 04 D\u00e9cembre 2016&gt; Je voulais \u00eatre nurse&#8230; et Maman m&rsquo;avait dit : &#8211; Non, ce n&rsquo;est pas possible, il faut aller \u00e0 Sierre apr\u00e8s tes 18 ans,et \u00e7a coute 10&rsquo;000 Francs&#8230; J&rsquo;\u00e9tais \u00e0 l&rsquo;\u00e9coute, tu vois&#8230; J&rsquo;avais 9-10 ans mais j&rsquo;\u00e9tais \u00e0 l&rsquo;\u00e9coute&#8230; J&rsquo;entendais et je cherchais aussi \u00e0 comprendre&#8230; C&rsquo;\u00e9tait une \u00e9cole [&hellip;]<\/p>\n","protected":false},"author":1,"featured_media":0,"parent":0,"menu_order":0,"comment_status":"open","ping_status":"closed","template":"pages-chapitre-05","meta":{"footnotes":""},"class_list":["post-893","page","type-page","status-publish","hentry"],"jetpack_sharing_enabled":true,"_links":{"self":[{"href":"https:\/\/mercigracias.ch\/index.php?rest_route=\/wp\/v2\/pages\/893","targetHints":{"allow":["GET"]}}],"collection":[{"href":"https:\/\/mercigracias.ch\/index.php?rest_route=\/wp\/v2\/pages"}],"about":[{"href":"https:\/\/mercigracias.ch\/index.php?rest_route=\/wp\/v2\/types\/page"}],"author":[{"embeddable":true,"href":"https:\/\/mercigracias.ch\/index.php?rest_route=\/wp\/v2\/users\/1"}],"replies":[{"embeddable":true,"href":"https:\/\/mercigracias.ch\/index.php?rest_route=%2Fwp%2Fv2%2Fcomments&post=893"}],"version-history":[{"count":6,"href":"https:\/\/mercigracias.ch\/index.php?rest_route=\/wp\/v2\/pages\/893\/revisions"}],"predecessor-version":[{"id":4655,"href":"https:\/\/mercigracias.ch\/index.php?rest_route=\/wp\/v2\/pages\/893\/revisions\/4655"}],"wp:attachment":[{"href":"https:\/\/mercigracias.ch\/index.php?rest_route=%2Fwp%2Fv2%2Fmedia&parent=893"}],"curies":[{"name":"wp","href":"https:\/\/api.w.org\/{rel}","templated":true}]}}

<p class="wp-block-paragraph">&lt;Enregistré le 04 Décembre 2016&gt;</p>



<p class="wp-block-paragraph">Je voulais être nurse&#8230; et Maman m&rsquo;avait dit : <br>&#8211; Non, ce n&rsquo;est pas possible, il faut aller à Sierre après tes 18 ans,<br>et ça coute 10&rsquo;000 Francs&#8230;</p>



<p class="wp-block-paragraph">J&rsquo;étais à l&rsquo;écoute, tu vois&#8230; J&rsquo;avais 9-10 ans mais j&rsquo;étais à l&rsquo;écoute&#8230; J&rsquo;entendais et je cherchais aussi à comprendre&#8230; C&rsquo;était une école privée. J&rsquo;entendais que c&rsquo;était très cher, j&rsquo;entendais qu&rsquo;il y avait ci, qu&rsquo;il y avait ça&#8230;</p>



<p class="wp-block-paragraph">Car j&rsquo;aimais les poupons&#8230; Il y avait eu Cécile, qui était venue travailler chez nous, et elle nous avait parlé de qu&rsquo;est ce que c&rsquo;était Nurse, et de tout ce qu&rsquo;elles faisaient&#8230;</p>



<p class="wp-block-paragraph">Je trouvais que c&rsquo;était quelque chose qui pouvait vraiment me convenir, moi qui aimais les poupons, les poupées&#8230; Tu vois avec Nurse, j&rsquo;étais à la maison, j&rsquo;adorais les poupons&#8230;</p>



<p class="wp-block-paragraph">Mais Maman m&rsquo;avait dit : <br>&#8211; Ça ne va pas aller&#8230; Ce n&rsquo;est pas possible !</p>



<p class="wp-block-paragraph">En plus, je ne pouvais pas attendre mes 18 ans&#8230; C&rsquo;était dans les moments où je voulais aussi couper mes cheveux&#8230; <br>Oh mon chignon, j&rsquo;en avait marre&#8230; Le chignon pour dormir c&rsquo;était tellement gênant, j&rsquo;avais les cheveux qui descendait plus bas que mes fesses, alors mon chignon !</p>



<p class="wp-block-paragraph">Je voulais être comme tout le monde, alors à mon chignon, juste sur le haut, j&rsquo;avais pris les ciseaux&#8230; et Tchhouuuc ! J&rsquo;avais coupé une grande mèche, juste à la racine&#8230; et Maman, quand elle m&rsquo;a coiffée et qu&rsquo;elle a ouvert les cheveux, la grande mèche&#8230;</p>



<p class="wp-block-paragraph">&#8211; Tu vois maman, ils tombent ! IL faut me couper les cheveux, autrement ils vont tous tomber&#8230;(Rire)<br>&#8211; Non mais tu te fous de moi !? Me fais pas chier, deux claques&#8230;</p>



<p class="wp-block-paragraph">Oui, qu&rsquo;elle m&rsquo;a dit&#8230; Mais ça va pas ou bien !? (Rire)</p>



<p class="wp-block-paragraph">Elle était furax ! Tu vois, moi j&rsquo;avais pris ses ciseaux et Tchac&#8230; à la racine. (Rire) Vous allez déjà voir&#8230; Moi, je coupe mes cheveux !</p>



<p class="wp-block-paragraph">J&rsquo;avais commencé par faire des petites franges&#8230; Alors elle essayait de me les coller derrière ceux que j&rsquo;avais coupés&#8230;</p>



<p class="wp-block-paragraph">Je voulais les cheveux libres, quoi !</p>



<p class="wp-block-paragraph">Après ça, j&rsquo;avais accompagné ma copine, la petite voisine, pour aller se faire couper les cheveux, et je leur avais demandé si je pouvais aller avec elle&#8230; et on m&rsquo;avait dit : <br>&#8211; Oui, viens&#8230;</p>



<p class="wp-block-paragraph">Ces coiffeurs, c&rsquo;était une famille très unie, une très belle famille. Ils étaient tous coiffeurs&#8230; Son fils était coiffeur pour les hommes, la fille était coiffeuse pour les femmes, la mère elle faisait les shampoings et elle prenait les rendez-vous&#8230;</p>



<p class="wp-block-paragraph">Ils venaient tous les dimanches chez nous, prendre leur apéritif après la messe&#8230; C&rsquo;était vraiment des gentils gens&#8230;</p>



<p class="wp-block-paragraph">Donc je suis allée avec elle, chez cette famille de coiffeurs qui était tellement harmonieuse, dans leur salon de coiffure.</p>



<p class="wp-block-paragraph">Je me souviens&#8230; Cette mousse dans les cheveux, quand ils mettaient la mousse ça sentait bon&#8230; ! <br>C&rsquo;était beau, toutes ces couleurs, ces photos de modèles&#8230;</p>



<p class="wp-block-paragraph">J&rsquo;avais trouvé ça, magnifique&#8230;!</p>



<p class="wp-block-paragraph">Et puis après, ils mettaient de la laque, et à l&rsquo;époque c&rsquo;était avec un gicleur&#8230; Il y avait un pompon, une poire&#8230; Je trouvais tout ça féérique. C&rsquo;était absolument magique&#8230;</p>



<p class="wp-block-paragraph">Et puis cette transformation, tu arrives avec des cheveux longs, et puis tout d&rsquo;un coup, on te transforme&#8230; et les miroirs !</p>



<p class="wp-block-paragraph">il y avait la beauté, la magie&#8230; Alors là, en sortant, je me suis dit :<br>&#8211; Ben voilà&#8230; C&rsquo;est décidé, je veux être coiffeuse !</p>



<p class="wp-block-paragraph">Et peu de temps après je devais faire un rapport à l&rsquo;école. <br>On devait faire une composition, une conférence&#8230; On pouvait faire un petit relevé&#8230; Je me souviens encore, j&rsquo;avais fait un petit dossier, comme ça, que j&rsquo;avais pointillé. J&rsquo;avais mis de la couleur, et j&rsquo;avais fait une tresse avec de la laine, et j&rsquo;avais fait un nœud. J&rsquo;avais fait plusieurs pages ! J&rsquo;avais cherché des coiffures dans le journal « L&rsquo;Illustré » que j&rsquo;avais découpées en forme de cœur, en forme de machin&#8230;</p>



<p class="wp-block-paragraph">J&rsquo;avais fait tout un dossier que j&rsquo;avais présenté à l&rsquo;école, parce que j&rsquo;avais décidé que j&rsquo;allais faire coiffeuse&#8230;</p>



<p class="wp-block-paragraph">Ben voilà, j&rsquo;ai trouvé ma profession&#8230; J&rsquo;avais réfléchi, et j&rsquo;avais trouvé. Je crois que j&rsquo;étais en deuxième année, quand la maitresse était venue nous poser la question : <br>&#8211; Mais qu&rsquo;est ce que vous voulez faire, qu&rsquo;est ce que tu veux faire quand tu seras grande ?<br>Réfléchissez à ce que vous voulez faire&#8230;</p>



<p class="wp-block-paragraph">Je me souviendrais toujours de mon copain, je l&rsquo;appelais Conrad&#8230; <br>Je lui disais :<br>&#8211; Moi, la maitresse je ne l&rsquo;aide pas. <br>&#8211; Oui oui&#8230; mais moi je veux aller directement au soleil, qu&rsquo;il a dit&#8230; tout en haut&#8230;</p>



<p class="wp-block-paragraph">Il avait des parents très pieux, qui le faisaient tout le temps prier&#8230;<br>Il était serveur, serviteur à l&rsquo;église&#8230; Je ne l&rsquo;oublierai jamais celui-là, c&rsquo;est le seul dont je me souviens de ce qu&rsquo;il voulait faire après l&rsquo;école&#8230; Il voulait devenir Pape ! (Rire)</p>



<p class="wp-block-paragraph">Et puis plus tard, j&rsquo;ai commencé à couper les cheveux de mes copines dans les toilettes des filles de l&rsquo;école. J&rsquo;y trouvais tellement de plaisir avec mon côté artistique, souhaitant apporter tant de joie et de bonheur aux autres que ça allait de soi&#8230;</p>



<p class="wp-block-paragraph">Je serai coiffeuse !</p>



<p class="wp-block-paragraph">Merci Gracias</p>

<p>&lt;Enregistré le 04 Décembre 2016&gt; Je voulais être nurse&#8230; et Maman m&rsquo;avait dit : &#8211; Non, ce n&rsquo;est pas possible, il faut aller à Sierre après tes 18 ans,et ça coute 10&rsquo;000 Francs&#8230; J&rsquo;étais à l&rsquo;écoute, tu vois&#8230; J&rsquo;avais 9-10 ans mais j&rsquo;étais à l&rsquo;écoute&#8230; J&rsquo;entendais et je cherchais aussi à comprendre&#8230; C&rsquo;était une école [&hellip;]</p>
