{"id":914,"date":"2026-01-19T22:01:30","date_gmt":"2026-01-19T22:01:30","guid":{"rendered":"https:\/\/mercigracias.ch\/?page_id=914"},"modified":"2026-07-13T06:17:31","modified_gmt":"2026-07-13T06:17:31","slug":"mon-chignon","status":"publish","type":"page","link":"https:\/\/mercigracias.ch\/?page_id=914","title":{"rendered":"Mon chignon&#8230;"},"content":{"rendered":"\n<p class=\"wp-block-paragraph\">&lt;Enregistr\u00e9 le 07 D\u00e9cembre 2014&gt;<\/p>\n\n\n\n<p class=\"wp-block-paragraph\">J&rsquo;avais d\u00e9cid\u00e9 qu&rsquo;il fallait me faire couper les cheveux&#8230; <br>Il faut dire que ce chignon, avec tous les clous qu&rsquo;il fallait me planter dans la t\u00eate pour le faire tenir&#8230; J&rsquo;en avais marre, et je voulais \u00eatre comme les autres \u00e0 l&rsquo;\u00e9cole. Sentir les cheveux tourner sur mon visage, les avoir libres.<\/p>\n\n\n\n<p class=\"wp-block-paragraph\">Alors comme on ne m&rsquo;entendait pas, qu&rsquo;on ne comprenait pas, que ces cheveux, il fallait me les couper !<\/p>\n\n\n\n<p class=\"wp-block-paragraph\">Tous les matins, il fallait r\u00e9veiller maman pour qu&rsquo;elle nous coiffe les cheveux&#8230; Ce n&rsquo;\u00e9tait pas le \u00ab\u00a0R\u00e9veillez moi\u00a0\u00bb qui m&#8217;emb\u00eatais&#8230; C&rsquo;\u00e9tait r\u00e9veiller Maman, qui \u00e9tait fatigu\u00e9e&#8230; Elle se couchait tellement tard, apr\u00e8s tout le monde. C&rsquo;\u00e9tait elle qui fermait le bistrot et qui nettoyait encore \u00e0 la fin.<\/p>\n\n\n\n<p class=\"wp-block-paragraph\">On pouvait nous coiffer nous m\u00eame, alors qu&rsquo;elle n&rsquo;en pouvait plus puisqu&rsquo;elle se couchait \u00e0 minuit et demi&#8230; Et apr\u00e8s la fermeture, elle rangeait encore !<\/p>\n\n\n\n<p class=\"wp-block-paragraph\">Alors le matin, elle devait se r\u00e9veiller, se mettre sur le bord du lit, et elle nous faisait notre chignon&#8230; Elle dormait \u00e0 moiti\u00e9, alors elle tirait et nous mettait tous ces clous dans la t\u00eate&#8230; <br>&#8211; A\u00efe&#8230;A\u00efe&#8230; qu&rsquo;on disait chaque matin !<\/p>\n\n\n\n<p class=\"wp-block-paragraph\">Alors je me suis dit : <br>&#8211; Bon ben maintenant \u00e7a suffit&#8230;!<br>J&rsquo;ai pris les ciseaux, et entre le chignon&#8230;Tchoucccc&#8230; <br>Ultra pr\u00e9cis, Tchac, tchac&#8230; J&rsquo;avais fait comme \u00e7a !<\/p>\n\n\n\n<p class=\"wp-block-paragraph\">Et quand je suis arriv\u00e9e le matin pour me faire coiffer, mes cheveux tombaient, comme \u00e7a&#8230; <br>&#8211; Hummm ? Qu&rsquo;est ce que c&rsquo;est \u00e7a ? m&rsquo;avait elle demand\u00e9&#8230;<\/p>\n\n\n\n<p class=\"wp-block-paragraph\">&#8211; Tu vois bien maman, ils tombent mes cheveux&#8230; Faut les couper, c&rsquo;est trop lourd&#8230;!<\/p>\n\n\n\n<p class=\"wp-block-paragraph\">Alors tout ce qu&rsquo;une gamine peut raconter, tu vois&#8230; <br>&#8211; <em>Tu avais quel \u00e2ge ?<\/em><\/p>\n\n\n\n<p class=\"wp-block-paragraph\">Je pense que j&rsquo;avais 8 ans. Je commen\u00e7ais l&rsquo;\u00e9cole, il y avait une r\u00e9volution. Je voulais les cheveux courts, comme tout le monde, je voulais ressembler \u00e0 tout le monde&#8230;<\/p>\n\n\n\n<p class=\"wp-block-paragraph\">Je ne voulais plus \u00eatre comme les petites filles \u00ab\u00a0Ingalls\u00a0\u00bb&#8230; de \u00ab\u00a0La petite maison dans la prairie\u00a0\u00bb&#8230;(rire)<\/p>\n\n\n\n<p class=\"wp-block-paragraph\">Puisqu&rsquo;on ne me comprenait pas j&rsquo;allais leur faire comprendre&#8230; <br>Maman \u00e9tait hors d&rsquo;elle&#8230; Elle avait une poign\u00e9e de cheveux dans ses mains&#8230;<\/p>\n\n\n\n<p class=\"wp-block-paragraph\">&#8211; <em>Il y en avait beaucoup qui \u00e9taient tomb\u00e9s ?<\/em> <br>&#8211; Oh, j&rsquo;avais bien coup\u00e9&#8230; J&rsquo;avais pris les ciseaux, ce que j&rsquo;avais pu trouver&#8230; et hop, on y va&#8230; Alors apr\u00e8s j&rsquo;ai pu couper les petits cheveux devant&#8230;<\/p>\n\n\n\n<p class=\"wp-block-paragraph\">Maman elle voulait que je sois gomin\u00e9e derri\u00e8re&#8230; Pas un cheveu qui d\u00e9passe. Parce que \u00e7a ne faisait pas trop propre&#8230; <br>Mais de toute fa\u00e7on, Maman elle voulait des r\u00e8gles&#8230; ce n&rsquo;\u00e9tait pas seulement le P\u00e8re, hein !<\/p>\n\n\n\n<p class=\"wp-block-paragraph\">Elle aussi voulait ses r\u00e8gles&#8230; Quand elle \u00e9tait enfant elle avait des tresses&#8230; Mais elle ne voulait surtout pas devoir payer le coiffeur ! <br>Nous aussi on faisait de temps en temps des tresses, \u00e7a changeait. Des fois on faisait des tresses, des fois on faisait le chignon, et parfois une queue de cheval&#8230;<\/p>\n\n\n\n<p class=\"wp-block-paragraph\">Mais la queue de cheval, elle ne voulait pas trop&#8230; Elle voulait que les cheveux soient rang\u00e9s comme il faut&#8230; pas de fantaisie !<\/p>\n\n\n\n<p class=\"wp-block-paragraph\">Alors ma s\u0153ur et moi on avait les cheveux, jusqu&rsquo;ici en bas. On pouvait s&rsquo;assoir dessus, sous les fesses. C&rsquo;\u00e9tait vraiment des grands cheveux ! Et ma s\u0153ur elle a plus de cheveux que moi encore&#8230; C&rsquo;\u00e9tait tr\u00e8s joli, avec mes cheveux en bas&#8230; je peux te montrer, j&rsquo;ai encore ma natte que j&rsquo;ai coup\u00e9e au moment de ma confirmation&#8230; <\/p>\n\n\n\n<p class=\"wp-block-paragraph\">Mais il a fallu que j&rsquo;attende encore un peu pour la couper totalement&#8230; <\/p>\n\n\n\n<p class=\"wp-block-paragraph\">Un peu plus tard, mon p\u00e8re avait achet\u00e9 un appareil photo, parce que ma s\u0153ur, quand elle est partie au pensionnat, elle devait vite se faire couper les cheveux \u00e0 mi-\u00e9paule&#8230; Alors comme mon p\u00e8re aimait aussi les cheveux longs, il voulait nous prendre en photo juste avant&#8230; Alors il avait fait des photos en long et en large&#8230;<\/p>\n\n\n\n<figure class=\"wp-block-image size-large\"><img loading=\"lazy\" decoding=\"async\" width=\"1024\" height=\"996\" src=\"https:\/\/mercigracias.ch\/wp-content\/uploads\/2026\/01\/Isa0005-bis-1024x996.jpg\" alt=\"\" class=\"wp-image-917\" srcset=\"https:\/\/mercigracias.ch\/wp-content\/uploads\/2026\/01\/Isa0005-bis-1024x996.jpg 1024w, https:\/\/mercigracias.ch\/wp-content\/uploads\/2026\/01\/Isa0005-bis-300x292.jpg 300w, https:\/\/mercigracias.ch\/wp-content\/uploads\/2026\/01\/Isa0005-bis-768x747.jpg 768w, https:\/\/mercigracias.ch\/wp-content\/uploads\/2026\/01\/Isa0005-bis-1536x1493.jpg 1536w, https:\/\/mercigracias.ch\/wp-content\/uploads\/2026\/01\/Isa0005-bis-2048x1991.jpg 2048w\" sizes=\"auto, (max-width: 1024px) 100vw, 1024px\" \/><\/figure>\n\n\n\n<p class=\"wp-block-paragraph\">Il avait bien fait \u00e7a, hein&#8230;Tr\u00e8s bien fait \u00e7a, et \u00e7a fait des beaux souvenirs, avec nos cheveux&#8230; J&rsquo;avais du couper mes cheveux dans les m\u00eames ann\u00e9es&#8230; Oui Oui,  j&rsquo;\u00e9tais all\u00e9e demander \u00e0 ma marraine de confirmation, je lui avais dit :<br>&#8211; Je veux les perdre&#8230; <\/p>\n\n\n\n<p class=\"wp-block-paragraph\">Et elle m&rsquo;avait dit : <br>&#8211; C&rsquo;est OK !<\/p>\n\n\n\n<p class=\"wp-block-paragraph\">Mais mes parents lui ont dit : <br>&#8211; Si vous avez offert le coiffeur pour sa confirmation&#8230; Vous pouvez lui offrir le coiffeur par la suite aussi&#8230;!<\/p>\n\n\n\n<p class=\"wp-block-paragraph\">Ils ne voulaient rien d\u00e9penser&#8230; Ma m\u00e8re \u00e0 17 ans on lui avait arrach\u00e9 toutes ses dents plut\u00f4t que de devoir payer le dentiste pour la faire soigner \u00e0 chaque carie, c&rsquo;\u00e9tait une dr\u00f4le d&rsquo;\u00e9poque&#8230;<\/p>\n\n\n\n<p class=\"wp-block-paragraph\">Alors ma marraine a dit :<br>&#8211; Oui pas de souci&#8230;<\/p>\n\n\n\n<p class=\"wp-block-paragraph\">Alors quand mes cheveux grandissaient, et je disais :<br>&#8211; Je peux aller chez le coiffeur ? Et on allait chez le coiffeur&#8230;<\/p>\n\n\n\n<p class=\"wp-block-paragraph\">Alors bien s\u00fbr quand je suis arriv\u00e9e \u00e0 mon adolescence, j&rsquo;ai voulu les laisser pousser&#8230; Les filles, on aime bien que \u00e7a tombe en avant, en arri\u00e8re&#8230; C&rsquo;\u00e9tait des cheveux, quoi !(Rire)<\/p>\n\n\n\n<p class=\"wp-block-paragraph\">Ah oui, je me souviens ce que \u00e7a nous faisait r\u00eaver, quand on avait les tresses d&rsquo;avoir des petits \u00e9lastiques, avec des petits motifs dessus&#8230; On faisait des tresses rien que pour avoir le motif au bout&#8230; C&rsquo;\u00e9tait tellement joli, \u00e7a faisait r\u00eaver&#8230;<\/p>\n\n\n\n<p class=\"wp-block-paragraph\">Ah c&rsquo;est vrai, aux enfants m\u00eame si tu ne leur donnes pas beaucoup, ils ont la capacit\u00e9 de r\u00eaver&#8230;<\/p>\n\n\n\n<p class=\"wp-block-paragraph\">Merci Gracias<\/p>\n","protected":false},"excerpt":{"rendered":"<p>&lt;Enregistr\u00e9 le 07 D\u00e9cembre 2014&gt; J&rsquo;avais d\u00e9cid\u00e9 qu&rsquo;il fallait me faire couper les cheveux&#8230; Il faut dire que ce chignon, avec tous les clous qu&rsquo;il fallait me planter dans la t\u00eate pour le faire tenir&#8230; J&rsquo;en avais marre, et je voulais \u00eatre comme les autres \u00e0 l&rsquo;\u00e9cole. Sentir les cheveux tourner sur mon visage, les [&hellip;]<\/p>\n","protected":false},"author":1,"featured_media":0,"parent":0,"menu_order":0,"comment_status":"open","ping_status":"closed","template":"pages-chapitre-05","meta":{"footnotes":""},"class_list":["post-914","page","type-page","status-publish","hentry"],"jetpack_sharing_enabled":true,"_links":{"self":[{"href":"https:\/\/mercigracias.ch\/index.php?rest_route=\/wp\/v2\/pages\/914","targetHints":{"allow":["GET"]}}],"collection":[{"href":"https:\/\/mercigracias.ch\/index.php?rest_route=\/wp\/v2\/pages"}],"about":[{"href":"https:\/\/mercigracias.ch\/index.php?rest_route=\/wp\/v2\/types\/page"}],"author":[{"embeddable":true,"href":"https:\/\/mercigracias.ch\/index.php?rest_route=\/wp\/v2\/users\/1"}],"replies":[{"embeddable":true,"href":"https:\/\/mercigracias.ch\/index.php?rest_route=%2Fwp%2Fv2%2Fcomments&post=914"}],"version-history":[{"count":7,"href":"https:\/\/mercigracias.ch\/index.php?rest_route=\/wp\/v2\/pages\/914\/revisions"}],"predecessor-version":[{"id":5699,"href":"https:\/\/mercigracias.ch\/index.php?rest_route=\/wp\/v2\/pages\/914\/revisions\/5699"}],"wp:attachment":[{"href":"https:\/\/mercigracias.ch\/index.php?rest_route=%2Fwp%2Fv2%2Fmedia&parent=914"}],"curies":[{"name":"wp","href":"https:\/\/api.w.org\/{rel}","templated":true}]}}

<p class="wp-block-paragraph">&lt;Enregistré le 07 Décembre 2014&gt;</p>



<p class="wp-block-paragraph">J&rsquo;avais décidé qu&rsquo;il fallait me faire couper les cheveux&#8230; <br>Il faut dire que ce chignon, avec tous les clous qu&rsquo;il fallait me planter dans la tête pour le faire tenir&#8230; J&rsquo;en avais marre, et je voulais être comme les autres à l&rsquo;école. Sentir les cheveux tourner sur mon visage, les avoir libres.</p>



<p class="wp-block-paragraph">Alors comme on ne m&rsquo;entendait pas, qu&rsquo;on ne comprenait pas, que ces cheveux, il fallait me les couper !</p>



<p class="wp-block-paragraph">Tous les matins, il fallait réveiller maman pour qu&rsquo;elle nous coiffe les cheveux&#8230; Ce n&rsquo;était pas le « Réveillez moi » qui m&#8217;embêtais&#8230; C&rsquo;était réveiller Maman, qui était fatiguée&#8230; Elle se couchait tellement tard, après tout le monde. C&rsquo;était elle qui fermait le bistrot et qui nettoyait encore à la fin.</p>



<p class="wp-block-paragraph">On pouvait nous coiffer nous même, alors qu&rsquo;elle n&rsquo;en pouvait plus puisqu&rsquo;elle se couchait à minuit et demi&#8230; Et après la fermeture, elle rangeait encore !</p>



<p class="wp-block-paragraph">Alors le matin, elle devait se réveiller, se mettre sur le bord du lit, et elle nous faisait notre chignon&#8230; Elle dormait à moitié, alors elle tirait et nous mettait tous ces clous dans la tête&#8230; <br>&#8211; Aïe&#8230;Aïe&#8230; qu&rsquo;on disait chaque matin !</p>



<p class="wp-block-paragraph">Alors je me suis dit : <br>&#8211; Bon ben maintenant ça suffit&#8230;!<br>J&rsquo;ai pris les ciseaux, et entre le chignon&#8230;Tchoucccc&#8230; <br>Ultra précis, Tchac, tchac&#8230; J&rsquo;avais fait comme ça !</p>



<p class="wp-block-paragraph">Et quand je suis arrivée le matin pour me faire coiffer, mes cheveux tombaient, comme ça&#8230; <br>&#8211; Hummm ? Qu&rsquo;est ce que c&rsquo;est ça ? m&rsquo;avait elle demandé&#8230;</p>



<p class="wp-block-paragraph">&#8211; Tu vois bien maman, ils tombent mes cheveux&#8230; Faut les couper, c&rsquo;est trop lourd&#8230;!</p>



<p class="wp-block-paragraph">Alors tout ce qu&rsquo;une gamine peut raconter, tu vois&#8230; <br>&#8211; <em>Tu avais quel âge ?</em></p>



<p class="wp-block-paragraph">Je pense que j&rsquo;avais 8 ans. Je commençais l&rsquo;école, il y avait une révolution. Je voulais les cheveux courts, comme tout le monde, je voulais ressembler à tout le monde&#8230;</p>



<p class="wp-block-paragraph">Je ne voulais plus être comme les petites filles « Ingalls »&#8230; de « La petite maison dans la prairie »&#8230;(rire)</p>



<p class="wp-block-paragraph">Puisqu&rsquo;on ne me comprenait pas j&rsquo;allais leur faire comprendre&#8230; <br>Maman était hors d&rsquo;elle&#8230; Elle avait une poignée de cheveux dans ses mains&#8230;</p>



<p class="wp-block-paragraph">&#8211; <em>Il y en avait beaucoup qui étaient tombés ?</em> <br>&#8211; Oh, j&rsquo;avais bien coupé&#8230; J&rsquo;avais pris les ciseaux, ce que j&rsquo;avais pu trouver&#8230; et hop, on y va&#8230; Alors après j&rsquo;ai pu couper les petits cheveux devant&#8230;</p>



<p class="wp-block-paragraph">Maman elle voulait que je sois gominée derrière&#8230; Pas un cheveu qui dépasse. Parce que ça ne faisait pas trop propre&#8230; <br>Mais de toute façon, Maman elle voulait des règles&#8230; ce n&rsquo;était pas seulement le Père, hein !</p>



<p class="wp-block-paragraph">Elle aussi voulait ses règles&#8230; Quand elle était enfant elle avait des tresses&#8230; Mais elle ne voulait surtout pas devoir payer le coiffeur ! <br>Nous aussi on faisait de temps en temps des tresses, ça changeait. Des fois on faisait des tresses, des fois on faisait le chignon, et parfois une queue de cheval&#8230;</p>



<p class="wp-block-paragraph">Mais la queue de cheval, elle ne voulait pas trop&#8230; Elle voulait que les cheveux soient rangés comme il faut&#8230; pas de fantaisie !</p>



<p class="wp-block-paragraph">Alors ma sœur et moi on avait les cheveux, jusqu&rsquo;ici en bas. On pouvait s&rsquo;assoir dessus, sous les fesses. C&rsquo;était vraiment des grands cheveux ! Et ma sœur elle a plus de cheveux que moi encore&#8230; C&rsquo;était très joli, avec mes cheveux en bas&#8230; je peux te montrer, j&rsquo;ai encore ma natte que j&rsquo;ai coupée au moment de ma confirmation&#8230; </p>



<p class="wp-block-paragraph">Mais il a fallu que j&rsquo;attende encore un peu pour la couper totalement&#8230; </p>



<p class="wp-block-paragraph">Un peu plus tard, mon père avait acheté un appareil photo, parce que ma sœur, quand elle est partie au pensionnat, elle devait vite se faire couper les cheveux à mi-épaule&#8230; Alors comme mon père aimait aussi les cheveux longs, il voulait nous prendre en photo juste avant&#8230; Alors il avait fait des photos en long et en large&#8230;</p>



<figure class="wp-block-image size-large"><img loading="lazy" decoding="async" width="1024" height="996" src="https://mercigracias.ch/wp-content/uploads/2026/01/Isa0005-bis-1024x996.jpg" alt="" class="wp-image-917" srcset="https://mercigracias.ch/wp-content/uploads/2026/01/Isa0005-bis-1024x996.jpg 1024w, https://mercigracias.ch/wp-content/uploads/2026/01/Isa0005-bis-300x292.jpg 300w, https://mercigracias.ch/wp-content/uploads/2026/01/Isa0005-bis-768x747.jpg 768w, https://mercigracias.ch/wp-content/uploads/2026/01/Isa0005-bis-1536x1493.jpg 1536w, https://mercigracias.ch/wp-content/uploads/2026/01/Isa0005-bis-2048x1991.jpg 2048w" sizes="auto, (max-width: 1024px) 100vw, 1024px" /></figure>



<p class="wp-block-paragraph">Il avait bien fait ça, hein&#8230;Très bien fait ça, et ça fait des beaux souvenirs, avec nos cheveux&#8230; J&rsquo;avais du couper mes cheveux dans les mêmes années&#8230; Oui Oui,  j&rsquo;étais allée demander à ma marraine de confirmation, je lui avais dit :<br>&#8211; Je veux les perdre&#8230; </p>



<p class="wp-block-paragraph">Et elle m&rsquo;avait dit : <br>&#8211; C&rsquo;est OK !</p>



<p class="wp-block-paragraph">Mais mes parents lui ont dit : <br>&#8211; Si vous avez offert le coiffeur pour sa confirmation&#8230; Vous pouvez lui offrir le coiffeur par la suite aussi&#8230;!</p>



<p class="wp-block-paragraph">Ils ne voulaient rien dépenser&#8230; Ma mère à 17 ans on lui avait arraché toutes ses dents plutôt que de devoir payer le dentiste pour la faire soigner à chaque carie, c&rsquo;était une drôle d&rsquo;époque&#8230;</p>



<p class="wp-block-paragraph">Alors ma marraine a dit :<br>&#8211; Oui pas de souci&#8230;</p>



<p class="wp-block-paragraph">Alors quand mes cheveux grandissaient, et je disais :<br>&#8211; Je peux aller chez le coiffeur ? Et on allait chez le coiffeur&#8230;</p>



<p class="wp-block-paragraph">Alors bien sûr quand je suis arrivée à mon adolescence, j&rsquo;ai voulu les laisser pousser&#8230; Les filles, on aime bien que ça tombe en avant, en arrière&#8230; C&rsquo;était des cheveux, quoi !(Rire)</p>



<p class="wp-block-paragraph">Ah oui, je me souviens ce que ça nous faisait rêver, quand on avait les tresses d&rsquo;avoir des petits élastiques, avec des petits motifs dessus&#8230; On faisait des tresses rien que pour avoir le motif au bout&#8230; C&rsquo;était tellement joli, ça faisait rêver&#8230;</p>



<p class="wp-block-paragraph">Ah c&rsquo;est vrai, aux enfants même si tu ne leur donnes pas beaucoup, ils ont la capacité de rêver&#8230;</p>



<p class="wp-block-paragraph">Merci Gracias</p>

<p>&lt;Enregistré le 07 Décembre 2014&gt; J&rsquo;avais décidé qu&rsquo;il fallait me faire couper les cheveux&#8230; Il faut dire que ce chignon, avec tous les clous qu&rsquo;il fallait me planter dans la tête pour le faire tenir&#8230; J&rsquo;en avais marre, et je voulais être comme les autres à l&rsquo;école. Sentir les cheveux tourner sur mon visage, les [&hellip;]</p>
