{"id":934,"date":"2026-01-20T16:51:12","date_gmt":"2026-01-20T16:51:12","guid":{"rendered":"https:\/\/mercigracias.ch\/?page_id=934"},"modified":"2026-06-18T13:41:24","modified_gmt":"2026-06-18T13:41:24","slug":"bleu-bleu-non-rouge","status":"publish","type":"page","link":"https:\/\/mercigracias.ch\/?page_id=934","title":{"rendered":"Bleu, bleu&#8230;Non, Rouge !"},"content":{"rendered":"\n<p class=\"wp-block-paragraph\">&lt;Enregistr\u00e9 le 04 Septembre 2014&gt;<\/p>\n\n\n\n<p class=\"wp-block-paragraph\">Mon P\u00e8re voulait toujours nous habiller en bleu&#8230; Il avait mis cette r\u00e8gle. On doit \u00eatre habill\u00e9 en bleu !<br>Sans doute que c&rsquo;\u00e9tait des r\u00e8gles qu&rsquo;il avait apprises \u00e0 l&rsquo;\u00e9cole des palaces de Lausanne&#8230;<\/p>\n\n\n\n<p class=\"wp-block-paragraph\">&#8211; <em>En Bleu marine ?<\/em><\/p>\n\n\n\n<p class=\"wp-block-paragraph\">&#8211; Pas sp\u00e9cialement en bleu marine, mais en bleu. C&rsquo;\u00e9tait le bleu. <br>Il imposait le bleu&#8230; Alors moi je t&rsquo;ai revendiqu\u00e9 comme il faut \u00e0 11 ans&#8230;<\/p>\n\n\n\n<p class=\"wp-block-paragraph\">Ton bleu&#8230; Va te faire voir ! <br>\u00c7a sera du rouge, et du rouge p\u00e9tant, maintenant&#8230;<\/p>\n\n\n\n<p class=\"wp-block-paragraph\">&#8211; <em>C&rsquo;\u00e9tait pour ta confirmation ?<\/em><br>&#8211; Oui, alors l\u00e0&#8230; Je lui ai montr\u00e9 que je voulais du rouge, hein !<\/p>\n\n\n\n<p class=\"wp-block-paragraph\">&#8211;<em> Il avait accept\u00e9 ton Moi&#8230;<\/em><\/p>\n\n\n\n<p class=\"wp-block-paragraph\">&#8211; Ah ben oui&#8230; !<br>Parce que j&rsquo;ai continu\u00e9 \u00e0 le provoquer, en rouge, du rouge&#8230; et \u00e0 mes 20 ans quand il m&rsquo;a invit\u00e9e pour aller voir l&rsquo;astrologue, j&rsquo;\u00e9tais toute v\u00eatue de rouge&#8230;<\/p>\n\n\n\n<p class=\"wp-block-paragraph\">Je me souviens que ce jour l\u00e0, j&rsquo;avais m\u00eame mis du vernis rouge&#8230;<\/p>\n\n\n\n<p class=\"wp-block-paragraph\">Mais dans le service, il voulait que les sommeli\u00e8res n&rsquo;aient pas de vernis ni de rouge \u00e0 l\u00e8vre. Sobre&#8230; La sommeli\u00e8re, elle est au service, on ne se montre pas, et on ne doit pas la voir&#8230; Elle a les cheveux qui sont propres, bien coiff\u00e9s, mais pas sur le visage. Aucun artifice !<br>Elle ne ressort pas. Elle est au service du client, elle n&rsquo;est pas l&rsquo;attraction du client&#8230;<\/p>\n\n\n\n<p class=\"wp-block-paragraph\">Et l\u00e0, quand il m&rsquo;avait invit\u00e9e pour mes 20 ans&#8230; J&rsquo;avais du vernis rouge, du rouge \u00e0 l\u00e8vres, des habits rouges, en totale provocation&#8230;(Rire)<\/p>\n\n\n\n<p class=\"wp-block-paragraph\">&#8211; <em>C&rsquo;\u00e9tait la fin de l&rsquo;adolescence&#8230;<\/em><\/p>\n\n\n\n<p class=\"wp-block-paragraph\">&#8211; Oui, j&rsquo;avais besoin de dire : <br>&#8211; Tu ne pourras plus me faire quoi que ce soit. Besoin de poser mes marques et de lui dire :<\/p>\n\n\n\n<ul class=\"wp-block-list\">\n<li>C&rsquo;est moi qui d\u00e9cide pour tout. Voil\u00e0. Vous allez voir ce que vous allez voir. (Rire)<\/li>\n<\/ul>\n\n\n\n<p class=\"wp-block-paragraph\">C&rsquo;\u00e9tait la p\u00e9riode o\u00f9 j&rsquo;avais fini mon apprentissage&#8230; Oui, j&rsquo;\u00e9tais d\u00e9j\u00e0 partie \u00e0 Bern !<\/p>\n\n\n\n<p class=\"wp-block-paragraph\">J&rsquo;avais d\u00e9j\u00e0 toute cette r\u00e9volution en moi&#8230; J&rsquo;avais dit :<\/p>\n\n\n\n<ul class=\"wp-block-list\">\n<li>Maintenant, \u00e7a suffit !<\/li>\n<\/ul>\n\n\n\n<p class=\"wp-block-paragraph\">Mais il devait \u00eatre fier de moi car je suivais ses pas sans le savoir&#8230; A faire les stations et les grands salons de coiffure.<\/p>\n\n\n\n<p class=\"wp-block-paragraph\">Du coup, plus tard, quand j&rsquo;\u00e9tais \u00e0 Gstaad et qu&rsquo;il \u00e9tait venu me voir, il m&rsquo;avait achet\u00e9 une combinaison et des chaussures de ski rouge !<\/p>\n\n\n\n<p class=\"wp-block-paragraph\">J&rsquo;avais consolid\u00e9, et  il \u00e9tait en accord. Alors il a discut\u00e9 avec le vendeur la combinaison, et les chaussures en rouge&#8230;<\/p>\n\n\n\n<p class=\"wp-block-paragraph\">Et je les ai toujours au galetas, depuis toutes ces ann\u00e9es&#8230;<\/p>\n\n\n\n<p class=\"wp-block-paragraph\">C&rsquo;\u00e9tait un cadeau de mon P\u00e8re !<\/p>\n\n\n\n<p class=\"wp-block-paragraph\">Merci Gracias<\/p>\n","protected":false},"excerpt":{"rendered":"<p>&lt;Enregistr\u00e9 le 04 Septembre 2014&gt; Mon P\u00e8re voulait toujours nous habiller en bleu&#8230; Il avait mis cette r\u00e8gle. On doit \u00eatre habill\u00e9 en bleu !Sans doute que c&rsquo;\u00e9tait des r\u00e8gles qu&rsquo;il avait apprises \u00e0 l&rsquo;\u00e9cole des palaces de Lausanne&#8230; &#8211; En Bleu marine ? &#8211; Pas sp\u00e9cialement en bleu marine, mais en bleu. C&rsquo;\u00e9tait le [&hellip;]<\/p>\n","protected":false},"author":1,"featured_media":0,"parent":0,"menu_order":0,"comment_status":"open","ping_status":"closed","template":"pages-chapitre-05","meta":{"footnotes":""},"class_list":["post-934","page","type-page","status-publish","hentry"],"jetpack_sharing_enabled":true,"_links":{"self":[{"href":"https:\/\/mercigracias.ch\/index.php?rest_route=\/wp\/v2\/pages\/934","targetHints":{"allow":["GET"]}}],"collection":[{"href":"https:\/\/mercigracias.ch\/index.php?rest_route=\/wp\/v2\/pages"}],"about":[{"href":"https:\/\/mercigracias.ch\/index.php?rest_route=\/wp\/v2\/types\/page"}],"author":[{"embeddable":true,"href":"https:\/\/mercigracias.ch\/index.php?rest_route=\/wp\/v2\/users\/1"}],"replies":[{"embeddable":true,"href":"https:\/\/mercigracias.ch\/index.php?rest_route=%2Fwp%2Fv2%2Fcomments&post=934"}],"version-history":[{"count":7,"href":"https:\/\/mercigracias.ch\/index.php?rest_route=\/wp\/v2\/pages\/934\/revisions"}],"predecessor-version":[{"id":4673,"href":"https:\/\/mercigracias.ch\/index.php?rest_route=\/wp\/v2\/pages\/934\/revisions\/4673"}],"wp:attachment":[{"href":"https:\/\/mercigracias.ch\/index.php?rest_route=%2Fwp%2Fv2%2Fmedia&parent=934"}],"curies":[{"name":"wp","href":"https:\/\/api.w.org\/{rel}","templated":true}]}}

<p class="wp-block-paragraph">&lt;Enregistré le 04 Septembre 2014&gt;</p>



<p class="wp-block-paragraph">Mon Père voulait toujours nous habiller en bleu&#8230; Il avait mis cette règle. On doit être habillé en bleu !<br>Sans doute que c&rsquo;était des règles qu&rsquo;il avait apprises à l&rsquo;école des palaces de Lausanne&#8230;</p>



<p class="wp-block-paragraph">&#8211; <em>En Bleu marine ?</em></p>



<p class="wp-block-paragraph">&#8211; Pas spécialement en bleu marine, mais en bleu. C&rsquo;était le bleu. <br>Il imposait le bleu&#8230; Alors moi je t&rsquo;ai revendiqué comme il faut à 11 ans&#8230;</p>



<p class="wp-block-paragraph">Ton bleu&#8230; Va te faire voir ! <br>Ça sera du rouge, et du rouge pétant, maintenant&#8230;</p>



<p class="wp-block-paragraph">&#8211; <em>C&rsquo;était pour ta confirmation ?</em><br>&#8211; Oui, alors là&#8230; Je lui ai montré que je voulais du rouge, hein !</p>



<p class="wp-block-paragraph">&#8211;<em> Il avait accepté ton Moi&#8230;</em></p>



<p class="wp-block-paragraph">&#8211; Ah ben oui&#8230; !<br>Parce que j&rsquo;ai continué à le provoquer, en rouge, du rouge&#8230; et à mes 20 ans quand il m&rsquo;a invitée pour aller voir l&rsquo;astrologue, j&rsquo;étais toute vêtue de rouge&#8230;</p>



<p class="wp-block-paragraph">Je me souviens que ce jour là, j&rsquo;avais même mis du vernis rouge&#8230;</p>



<p class="wp-block-paragraph">Mais dans le service, il voulait que les sommelières n&rsquo;aient pas de vernis ni de rouge à lèvre. Sobre&#8230; La sommelière, elle est au service, on ne se montre pas, et on ne doit pas la voir&#8230; Elle a les cheveux qui sont propres, bien coiffés, mais pas sur le visage. Aucun artifice !<br>Elle ne ressort pas. Elle est au service du client, elle n&rsquo;est pas l&rsquo;attraction du client&#8230;</p>



<p class="wp-block-paragraph">Et là, quand il m&rsquo;avait invitée pour mes 20 ans&#8230; J&rsquo;avais du vernis rouge, du rouge à lèvres, des habits rouges, en totale provocation&#8230;(Rire)</p>



<p class="wp-block-paragraph">&#8211; <em>C&rsquo;était la fin de l&rsquo;adolescence&#8230;</em></p>



<p class="wp-block-paragraph">&#8211; Oui, j&rsquo;avais besoin de dire : <br>&#8211; Tu ne pourras plus me faire quoi que ce soit. Besoin de poser mes marques et de lui dire :</p>



<ul class="wp-block-list">
<li>C&rsquo;est moi qui décide pour tout. Voilà. Vous allez voir ce que vous allez voir. (Rire)</li>
</ul>



<p class="wp-block-paragraph">C&rsquo;était la période où j&rsquo;avais fini mon apprentissage&#8230; Oui, j&rsquo;étais déjà partie à Bern !</p>



<p class="wp-block-paragraph">J&rsquo;avais déjà toute cette révolution en moi&#8230; J&rsquo;avais dit :</p>



<ul class="wp-block-list">
<li>Maintenant, ça suffit !</li>
</ul>



<p class="wp-block-paragraph">Mais il devait être fier de moi car je suivais ses pas sans le savoir&#8230; A faire les stations et les grands salons de coiffure.</p>



<p class="wp-block-paragraph">Du coup, plus tard, quand j&rsquo;étais à Gstaad et qu&rsquo;il était venu me voir, il m&rsquo;avait acheté une combinaison et des chaussures de ski rouge !</p>



<p class="wp-block-paragraph">J&rsquo;avais consolidé, et  il était en accord. Alors il a discuté avec le vendeur la combinaison, et les chaussures en rouge&#8230;</p>



<p class="wp-block-paragraph">Et je les ai toujours au galetas, depuis toutes ces années&#8230;</p>



<p class="wp-block-paragraph">C&rsquo;était un cadeau de mon Père !</p>



<p class="wp-block-paragraph">Merci Gracias</p>

<p>&lt;Enregistré le 04 Septembre 2014&gt; Mon Père voulait toujours nous habiller en bleu&#8230; Il avait mis cette règle. On doit être habillé en bleu !Sans doute que c&rsquo;était des règles qu&rsquo;il avait apprises à l&rsquo;école des palaces de Lausanne&#8230; &#8211; En Bleu marine ? &#8211; Pas spécialement en bleu marine, mais en bleu. C&rsquo;était le [&hellip;]</p>
