{"id":940,"date":"2026-01-20T17:38:44","date_gmt":"2026-01-20T17:38:44","guid":{"rendered":"https:\/\/mercigracias.ch\/?page_id=940"},"modified":"2026-07-12T16:54:13","modified_gmt":"2026-07-12T16:54:13","slug":"on-lappelait-la-fille","status":"publish","type":"page","link":"https:\/\/mercigracias.ch\/?page_id=940","title":{"rendered":"On l&rsquo;appelait \u00ab\u00a0La fille\u00a0\u00bb&#8230;"},"content":{"rendered":"\n<p class=\"wp-block-paragraph\">&lt;Enregistr\u00e9 le 16 Septembre 2016&gt;<\/p>\n\n\n\n<p class=\"wp-block-paragraph\">Le fr\u00e8re de ma m\u00e8re quand il a commenc\u00e9 l&rsquo;\u00e9cole, il a demand\u00e9 \u00e0 ma grand m\u00e8re&#8230; : <br>&#8211; Mais enfin Maman&#8230; la fille chez nous, elle n&rsquo;a pas de nom ?<br>Tout le monde l&rsquo;appelle la fille&#8230; Moi, je viens de commencer l&rsquo;\u00e9cole, et l\u00e0-bas toutes les filles, elles ont un nom&#8230; Mais la fille chez nous, elle s&rsquo;appelle comment ?<\/p>\n\n\n\n<p class=\"wp-block-paragraph\">Alors Grand-Maman lui a dit : <br>&#8211; Elle s&rsquo;appelle \u00ab\u00a0Aim\u00e9e\u00a0\u00bb !<br>&#8211; Alors pourquoi on ne l&rsquo;appelle pas \u00ab\u00a0Aim\u00e9e\u00a0\u00bb&#8230;?<\/p>\n\n\n\n<p class=\"wp-block-paragraph\">Alors depuis ce moment, elle a su son nom&#8230; Elle devait avoir 5 ans puisqu&rsquo;elle avait 2 ans de diff\u00e9rence avec son fr\u00e8re&#8230; Mais c&rsquo;\u00e9tait son fr\u00e8re qui avait mis les choses en place&#8230;<\/p>\n\n\n\n<p class=\"wp-block-paragraph\">Et de nouveau \u00e0 l&rsquo;h\u00e9ritage&#8230; lorsque les grands-parents sont d\u00e9c\u00e9d\u00e9s, il a dit :<br>&#8211; Oui mais la fille&#8230;!?<\/p>\n\n\n\n<p class=\"wp-block-paragraph\">Elle recevait moins que les deux gar\u00e7ons, qui devaient continuer \u00e0 \u00eatre agriculteurs&#8230; Alors son fr\u00e8re a dit :<br>&#8211; Non, mais la fille, elle a fait comme nous, elle a fait autant que nous&#8230; Elle a le droit d&rsquo;avoir autant que nous, il n&rsquo;y a pas de raisons qu&rsquo;on lui donne moins&#8230;!<\/p>\n\n\n\n<p class=\"wp-block-paragraph\"><em>&#8211; Lui, il avait reconnu l&rsquo;\u00e9galit\u00e9..<\/em>.<\/p>\n\n\n\n<p class=\"wp-block-paragraph\">&#8211; Oui, il a voulu qu&rsquo;il y ait l&rsquo;\u00e9galit\u00e9, il aurait pu profiter de l&rsquo;occasion&#8230;<\/p>\n\n\n\n<p class=\"wp-block-paragraph\">&#8211; <em>Finalement dans les institutions familiales, les filles n&rsquo;avaient pas vraiment de place \u00e0 cette \u00e9poque&#8230;<\/em><\/p>\n\n\n\n<p class=\"wp-block-paragraph\">&#8211; Non &#8230;<br>Mais Maman, elle est rest\u00e9e au m\u00eame statut, o\u00f9 elles disaient : <br>&#8211; Oui, les filles ont moins de place&#8230;<\/p>\n\n\n\n<p class=\"wp-block-paragraph\">&#8211; <em>C&rsquo;est comme si elles devaient porter le voile, tu disais&#8230; <\/em><\/p>\n\n\n\n<p class=\"wp-block-paragraph\">Elles veulent le porter&#8230; Comme quoi le poids des traditions est bien ancr\u00e9&#8230; Mais son fr\u00e8re, il s&rsquo;est bien d\u00e9brouill\u00e9, il n&rsquo;avait pas besoin d&rsquo;en profiter ni d&rsquo;abuser sa s\u0153ur&#8230;<br>Tu as vu comment il a mont\u00e9 sa ferme ? Il n&rsquo;y en a pas beaucoup qui ont fait comme lui&#8230;!<\/p>\n\n\n\n<p class=\"wp-block-paragraph\">Parce que du c\u00f4t\u00e9 de mon ex-mari, le grand p\u00e8re vigneron, il n&rsquo;avait que trois enfants, mais le fr\u00e8re de ma m\u00e8re, ils ont eu sept enfants&#8230; et quand tu as une maison, il faut y aller !<\/p>\n\n\n\n<p class=\"wp-block-paragraph\"><\/p>\n","protected":false},"excerpt":{"rendered":"<p>&lt;Enregistr\u00e9 le 16 Septembre 2016&gt; Le fr\u00e8re de ma m\u00e8re quand il a commenc\u00e9 l&rsquo;\u00e9cole, il a demand\u00e9 \u00e0 ma grand m\u00e8re&#8230; : &#8211; Mais enfin Maman&#8230; la fille chez nous, elle n&rsquo;a pas de nom ?Tout le monde l&rsquo;appelle la fille&#8230; Moi, je viens de commencer l&rsquo;\u00e9cole, et l\u00e0-bas toutes les filles, elles ont [&hellip;]<\/p>\n","protected":false},"author":1,"featured_media":0,"parent":0,"menu_order":0,"comment_status":"open","ping_status":"closed","template":"pages-chapitre-05","meta":{"footnotes":""},"class_list":["post-940","page","type-page","status-publish","hentry"],"jetpack_sharing_enabled":true,"_links":{"self":[{"href":"https:\/\/mercigracias.ch\/index.php?rest_route=\/wp\/v2\/pages\/940","targetHints":{"allow":["GET"]}}],"collection":[{"href":"https:\/\/mercigracias.ch\/index.php?rest_route=\/wp\/v2\/pages"}],"about":[{"href":"https:\/\/mercigracias.ch\/index.php?rest_route=\/wp\/v2\/types\/page"}],"author":[{"embeddable":true,"href":"https:\/\/mercigracias.ch\/index.php?rest_route=\/wp\/v2\/users\/1"}],"replies":[{"embeddable":true,"href":"https:\/\/mercigracias.ch\/index.php?rest_route=%2Fwp%2Fv2%2Fcomments&post=940"}],"version-history":[{"count":9,"href":"https:\/\/mercigracias.ch\/index.php?rest_route=\/wp\/v2\/pages\/940\/revisions"}],"predecessor-version":[{"id":5529,"href":"https:\/\/mercigracias.ch\/index.php?rest_route=\/wp\/v2\/pages\/940\/revisions\/5529"}],"wp:attachment":[{"href":"https:\/\/mercigracias.ch\/index.php?rest_route=%2Fwp%2Fv2%2Fmedia&parent=940"}],"curies":[{"name":"wp","href":"https:\/\/api.w.org\/{rel}","templated":true}]}}

<p class="wp-block-paragraph">&lt;Enregistré le 16 Septembre 2016&gt;</p>



<p class="wp-block-paragraph">Le frère de ma mère quand il a commencé l&rsquo;école, il a demandé à ma grand mère&#8230; : <br>&#8211; Mais enfin Maman&#8230; la fille chez nous, elle n&rsquo;a pas de nom ?<br>Tout le monde l&rsquo;appelle la fille&#8230; Moi, je viens de commencer l&rsquo;école, et là-bas toutes les filles, elles ont un nom&#8230; Mais la fille chez nous, elle s&rsquo;appelle comment ?</p>



<p class="wp-block-paragraph">Alors Grand-Maman lui a dit : <br>&#8211; Elle s&rsquo;appelle « Aimée » !<br>&#8211; Alors pourquoi on ne l&rsquo;appelle pas « Aimée »&#8230;?</p>



<p class="wp-block-paragraph">Alors depuis ce moment, elle a su son nom&#8230; Elle devait avoir 5 ans puisqu&rsquo;elle avait 2 ans de différence avec son frère&#8230; Mais c&rsquo;était son frère qui avait mis les choses en place&#8230;</p>



<p class="wp-block-paragraph">Et de nouveau à l&rsquo;héritage&#8230; lorsque les grands-parents sont décédés, il a dit :<br>&#8211; Oui mais la fille&#8230;!?</p>



<p class="wp-block-paragraph">Elle recevait moins que les deux garçons, qui devaient continuer à être agriculteurs&#8230; Alors son frère a dit :<br>&#8211; Non, mais la fille, elle a fait comme nous, elle a fait autant que nous&#8230; Elle a le droit d&rsquo;avoir autant que nous, il n&rsquo;y a pas de raisons qu&rsquo;on lui donne moins&#8230;!</p>



<p class="wp-block-paragraph"><em>&#8211; Lui, il avait reconnu l&rsquo;égalité..</em>.</p>



<p class="wp-block-paragraph">&#8211; Oui, il a voulu qu&rsquo;il y ait l&rsquo;égalité, il aurait pu profiter de l&rsquo;occasion&#8230;</p>



<p class="wp-block-paragraph">&#8211; <em>Finalement dans les institutions familiales, les filles n&rsquo;avaient pas vraiment de place à cette époque&#8230;</em></p>



<p class="wp-block-paragraph">&#8211; Non &#8230;<br>Mais Maman, elle est restée au même statut, où elles disaient : <br>&#8211; Oui, les filles ont moins de place&#8230;</p>



<p class="wp-block-paragraph">&#8211; <em>C&rsquo;est comme si elles devaient porter le voile, tu disais&#8230; </em></p>



<p class="wp-block-paragraph">Elles veulent le porter&#8230; Comme quoi le poids des traditions est bien ancré&#8230; Mais son frère, il s&rsquo;est bien débrouillé, il n&rsquo;avait pas besoin d&rsquo;en profiter ni d&rsquo;abuser sa sœur&#8230;<br>Tu as vu comment il a monté sa ferme ? Il n&rsquo;y en a pas beaucoup qui ont fait comme lui&#8230;!</p>



<p class="wp-block-paragraph">Parce que du côté de mon ex-mari, le grand père vigneron, il n&rsquo;avait que trois enfants, mais le frère de ma mère, ils ont eu sept enfants&#8230; et quand tu as une maison, il faut y aller !</p>



<p class="wp-block-paragraph"></p>

<p>&lt;Enregistré le 16 Septembre 2016&gt; Le frère de ma mère quand il a commencé l&rsquo;école, il a demandé à ma grand mère&#8230; : &#8211; Mais enfin Maman&#8230; la fille chez nous, elle n&rsquo;a pas de nom ?Tout le monde l&rsquo;appelle la fille&#8230; Moi, je viens de commencer l&rsquo;école, et là-bas toutes les filles, elles ont [&hellip;]</p>
