{"id":983,"date":"2026-01-24T12:26:30","date_gmt":"2026-01-24T12:26:30","guid":{"rendered":"https:\/\/mercigracias.ch\/?page_id=983"},"modified":"2026-07-12T16:32:09","modified_gmt":"2026-07-12T16:32:09","slug":"le-fibrome","status":"publish","type":"page","link":"https:\/\/mercigracias.ch\/?page_id=983","title":{"rendered":"Le fibrome&#8230;"},"content":{"rendered":"\n<p class=\"wp-block-paragraph\">&lt;Enregistr\u00e9 les 08 Novembre 2014, 13 Septembre 2016&gt;<\/p>\n\n\n\n<p class=\"wp-block-paragraph\">J&rsquo;avais 11 ans quand j&rsquo;ai appris que Maman avait un fibrome. <br>Je ne savais pas ce que c&rsquo;\u00e9tait, mais elle devait aller \u00e0 l&rsquo;h\u00f4pital&#8230;<\/p>\n\n\n\n<p class=\"wp-block-paragraph\">Et puis juste avant de se faire op\u00e9rer, elle me dit : <br>&#8211; On ira acheter tes pantalons&#8230;<br>Alors je me suis dit, elle veut m&rsquo;acheter des pantalons ?<\/p>\n\n\n\n<p class=\"wp-block-paragraph\">Alors j&rsquo;ai pens\u00e9 qu&rsquo;elle devait trouver \u00e7a tr\u00e8s, tr\u00e8s grave&#8230; <br><br>Tout le monde, toutes les filles de l&rsquo;\u00e9cole, \u00e0 part les enfants de l&rsquo;orphelinat, avaient des pantalons&#8230; et moi j&rsquo;\u00e9tais toujours en robe. On avait d\u00e9j\u00e0 fait tomber le tablier, mais j&rsquo;\u00e9tais toujours en robe&#8230; J&rsquo;aurais bien voulu des pantalons comme les filles de ma classe&#8230; mais m&rsquo;acheter des pantalons ce n&rsquo;\u00e9tait pas possible.<\/p>\n\n\n\n<p class=\"wp-block-paragraph\">Ben voil\u00e0&#8230; Ce sont ses derni\u00e8res volont\u00e9s, que je me suis dit&#8230;<\/p>\n\n\n\n<p class=\"wp-block-paragraph\">GM (Grand-Maman) : <br>&#8211; &#8230;Je ne m&rsquo;en souviens plus de \u00e7a&#8230;(Avec sa petite voix qui \u00e9coutait)<\/p>\n\n\n\n<p class=\"wp-block-paragraph\">&#8211; Oui, C&rsquo;\u00e9tait des pantalons beiges c\u00f4tel\u00e9s&#8230;<br>Je me souviens d&rsquo;avoir \u00e9t\u00e9 \u00e0 la ville pour aller acheter des pantalons pour mon P\u00e8re, ou un complet&#8230; Nous allions toujours dans le m\u00eame magasin&#8230; Je crois bien qu&rsquo;il s&rsquo;appelait Angeloz Mode&#8230;<\/p>\n\n\n\n<p class=\"wp-block-paragraph\">En tout cas, c&rsquo;\u00e9tait un magasin tr\u00e8s classe. Nous allions acheter des pantalons pour aller \u00e0 la ville&#8230;<\/p>\n\n\n\n<p class=\"wp-block-paragraph\">En tout cas ce jour l\u00e0, j&rsquo;\u00e9tais avec mes parents&#8230; Il y avait ma s\u0153ur et mon fr\u00e8re aussi&#8230; A chaque fois qu&rsquo;on partait pour faire un achat, Maman disait : <br>&#8211; On va \u00e0 la ville, pour faire un achat, au magasin&#8230;<\/p>\n\n\n\n<p class=\"wp-block-paragraph\">Alors il fallait mettre la robe du dimanche pour aller \u00e0 Fribourg&#8230; <br>et on partait avec la voiture, on allait \u00e0 la ville&#8230;(Rire)<\/p>\n\n\n\n<p class=\"wp-block-paragraph\">On mettait l&rsquo;habit du dimanche&#8230; C&rsquo;\u00e9tait quelque chose !<br>J&rsquo;aimais bien de temps en temps, quand on allait \u00e0 la ville&#8230; <br>On \u00e9tait tous contents d&rsquo;aller \u00e0 la ville&#8230;Tu mettais ta robe du dimanche, tes chaussettes du dimanche, et puis tu utilisais la voiture !<\/p>\n\n\n\n<p class=\"wp-block-paragraph\">Voil\u00e0&#8230; C&rsquo;\u00e9tait toute une exp\u00e9dition, c&rsquo;\u00e9tait les ann\u00e9es 60&#8230; <br>Parce que la voiture, on ne l&rsquo;utilisait pas souvent quand m\u00eame&#8230; <br>Aller \u00e0 la ville, c&rsquo;\u00e9tait pour aller acheter soit pour mon P\u00e8re, soit pour ma m\u00e8re, ou pour ma s\u0153ur, mais pour moi&#8230; <\/p>\n\n\n\n<p class=\"wp-block-paragraph\">Il a fallu attendre mes 13 ans pour avoir mon premier truc, quand je me suis dit :<br>&#8211; Je vais aller acheter un pantalon&#8230; Je travaille, je vais payer moi-m\u00eame mes pantalons !<br><br>Mais l\u00e0, j&rsquo;avais eu droit \u00e0 des pantalons parce que Maman partait \u00e0 l&rsquo;h\u00f4pital&#8230;<\/p>\n\n\n\n<p class=\"wp-block-paragraph\">J&rsquo;avais 11 ans&#8230; Elle m&rsquo;avait bien dit :<br>&#8211; Avant de partir \u00e0 l&rsquo;h\u00f4pital, on ira t&rsquo;acheter des pantalons&#8230;<\/p>\n\n\n\n<p class=\"wp-block-paragraph\">Alors pour moi c&rsquo;\u00e9tait clair&#8230; Elle allait mourir, si elle voulais m&rsquo;acheter des pantalons, t&rsquo;imagines&#8230;? <br>Parce que toutes les filles \u00e0 l&rsquo;\u00e9cole, elles portaient d\u00e9j\u00e0 toutes des pantalons&#8230; \u00c7a faisait d\u00e9j\u00e0 un moment qu&rsquo;elles ne portaient plus de tabliers, ni de robes&#8230;<\/p>\n\n\n\n<p class=\"wp-block-paragraph\">Je devais avoir 11 \u2013 12 ans, j&rsquo;avais eu le droit d&rsquo;avoir des pantalons, parce qu&rsquo;elle partait \u00e0 l&rsquo;h\u00f4pital&#8230; Pour moi, je m&rsquo;\u00e9tais dit : <br>&#8211; C&rsquo;est le signe qu&rsquo;elle va mourir&#8230; C&rsquo;est s\u00fbr, si elle veut m&rsquo;acheter \u00e7a&#8230; tu penses bien !<\/p>\n","protected":false},"excerpt":{"rendered":"<p>&lt;Enregistr\u00e9 les 08 Novembre 2014, 13 Septembre 2016&gt; J&rsquo;avais 11 ans quand j&rsquo;ai appris que Maman avait un fibrome. Je ne savais pas ce que c&rsquo;\u00e9tait, mais elle devait aller \u00e0 l&rsquo;h\u00f4pital&#8230; Et puis juste avant de se faire op\u00e9rer, elle me dit : &#8211; On ira acheter tes pantalons&#8230;Alors je me suis dit, elle [&hellip;]<\/p>\n","protected":false},"author":1,"featured_media":0,"parent":0,"menu_order":0,"comment_status":"open","ping_status":"closed","template":"pages-chapitre-05","meta":{"footnotes":""},"class_list":["post-983","page","type-page","status-publish","hentry"],"jetpack_sharing_enabled":true,"_links":{"self":[{"href":"https:\/\/mercigracias.ch\/index.php?rest_route=\/wp\/v2\/pages\/983","targetHints":{"allow":["GET"]}}],"collection":[{"href":"https:\/\/mercigracias.ch\/index.php?rest_route=\/wp\/v2\/pages"}],"about":[{"href":"https:\/\/mercigracias.ch\/index.php?rest_route=\/wp\/v2\/types\/page"}],"author":[{"embeddable":true,"href":"https:\/\/mercigracias.ch\/index.php?rest_route=\/wp\/v2\/users\/1"}],"replies":[{"embeddable":true,"href":"https:\/\/mercigracias.ch\/index.php?rest_route=%2Fwp%2Fv2%2Fcomments&post=983"}],"version-history":[{"count":10,"href":"https:\/\/mercigracias.ch\/index.php?rest_route=\/wp\/v2\/pages\/983\/revisions"}],"predecessor-version":[{"id":5512,"href":"https:\/\/mercigracias.ch\/index.php?rest_route=\/wp\/v2\/pages\/983\/revisions\/5512"}],"wp:attachment":[{"href":"https:\/\/mercigracias.ch\/index.php?rest_route=%2Fwp%2Fv2%2Fmedia&parent=983"}],"curies":[{"name":"wp","href":"https:\/\/api.w.org\/{rel}","templated":true}]}}

<p class="wp-block-paragraph">&lt;Enregistré les 08 Novembre 2014, 13 Septembre 2016&gt;</p>



<p class="wp-block-paragraph">J&rsquo;avais 11 ans quand j&rsquo;ai appris que Maman avait un fibrome. <br>Je ne savais pas ce que c&rsquo;était, mais elle devait aller à l&rsquo;hôpital&#8230;</p>



<p class="wp-block-paragraph">Et puis juste avant de se faire opérer, elle me dit : <br>&#8211; On ira acheter tes pantalons&#8230;<br>Alors je me suis dit, elle veut m&rsquo;acheter des pantalons ?</p>



<p class="wp-block-paragraph">Alors j&rsquo;ai pensé qu&rsquo;elle devait trouver ça très, très grave&#8230; <br><br>Tout le monde, toutes les filles de l&rsquo;école, à part les enfants de l&rsquo;orphelinat, avaient des pantalons&#8230; et moi j&rsquo;étais toujours en robe. On avait déjà fait tomber le tablier, mais j&rsquo;étais toujours en robe&#8230; J&rsquo;aurais bien voulu des pantalons comme les filles de ma classe&#8230; mais m&rsquo;acheter des pantalons ce n&rsquo;était pas possible.</p>



<p class="wp-block-paragraph">Ben voilà&#8230; Ce sont ses dernières volontés, que je me suis dit&#8230;</p>



<p class="wp-block-paragraph">GM (Grand-Maman) : <br>&#8211; &#8230;Je ne m&rsquo;en souviens plus de ça&#8230;(Avec sa petite voix qui écoutait)</p>



<p class="wp-block-paragraph">&#8211; Oui, C&rsquo;était des pantalons beiges côtelés&#8230;<br>Je me souviens d&rsquo;avoir été à la ville pour aller acheter des pantalons pour mon Père, ou un complet&#8230; Nous allions toujours dans le même magasin&#8230; Je crois bien qu&rsquo;il s&rsquo;appelait Angeloz Mode&#8230;</p>



<p class="wp-block-paragraph">En tout cas, c&rsquo;était un magasin très classe. Nous allions acheter des pantalons pour aller à la ville&#8230;</p>



<p class="wp-block-paragraph">En tout cas ce jour là, j&rsquo;étais avec mes parents&#8230; Il y avait ma sœur et mon frère aussi&#8230; A chaque fois qu&rsquo;on partait pour faire un achat, Maman disait : <br>&#8211; On va à la ville, pour faire un achat, au magasin&#8230;</p>



<p class="wp-block-paragraph">Alors il fallait mettre la robe du dimanche pour aller à Fribourg&#8230; <br>et on partait avec la voiture, on allait à la ville&#8230;(Rire)</p>



<p class="wp-block-paragraph">On mettait l&rsquo;habit du dimanche&#8230; C&rsquo;était quelque chose !<br>J&rsquo;aimais bien de temps en temps, quand on allait à la ville&#8230; <br>On était tous contents d&rsquo;aller à la ville&#8230;Tu mettais ta robe du dimanche, tes chaussettes du dimanche, et puis tu utilisais la voiture !</p>



<p class="wp-block-paragraph">Voilà&#8230; C&rsquo;était toute une expédition, c&rsquo;était les années 60&#8230; <br>Parce que la voiture, on ne l&rsquo;utilisait pas souvent quand même&#8230; <br>Aller à la ville, c&rsquo;était pour aller acheter soit pour mon Père, soit pour ma mère, ou pour ma sœur, mais pour moi&#8230; </p>



<p class="wp-block-paragraph">Il a fallu attendre mes 13 ans pour avoir mon premier truc, quand je me suis dit :<br>&#8211; Je vais aller acheter un pantalon&#8230; Je travaille, je vais payer moi-même mes pantalons !<br><br>Mais là, j&rsquo;avais eu droit à des pantalons parce que Maman partait à l&rsquo;hôpital&#8230;</p>



<p class="wp-block-paragraph">J&rsquo;avais 11 ans&#8230; Elle m&rsquo;avait bien dit :<br>&#8211; Avant de partir à l&rsquo;hôpital, on ira t&rsquo;acheter des pantalons&#8230;</p>



<p class="wp-block-paragraph">Alors pour moi c&rsquo;était clair&#8230; Elle allait mourir, si elle voulais m&rsquo;acheter des pantalons, t&rsquo;imagines&#8230;? <br>Parce que toutes les filles à l&rsquo;école, elles portaient déjà toutes des pantalons&#8230; Ça faisait déjà un moment qu&rsquo;elles ne portaient plus de tabliers, ni de robes&#8230;</p>



<p class="wp-block-paragraph">Je devais avoir 11 – 12 ans, j&rsquo;avais eu le droit d&rsquo;avoir des pantalons, parce qu&rsquo;elle partait à l&rsquo;hôpital&#8230; Pour moi, je m&rsquo;étais dit : <br>&#8211; C&rsquo;est le signe qu&rsquo;elle va mourir&#8230; C&rsquo;est sûr, si elle veut m&rsquo;acheter ça&#8230; tu penses bien !</p>

<p>&lt;Enregistré les 08 Novembre 2014, 13 Septembre 2016&gt; J&rsquo;avais 11 ans quand j&rsquo;ai appris que Maman avait un fibrome. Je ne savais pas ce que c&rsquo;était, mais elle devait aller à l&rsquo;hôpital&#8230; Et puis juste avant de se faire opérer, elle me dit : &#8211; On ira acheter tes pantalons&#8230;Alors je me suis dit, elle [&hellip;]</p>
